{"id":1154,"date":"2019-03-10T17:25:00","date_gmt":"2019-03-10T16:25:00","guid":{"rendered":"http:\/\/feuerwehr-espenau.de\/?post_type=einsatz&#038;p=1154"},"modified":"2019-03-11T12:08:48","modified_gmt":"2019-03-11T11:08:48","slug":"baum-auf-fahrbahn-6","status":"publish","type":"einsatz","link":"https:\/\/feuerwehr-espenau.de\/index.php\/einsatzberichte\/baum-auf-fahrbahn-6\/","title":{"rendered":"Baum auf Fahrbahn"},"content":{"rendered":"<p>\n        <strong>Datum:<\/strong> 10.03.2019<br \/>\n        <strong>Einsatznummer:<\/strong> 08-2019<br \/>\n\t<strong>Alarmzeit:<\/strong> 17:25 Uhr<br \/>\n\t<strong>Alarmierungsart:<\/strong> Telefonisch\/Fax<br \/>\n\t<strong>Art: <\/strong><span style=\"color: #1e73be\">Technische Hilfeleistung<\/span><br \/>\n\t<strong>Einsatzort:<\/strong> Espenau-Auf der Heide<\/p>\n<p>\t<strong>Fahrzeuge:<\/strong> <a href=\"https:\/\/feuerwehr-espenau.de\/index.php\/ueber-uns\/fahrzeuge\/hilfeleistungsloeschgruppenfahrzeug\/\" title=\"Mehr Informationen zu Hilfeleistungsl\u00f6schgruppenfahrzeug 20\/16\">Hilfeleistungsl\u00f6schgruppenfahrzeug 20\/16<\/a><\/p>\n<p>\t<strong>Weitere Kr\u00e4fte:<\/strong>\n<\/p>\n<hr>\n<h2>Einsatzbericht:<\/h2>\n<p>Im Verlauf des heutigen Nachmittags\/Abends fegte das Sturmtief Eberhard \u00fcber unsere Region. Auch wir blieben davon nicht verschont und hatten in der Zeit 9 Einsatzstellen abzuarbeiten.<\/p>\n<p>Der erste Alarm f\u00fcr uns, ging gegen 16:30 Uhr ein. Gemeldet wurde ein Kleineinsatz mit dem Einsatzstichwort H1. <span class=\"text_exposed_show\"><br \/>\nWie zu erwarten sollte ein Baum umgekippt sein und die Stra\u00dfe versperren.<br \/>\nDiese Art des Einsatzes galt f\u00fcr fast alle folgenden.<br \/>\nSo kam ein Alarmfax nach dem n\u00e4chsten rein, welches uns die \u00d6rtlichkeit und ggf. Zusatzinfos \u00fcber den bevorstehenden Einsatz mitteilte. Von unserer Zentrale aus sind die Fahrzeuge dann dementsprechend koordiniert worden.<br \/>\nErfolgreich wurden alle Eins\u00e4tze von unserer Mannschaft abgearbeitet, sodass gegen 20:30 Uhr der letzte Einsatz f\u00fcr beendet erkl\u00e4rt werden konnte und wir unsere Einsatzbereitschaft aufheben durften.<\/span><br \/><\/p>\n","protected":false},"author":2,"featured_media":0,"template":"","meta":{"einsatz_weight":1,"footnotes":""},"categories":[],"einsatzart":[25],"fahrzeug":[16],"exteinsatzmittel":[],"alarmierungsart":[27],"evw_unit":[],"class_list":["post-1154","einsatz","type-einsatz","status-publish","hentry","einsatzart-technische-hilfeleistung","fahrzeug-hlf","alarmierungsart-telefonisch-fax"],"_links":{"self":[{"href":"https:\/\/feuerwehr-espenau.de\/index.php\/wp-json\/wp\/v2\/einsatz\/1154","targetHints":{"allow":["GET"]}}],"collection":[{"href":"https:\/\/feuerwehr-espenau.de\/index.php\/wp-json\/wp\/v2\/einsatz"}],"about":[{"href":"https:\/\/feuerwehr-espenau.de\/index.php\/wp-json\/wp\/v2\/types\/einsatz"}],"author":[{"embeddable":true,"href":"https:\/\/feuerwehr-espenau.de\/index.php\/wp-json\/wp\/v2\/users\/2"}],"version-history":[{"count":3,"href":"https:\/\/feuerwehr-espenau.de\/index.php\/wp-json\/wp\/v2\/einsatz\/1154\/revisions"}],"predecessor-version":[{"id":1180,"href":"https:\/\/feuerwehr-espenau.de\/index.php\/wp-json\/wp\/v2\/einsatz\/1154\/revisions\/1180"}],"wp:attachment":[{"href":"https:\/\/feuerwehr-espenau.de\/index.php\/wp-json\/wp\/v2\/media?parent=1154"}],"wp:term":[{"taxonomy":"category","embeddable":true,"href":"https:\/\/feuerwehr-espenau.de\/index.php\/wp-json\/wp\/v2\/categories?post=1154"},{"taxonomy":"einsatzart","embeddable":true,"href":"https:\/\/feuerwehr-espenau.de\/index.php\/wp-json\/wp\/v2\/einsatzart?post=1154"},{"taxonomy":"fahrzeug","embeddable":true,"href":"https:\/\/feuerwehr-espenau.de\/index.php\/wp-json\/wp\/v2\/fahrzeug?post=1154"},{"taxonomy":"exteinsatzmittel","embeddable":true,"href":"https:\/\/feuerwehr-espenau.de\/index.php\/wp-json\/wp\/v2\/exteinsatzmittel?post=1154"},{"taxonomy":"alarmierungsart","embeddable":true,"href":"https:\/\/feuerwehr-espenau.de\/index.php\/wp-json\/wp\/v2\/alarmierungsart?post=1154"},{"taxonomy":"evw_unit","embeddable":true,"href":"https:\/\/feuerwehr-espenau.de\/index.php\/wp-json\/wp\/v2\/evw_unit?post=1154"}],"curies":[{"name":"wp","href":"https:\/\/api.w.org\/{rel}","templated":true}]}}

<p>
        <strong>Datum:</strong> 10.03.2019<br />
        <strong>Einsatznummer:</strong> 08-2019<br />
	<strong>Alarmzeit:</strong> 17:25 Uhr<br />
	<strong>Alarmierungsart:</strong> Telefonisch/Fax<br />
	<strong>Art: </strong><span style="color: #1e73be">Technische Hilfeleistung</span><br />
	<strong>Einsatzort:</strong> Espenau-Auf der Heide</p>
<p>	<strong>Fahrzeuge:</strong> <a href="https://feuerwehr-espenau.de/index.php/ueber-uns/fahrzeuge/hilfeleistungsloeschgruppenfahrzeug/" title="Mehr Informationen zu Hilfeleistungslöschgruppenfahrzeug 20/16">Hilfeleistungslöschgruppenfahrzeug 20/16</a></p>
<p>	<strong>Weitere Kräfte:</strong>
</p>
<hr>
<h2>Einsatzbericht:</h2>
<p>Im Verlauf des heutigen Nachmittags/Abends fegte das Sturmtief Eberhard über unsere Region. Auch wir blieben davon nicht verschont und hatten in der Zeit 9 Einsatzstellen abzuarbeiten.</p>
<p>Der erste Alarm für uns, ging gegen 16:30 Uhr ein. Gemeldet wurde ein Kleineinsatz mit dem Einsatzstichwort H1. <span class="text_exposed_show"><br />
Wie zu erwarten sollte ein Baum umgekippt sein und die Straße versperren.<br />
Diese Art des Einsatzes galt für fast alle folgenden.<br />
So kam ein Alarmfax nach dem nächsten rein, welches uns die Örtlichkeit und ggf. Zusatzinfos über den bevorstehenden Einsatz mitteilte. Von unserer Zentrale aus sind die Fahrzeuge dann dementsprechend koordiniert worden.<br />
Erfolgreich wurden alle Einsätze von unserer Mannschaft abgearbeitet, sodass gegen 20:30 Uhr der letzte Einsatz für beendet erklärt werden konnte und wir unsere Einsatzbereitschaft aufheben durften.</span><br /></p>
