{"id":1230,"date":"2019-05-09T17:38:00","date_gmt":"2019-05-09T15:38:00","guid":{"rendered":"http:\/\/feuerwehr-espenau.de\/?post_type=einsatz&#038;p=1230"},"modified":"2019-05-10T12:11:29","modified_gmt":"2019-05-10T10:11:29","slug":"verkehrsunfall-4","status":"publish","type":"einsatz","link":"https:\/\/feuerwehr-espenau.de\/index.php\/einsatzberichte\/verkehrsunfall-4\/","title":{"rendered":"Verkehrsunfall"},"content":{"rendered":"<p>\n        <strong>Datum:<\/strong> 09.05.2019<br \/>\n        <strong>Einsatznummer:<\/strong> 21-2019<br \/>\n\t<strong>Alarmzeit:<\/strong> 17:38 Uhr<br \/>\n\t<strong>Alarmierungsart:<\/strong> Pager<br \/>\n\t<strong>Art: <\/strong><span style=\"color: #1e73be\">Technische Hilfeleistung<\/span><br \/>\n\t<strong>Einsatzort:<\/strong> Espenau-B83 Richtung Hofgeismar<\/p>\n<p>\t<strong>Fahrzeuge:<\/strong> <a href=\"https:\/\/feuerwehr-espenau.de\/index.php\/ueber-uns\/fahrzeuge\/einsatzleitwagen\/\" title=\"Mehr Informationen zu Einsatzleitwagen\">Einsatzleitwagen<\/a>, <a href=\"https:\/\/feuerwehr-espenau.de\/index.php\/ueber-uns\/fahrzeuge\/hilfeleistungsloeschgruppenfahrzeug\/\" title=\"Mehr Informationen zu Hilfeleistungsl\u00f6schgruppenfahrzeug 20\/16\">Hilfeleistungsl\u00f6schgruppenfahrzeug 20\/16<\/a>, <a href=\"https:\/\/feuerwehr-espenau.de\/index.php\/ueber-uns\/fahrzeuge\/geraetewagen-logistik-1\/\" title=\"Mehr Informationen zu Ger\u00e4tewagen Logistik 1\">Ger\u00e4tewagen Logistik 1<\/a><\/p>\n<p>\t<strong>Weitere Kr\u00e4fte:<\/strong> <a href=\"https:\/\/ppnh.polizei.hessen.de\/Startseite\/\" title=\"Mehr Informationen zu Polizei\" target=\"_blank\">Polizei<\/a>, <a href=\"https:\/\/www.kassel.de\/einrichtungen\/feuerwehr\/rubrik2-1\/index.php\" title=\"Mehr Informationen zu Rettungsdienst\" target=\"_blank\">Rettungsdienst<\/a>\n<\/p>\n<hr>\n<h2>Einsatzbericht:<\/h2>\n<p>Mit dem Einsatzstichwort \u201eH1Y Verkehrsunfall mit Personenschaden\u201c ging es f\u00fcr uns am sp\u00e4ten Nachmittag auf die B83 Richtung Hofgeismar.<br \/>\nBei einem missgl\u00fcckten \u00dcberholman\u00f6ver kam es zu einem Zusammensto\u00df zweier Fahrzeuge.<br \/>\nVerletzt wurde dabei zum Gl\u00fcck niemand. Um die Unfallstelle zu r\u00e4umen und auslaufende Betriebsstoffe aufzunehmen war die B83 vor\u00fcbergehend voll gesperrt. Mit uns im Einsatz war der ASB Regionalverband Kassel-Nordhessen, DRK-Rettungsdienst Kassel sowie die Polizei.<\/p>\n<p>Link zum Artikel der HNA: <a href=\"https:\/\/www.hna.de\/lokales\/hofgeismar\/grebenstein-ort78316\/b83-bei-espenau-war-nach-unfall-gesperrt-12268330.html\">https:\/\/www.hna.de\/lokales\/hofgeismar\/grebenstein-ort78316\/b83-bei-espenau-war-nach-unfall-gesperrt-12268330.html<\/a><br \/><\/p>\n","protected":false},"author":2,"featured_media":0,"template":"","meta":{"einsatz_weight":1,"footnotes":""},"categories":[],"einsatzart":[25],"fahrzeug":[8,15,16],"exteinsatzmittel":[21,22],"alarmierungsart":[38],"evw_unit":[],"class_list":["post-1230","einsatz","type-einsatz","status-publish","hentry","einsatzart-technische-hilfeleistung","fahrzeug-elw","fahrzeug-gw-l","fahrzeug-hlf","exteinsatzmittel-polizei","exteinsatzmittel-rettungsdienst","alarmierungsart-pager"],"_links":{"self":[{"href":"https:\/\/feuerwehr-espenau.de\/index.php\/wp-json\/wp\/v2\/einsatz\/1230","targetHints":{"allow":["GET"]}}],"collection":[{"href":"https:\/\/feuerwehr-espenau.de\/index.php\/wp-json\/wp\/v2\/einsatz"}],"about":[{"href":"https:\/\/feuerwehr-espenau.de\/index.php\/wp-json\/wp\/v2\/types\/einsatz"}],"author":[{"embeddable":true,"href":"https:\/\/feuerwehr-espenau.de\/index.php\/wp-json\/wp\/v2\/users\/2"}],"version-history":[{"count":3,"href":"https:\/\/feuerwehr-espenau.de\/index.php\/wp-json\/wp\/v2\/einsatz\/1230\/revisions"}],"predecessor-version":[{"id":1234,"href":"https:\/\/feuerwehr-espenau.de\/index.php\/wp-json\/wp\/v2\/einsatz\/1230\/revisions\/1234"}],"wp:attachment":[{"href":"https:\/\/feuerwehr-espenau.de\/index.php\/wp-json\/wp\/v2\/media?parent=1230"}],"wp:term":[{"taxonomy":"category","embeddable":true,"href":"https:\/\/feuerwehr-espenau.de\/index.php\/wp-json\/wp\/v2\/categories?post=1230"},{"taxonomy":"einsatzart","embeddable":true,"href":"https:\/\/feuerwehr-espenau.de\/index.php\/wp-json\/wp\/v2\/einsatzart?post=1230"},{"taxonomy":"fahrzeug","embeddable":true,"href":"https:\/\/feuerwehr-espenau.de\/index.php\/wp-json\/wp\/v2\/fahrzeug?post=1230"},{"taxonomy":"exteinsatzmittel","embeddable":true,"href":"https:\/\/feuerwehr-espenau.de\/index.php\/wp-json\/wp\/v2\/exteinsatzmittel?post=1230"},{"taxonomy":"alarmierungsart","embeddable":true,"href":"https:\/\/feuerwehr-espenau.de\/index.php\/wp-json\/wp\/v2\/alarmierungsart?post=1230"},{"taxonomy":"evw_unit","embeddable":true,"href":"https:\/\/feuerwehr-espenau.de\/index.php\/wp-json\/wp\/v2\/evw_unit?post=1230"}],"curies":[{"name":"wp","href":"https:\/\/api.w.org\/{rel}","templated":true}]}}

<p>
        <strong>Datum:</strong> 09.05.2019<br />
        <strong>Einsatznummer:</strong> 21-2019<br />
	<strong>Alarmzeit:</strong> 17:38 Uhr<br />
	<strong>Alarmierungsart:</strong> Pager<br />
	<strong>Art: </strong><span style="color: #1e73be">Technische Hilfeleistung</span><br />
	<strong>Einsatzort:</strong> Espenau-B83 Richtung Hofgeismar</p>
<p>	<strong>Fahrzeuge:</strong> <a href="https://feuerwehr-espenau.de/index.php/ueber-uns/fahrzeuge/einsatzleitwagen/" title="Mehr Informationen zu Einsatzleitwagen">Einsatzleitwagen</a>, <a href="https://feuerwehr-espenau.de/index.php/ueber-uns/fahrzeuge/hilfeleistungsloeschgruppenfahrzeug/" title="Mehr Informationen zu Hilfeleistungslöschgruppenfahrzeug 20/16">Hilfeleistungslöschgruppenfahrzeug 20/16</a>, <a href="https://feuerwehr-espenau.de/index.php/ueber-uns/fahrzeuge/geraetewagen-logistik-1/" title="Mehr Informationen zu Gerätewagen Logistik 1">Gerätewagen Logistik 1</a></p>
<p>	<strong>Weitere Kräfte:</strong> <a href="https://ppnh.polizei.hessen.de/Startseite/" title="Mehr Informationen zu Polizei" target="_blank">Polizei</a>, <a href="https://www.kassel.de/einrichtungen/feuerwehr/rubrik2-1/index.php" title="Mehr Informationen zu Rettungsdienst" target="_blank">Rettungsdienst</a>
</p>
<hr>
<h2>Einsatzbericht:</h2>
<p>Mit dem Einsatzstichwort „H1Y Verkehrsunfall mit Personenschaden“ ging es für uns am späten Nachmittag auf die B83 Richtung Hofgeismar.<br />
Bei einem missglückten Überholmanöver kam es zu einem Zusammenstoß zweier Fahrzeuge.<br />
Verletzt wurde dabei zum Glück niemand. Um die Unfallstelle zu räumen und auslaufende Betriebsstoffe aufzunehmen war die B83 vorübergehend voll gesperrt. Mit uns im Einsatz war der ASB Regionalverband Kassel-Nordhessen, DRK-Rettungsdienst Kassel sowie die Polizei.</p>
<p>Link zum Artikel der HNA: <a href="https://www.hna.de/lokales/hofgeismar/grebenstein-ort78316/b83-bei-espenau-war-nach-unfall-gesperrt-12268330.html">https://www.hna.de/lokales/hofgeismar/grebenstein-ort78316/b83-bei-espenau-war-nach-unfall-gesperrt-12268330.html</a><br /></p>
