{"id":1280,"date":"2019-07-13T01:20:00","date_gmt":"2019-07-12T23:20:00","guid":{"rendered":"http:\/\/feuerwehr-espenau.de\/?post_type=einsatz&#038;p=1280"},"modified":"2019-07-14T17:02:52","modified_gmt":"2019-07-14T15:02:52","slug":"zugbrand-iuk","status":"publish","type":"einsatz","link":"https:\/\/feuerwehr-espenau.de\/index.php\/einsatzberichte\/zugbrand-iuk\/","title":{"rendered":"Zugbrand (IuK)"},"content":{"rendered":"<p>\n        <strong>Datum:<\/strong> 13.07.2019<br \/>\n        <strong>Einsatznummer:<\/strong> 26-2019<br \/>\n\t<strong>Alarmzeit:<\/strong> 1:20 Uhr<br \/>\n\t<strong>Alarmierungsart:<\/strong> Pager<br \/>\n\t<strong>Art: <\/strong><span style=\"color: #db5432\">Brandeinsatz<\/span><br \/>\n\t<strong>Einsatzort:<\/strong> Grebenstein<\/p>\n<p>\t<strong>Fahrzeuge:<\/strong> <a href=\"https:\/\/feuerwehr-espenau.de\/index.php\/ueber-uns\/fahrzeuge\/geraetewagen-information-kommunikation\/\" title=\"Mehr Informationen zu Ger\u00e4tewagen Information und Kommunikation\">Ger\u00e4tewagen Information und Kommunikation<\/a><\/p>\n<p>\t<strong>Weitere Kr\u00e4fte:<\/strong> <a href=\"http:\/\/www.facebook.com\/IuKLKKS\" title=\"Mehr Informationen zu TEL LK Kassel \/ IuK Gruppe\" target=\"_blank\">TEL LK Kassel \/ IuK Gruppe<\/a>, <a href=\"http:\/\/kfv-kassel-land.de\/\" title=\"Mehr Informationen zu Umliegende Feuerwehren\" target=\"_blank\">Umliegende Feuerwehren<\/a>\n<\/p>\n<hr>\n<h2>Einsatzbericht:<\/h2>\n<p>In der Nacht vom 13.07. gegen 01:20 Uhr wurde die IuK-Gruppe des Landkreises Kassel sowie die Feuerwehr Grebenstein zu einem brennenden Zug alarmiert.<br \/>\nBereits kurze Zeit nach Ankunft konnte Entwarnung gegeben werden. In einer Lok kam es zu einem Schwelbrand, der sich nicht weiter ausbreitete.<br \/>\nDieser wurde zeitnah gel\u00f6scht, sodass die Anzahl der Einsatzkr\u00e4fte auf das n\u00f6tigste beschr\u00e4nkt werden konnte. Nach ca. einer Stunde sind wir wieder einger\u00fcckt und durften unseren Schlaf fortsetzen.<br \/><\/p>\n","protected":false},"author":2,"featured_media":0,"template":"","meta":{"einsatz_weight":1,"footnotes":""},"categories":[],"einsatzart":[3],"fahrzeug":[14],"exteinsatzmittel":[26,29],"alarmierungsart":[38],"evw_unit":[],"class_list":["post-1280","einsatz","type-einsatz","status-publish","hentry","einsatzart-brandeinsatz","fahrzeug-gw-iuk","exteinsatzmittel-tel-lk-kassel-iuk-gruppe","exteinsatzmittel-umliegende-feuerwehren","alarmierungsart-pager"],"_links":{"self":[{"href":"https:\/\/feuerwehr-espenau.de\/index.php\/wp-json\/wp\/v2\/einsatz\/1280","targetHints":{"allow":["GET"]}}],"collection":[{"href":"https:\/\/feuerwehr-espenau.de\/index.php\/wp-json\/wp\/v2\/einsatz"}],"about":[{"href":"https:\/\/feuerwehr-espenau.de\/index.php\/wp-json\/wp\/v2\/types\/einsatz"}],"author":[{"embeddable":true,"href":"https:\/\/feuerwehr-espenau.de\/index.php\/wp-json\/wp\/v2\/users\/2"}],"version-history":[{"count":1,"href":"https:\/\/feuerwehr-espenau.de\/index.php\/wp-json\/wp\/v2\/einsatz\/1280\/revisions"}],"predecessor-version":[{"id":1281,"href":"https:\/\/feuerwehr-espenau.de\/index.php\/wp-json\/wp\/v2\/einsatz\/1280\/revisions\/1281"}],"wp:attachment":[{"href":"https:\/\/feuerwehr-espenau.de\/index.php\/wp-json\/wp\/v2\/media?parent=1280"}],"wp:term":[{"taxonomy":"category","embeddable":true,"href":"https:\/\/feuerwehr-espenau.de\/index.php\/wp-json\/wp\/v2\/categories?post=1280"},{"taxonomy":"einsatzart","embeddable":true,"href":"https:\/\/feuerwehr-espenau.de\/index.php\/wp-json\/wp\/v2\/einsatzart?post=1280"},{"taxonomy":"fahrzeug","embeddable":true,"href":"https:\/\/feuerwehr-espenau.de\/index.php\/wp-json\/wp\/v2\/fahrzeug?post=1280"},{"taxonomy":"exteinsatzmittel","embeddable":true,"href":"https:\/\/feuerwehr-espenau.de\/index.php\/wp-json\/wp\/v2\/exteinsatzmittel?post=1280"},{"taxonomy":"alarmierungsart","embeddable":true,"href":"https:\/\/feuerwehr-espenau.de\/index.php\/wp-json\/wp\/v2\/alarmierungsart?post=1280"},{"taxonomy":"evw_unit","embeddable":true,"href":"https:\/\/feuerwehr-espenau.de\/index.php\/wp-json\/wp\/v2\/evw_unit?post=1280"}],"curies":[{"name":"wp","href":"https:\/\/api.w.org\/{rel}","templated":true}]}}

<p>
        <strong>Datum:</strong> 13.07.2019<br />
        <strong>Einsatznummer:</strong> 26-2019<br />
	<strong>Alarmzeit:</strong> 1:20 Uhr<br />
	<strong>Alarmierungsart:</strong> Pager<br />
	<strong>Art: </strong><span style="color: #db5432">Brandeinsatz</span><br />
	<strong>Einsatzort:</strong> Grebenstein</p>
<p>	<strong>Fahrzeuge:</strong> <a href="https://feuerwehr-espenau.de/index.php/ueber-uns/fahrzeuge/geraetewagen-information-kommunikation/" title="Mehr Informationen zu Gerätewagen Information und Kommunikation">Gerätewagen Information und Kommunikation</a></p>
<p>	<strong>Weitere Kräfte:</strong> <a href="http://www.facebook.com/IuKLKKS" title="Mehr Informationen zu TEL LK Kassel / IuK Gruppe" target="_blank">TEL LK Kassel / IuK Gruppe</a>, <a href="http://kfv-kassel-land.de/" title="Mehr Informationen zu Umliegende Feuerwehren" target="_blank">Umliegende Feuerwehren</a>
</p>
<hr>
<h2>Einsatzbericht:</h2>
<p>In der Nacht vom 13.07. gegen 01:20 Uhr wurde die IuK-Gruppe des Landkreises Kassel sowie die Feuerwehr Grebenstein zu einem brennenden Zug alarmiert.<br />
Bereits kurze Zeit nach Ankunft konnte Entwarnung gegeben werden. In einer Lok kam es zu einem Schwelbrand, der sich nicht weiter ausbreitete.<br />
Dieser wurde zeitnah gelöscht, sodass die Anzahl der Einsatzkräfte auf das nötigste beschränkt werden konnte. Nach ca. einer Stunde sind wir wieder eingerückt und durften unseren Schlaf fortsetzen.<br /></p>
