{"id":1357,"date":"2019-09-30T09:55:00","date_gmt":"2019-09-30T07:55:00","guid":{"rendered":"http:\/\/feuerwehr-espenau.de\/?post_type=einsatz&#038;p=1357"},"modified":"2019-10-02T19:38:55","modified_gmt":"2019-10-02T17:38:55","slug":"gefahrguteinsatz-2","status":"publish","type":"einsatz","link":"https:\/\/feuerwehr-espenau.de\/index.php\/einsatzberichte\/gefahrguteinsatz-2\/","title":{"rendered":"Gefahrguteinsatz"},"content":{"rendered":"<p>\n        <strong>Datum:<\/strong> 30.09.2019<br \/>\n        <strong>Einsatznummer:<\/strong> 38-2019<br \/>\n\t<strong>Alarmzeit:<\/strong> 9:55 Uhr<br \/>\n\t<strong>Alarmierungsart:<\/strong> Pager<br \/>\n\t<strong>Art: <\/strong><span style=\"color: #1e73be\">Technische Hilfeleistung<\/span><br \/>\n\t<strong>Einsatzort:<\/strong> Immenhausen<\/p>\n<p>\t<strong>Fahrzeuge:<\/strong> <a href=\"https:\/\/feuerwehr-espenau.de\/index.php\/ueber-uns\/fahrzeuge\/staffelloeschfahrzeug\/\" title=\"Mehr Informationen zu Staffell\u00f6schfahrzeug 20\/25\">Staffell\u00f6schfahrzeug 20\/25<\/a><\/p>\n<p>\t<strong>Weitere Kr\u00e4fte:<\/strong> <a href=\"https:\/\/www.feuerwehr-immenhausen.de\/\" title=\"Mehr Informationen zu Feuerwehr Immenhausen\" target=\"_blank\">Feuerwehr Immenhausen<\/a>, <a href=\"https:\/\/ppnh.polizei.hessen.de\/Startseite\/\" title=\"Mehr Informationen zu Polizei\" target=\"_blank\">Polizei<\/a>, <a href=\"https:\/\/www.kassel.de\/einrichtungen\/feuerwehr\/rubrik2-1\/index.php\" title=\"Mehr Informationen zu Rettungsdienst\" target=\"_blank\">Rettungsdienst<\/a>, <a href=\"https:\/\/umwelt.hessen.de\/Wasser\/Wasserbehoerden-und-Wasserwirtschaftsrecht\" title=\"Mehr Informationen zu Untere Wasserbeh\u00f6rde\" target=\"_blank\">Untere Wasserbeh\u00f6rde<\/a>\n<\/p>\n<hr>\n<h2>Einsatzbericht:<\/h2>\n<p>Gegen 09:57 Uhr machten sich unsere Pager wieder durch lautes Piepsen bemerkbar und riefen uns zum Einsatz.<\/p>\n<p>Bei einer Firma in Immenhausen kam es zum Austritt einer umweltgef\u00e4hrdenden Fl\u00fcssigkeit.<\/p>\n<p>Wir standen in Bereitschaft um ggf. die Immenh\u00e4user Kameraden bei den Einsatzma\u00dfnahmen zu unterst\u00fctzen.<br \/>\nZum Gl\u00fcck stellte sich die Fl\u00fcssigkeit als nicht so dramatisch dar, sodass unser Eingreifen nicht von N\u00f6ten war und wir nach kurzer Zeit wieder einr\u00fccken konnten.<br \/><\/p>\n","protected":false},"author":2,"featured_media":0,"template":"","meta":{"einsatz_weight":1,"footnotes":""},"categories":[],"einsatzart":[25],"fahrzeug":[23],"exteinsatzmittel":[10,21,22,47],"alarmierungsart":[38],"evw_unit":[],"class_list":["post-1357","einsatz","type-einsatz","status-publish","hentry","einsatzart-technische-hilfeleistung","fahrzeug-stlf","exteinsatzmittel-feuerwehr-immenhausen","exteinsatzmittel-polizei","exteinsatzmittel-rettungsdienst","exteinsatzmittel-untere-wasserbehoerde","alarmierungsart-pager"],"_links":{"self":[{"href":"https:\/\/feuerwehr-espenau.de\/index.php\/wp-json\/wp\/v2\/einsatz\/1357","targetHints":{"allow":["GET"]}}],"collection":[{"href":"https:\/\/feuerwehr-espenau.de\/index.php\/wp-json\/wp\/v2\/einsatz"}],"about":[{"href":"https:\/\/feuerwehr-espenau.de\/index.php\/wp-json\/wp\/v2\/types\/einsatz"}],"author":[{"embeddable":true,"href":"https:\/\/feuerwehr-espenau.de\/index.php\/wp-json\/wp\/v2\/users\/2"}],"version-history":[{"count":4,"href":"https:\/\/feuerwehr-espenau.de\/index.php\/wp-json\/wp\/v2\/einsatz\/1357\/revisions"}],"predecessor-version":[{"id":1362,"href":"https:\/\/feuerwehr-espenau.de\/index.php\/wp-json\/wp\/v2\/einsatz\/1357\/revisions\/1362"}],"wp:attachment":[{"href":"https:\/\/feuerwehr-espenau.de\/index.php\/wp-json\/wp\/v2\/media?parent=1357"}],"wp:term":[{"taxonomy":"category","embeddable":true,"href":"https:\/\/feuerwehr-espenau.de\/index.php\/wp-json\/wp\/v2\/categories?post=1357"},{"taxonomy":"einsatzart","embeddable":true,"href":"https:\/\/feuerwehr-espenau.de\/index.php\/wp-json\/wp\/v2\/einsatzart?post=1357"},{"taxonomy":"fahrzeug","embeddable":true,"href":"https:\/\/feuerwehr-espenau.de\/index.php\/wp-json\/wp\/v2\/fahrzeug?post=1357"},{"taxonomy":"exteinsatzmittel","embeddable":true,"href":"https:\/\/feuerwehr-espenau.de\/index.php\/wp-json\/wp\/v2\/exteinsatzmittel?post=1357"},{"taxonomy":"alarmierungsart","embeddable":true,"href":"https:\/\/feuerwehr-espenau.de\/index.php\/wp-json\/wp\/v2\/alarmierungsart?post=1357"},{"taxonomy":"evw_unit","embeddable":true,"href":"https:\/\/feuerwehr-espenau.de\/index.php\/wp-json\/wp\/v2\/evw_unit?post=1357"}],"curies":[{"name":"wp","href":"https:\/\/api.w.org\/{rel}","templated":true}]}}

<p>
        <strong>Datum:</strong> 30.09.2019<br />
        <strong>Einsatznummer:</strong> 38-2019<br />
	<strong>Alarmzeit:</strong> 9:55 Uhr<br />
	<strong>Alarmierungsart:</strong> Pager<br />
	<strong>Art: </strong><span style="color: #1e73be">Technische Hilfeleistung</span><br />
	<strong>Einsatzort:</strong> Immenhausen</p>
<p>	<strong>Fahrzeuge:</strong> <a href="https://feuerwehr-espenau.de/index.php/ueber-uns/fahrzeuge/staffelloeschfahrzeug/" title="Mehr Informationen zu Staffellöschfahrzeug 20/25">Staffellöschfahrzeug 20/25</a></p>
<p>	<strong>Weitere Kräfte:</strong> <a href="https://www.feuerwehr-immenhausen.de/" title="Mehr Informationen zu Feuerwehr Immenhausen" target="_blank">Feuerwehr Immenhausen</a>, <a href="https://ppnh.polizei.hessen.de/Startseite/" title="Mehr Informationen zu Polizei" target="_blank">Polizei</a>, <a href="https://www.kassel.de/einrichtungen/feuerwehr/rubrik2-1/index.php" title="Mehr Informationen zu Rettungsdienst" target="_blank">Rettungsdienst</a>, <a href="https://umwelt.hessen.de/Wasser/Wasserbehoerden-und-Wasserwirtschaftsrecht" title="Mehr Informationen zu Untere Wasserbehörde" target="_blank">Untere Wasserbehörde</a>
</p>
<hr>
<h2>Einsatzbericht:</h2>
<p>Gegen 09:57 Uhr machten sich unsere Pager wieder durch lautes Piepsen bemerkbar und riefen uns zum Einsatz.</p>
<p>Bei einer Firma in Immenhausen kam es zum Austritt einer umweltgefährdenden Flüssigkeit.</p>
<p>Wir standen in Bereitschaft um ggf. die Immenhäuser Kameraden bei den Einsatzmaßnahmen zu unterstützen.<br />
Zum Glück stellte sich die Flüssigkeit als nicht so dramatisch dar, sodass unser Eingreifen nicht von Nöten war und wir nach kurzer Zeit wieder einrücken konnten.<br /></p>
