{"id":1366,"date":"2019-10-05T20:15:00","date_gmt":"2019-10-05T18:15:00","guid":{"rendered":"http:\/\/feuerwehr-espenau.de\/?post_type=einsatz&#038;p=1366"},"modified":"2020-10-31T14:53:19","modified_gmt":"2020-10-31T13:53:19","slug":"f3-brand-in-gebaeude-alarmuebung","status":"publish","type":"einsatz","link":"https:\/\/feuerwehr-espenau.de\/index.php\/einsatzberichte\/f3-brand-in-gebaeude-alarmuebung\/","title":{"rendered":"F3Y \/ Brand in Geb\u00e4ude (Alarm\u00fcbung)"},"content":{"rendered":"<p>\n        <strong>Datum:<\/strong> 05.10.2019<br \/>\n        <strong>Einsatznummer:<\/strong> \u00dcbung<br \/>\n\t<strong>Alarmzeit:<\/strong> 20:15 Uhr<br \/>\n\t<strong>Alarmierungsart:<\/strong> Pager<br \/>\n\t<strong>Art: <\/strong><span style=\"color: #db5432\">Brandeinsatz<\/span><br \/>\n\t<strong>Einsatzort:<\/strong> Espenau-Hohenkirchen<\/p>\n<p>\t<strong>Fahrzeuge:<\/strong> <a href=\"https:\/\/feuerwehr-espenau.de\/index.php\/ueber-uns\/fahrzeuge\/einsatzleitwagen\/\" title=\"Mehr Informationen zu Einsatzleitwagen\">Einsatzleitwagen<\/a>, <a href=\"https:\/\/feuerwehr-espenau.de\/index.php\/ueber-uns\/fahrzeuge\/hilfeleistungsloeschgruppenfahrzeug\/\" title=\"Mehr Informationen zu Hilfeleistungsl\u00f6schgruppenfahrzeug 20\/16\">Hilfeleistungsl\u00f6schgruppenfahrzeug 20\/16<\/a>, <a href=\"https:\/\/feuerwehr-espenau.de\/index.php\/ueber-uns\/fahrzeuge\/staffelloeschfahrzeug\/\" title=\"Mehr Informationen zu Staffell\u00f6schfahrzeug 20\/25\">Staffell\u00f6schfahrzeug 20\/25<\/a>, <a href=\"https:\/\/feuerwehr-espenau.de\/index.php\/ueber-uns\/fahrzeuge\/geraetewagen-logistik-1\/\" title=\"Mehr Informationen zu Ger\u00e4tewagen Logistik 1\">Ger\u00e4tewagen Logistik 1<\/a><\/p>\n<p>\t<strong>Weitere Kr\u00e4fte:<\/strong> <a href=\"https:\/\/www.feuerwehr-immenhausen.de\/\" title=\"Mehr Informationen zu Feuerwehr Immenhausen\" target=\"_blank\">Feuerwehr Immenhausen<\/a>, <a href=\"https:\/\/www.feuerwehr-stadt-vellmar.de\" title=\"Mehr Informationen zu Feuerwehr Vellmar\" target=\"_blank\">Feuerwehr Vellmar<\/a>, <a href=\"https:\/\/www.kassel.de\/einrichtungen\/feuerwehr\/rubrik2-1\/index.php\" title=\"Mehr Informationen zu Rettungsdienst\" target=\"_blank\">Rettungsdienst<\/a>, <a href=\"http:\/\/www.facebook.com\/IuKLKKS\" title=\"Mehr Informationen zu TEL LK Kassel \/ IuK Gruppe\" target=\"_blank\">TEL LK Kassel \/ IuK Gruppe<\/a>\n<\/p>\n<hr>\n<h2>Einsatzbericht:<\/h2>\n<p>Am 06.10., gegen 20:15 Uhr wurde die Feuerwehr Espenau, die Feuerwehr Immenhausen, das DRK Ahnatal, DRK Fuldatal und das DRK Vellmar zu einem F3Y (Brand in Sonderobjekt mit Menschenleben in Gefahr) in die Kasseler Stra\u00dfe nach Hohenkirchen alarmiert.<br \/>\nIn einem landwirtschaftlichen Anwesen, kam es bei Abrissarbeiten zu einem <span class=\"text_exposed_show\">Feuer und dadurch Personen zu schaden.<br \/>\n5 Personen wurden vermisst und mussten von den Feuerwehren gerettet werden, ebenso kam es zu einem fiktiven Atemschutznotfall der unseren, sowie den weiteren Trupps zus\u00e4tzliche Arbeit bescherte. Im Anschluss an die Rettung wurden die betroffenen Personen von den Einheiten des DRK behandelt und versorgt.<br \/>\nZu diesem Zeitpunkt wusste keiner, das es sich um eine gro\u00dfe Alarm\u00fcbung handelte. Spezialeffekte durch Pyrotechniker und k\u00fcnstlicher Rauch lie\u00dfen das ganze Szenario t\u00e4uschend echt wirken. Zudem waren Notfalldarsteller als \u201ePatienten\u201c eingesetzt.<br \/>\nIn der Feuerwehr wurde parallel ein Behandlungsplatz durch das DRK aufgebaut, da angenommen wurde das die Infrastruktur in Nordhessen durch Unwetter nicht mehr vorhanden war und kein Krankenhaus zur Verf\u00fcgung stand. Nach ca. 1,5 Stunden waren die \u00dcbungsziele erreicht und es konnte abgebaut werden. <\/span><\/p>\n<div class=\"text_exposed_show\">\n<p>Ein in besonderer Dank gilt der Werkhilfe Calden die uns das Objekt zur Verf\u00fcgung gestellt hat, sowie der <a class=\"profileLink\" href=\"https:\/\/www.facebook.com\/Feuerwehr.Vellmar\/?__tn__=K-R&amp;eid=ARC2uX5sJwV9J0RRFKWVCtFQ81KP-sNsFvHJh3rqsl6xUJnkT6lm8NcBSn9559YUQ8AnbfR5xvTmItz1&amp;fref=mentions&amp;__xts__%5B0%5D=68.ARB66AYt4R03app4ZccNavuhl2OlqTSLZ2H371TUDKH9iriuVkDZI-GjU9D47nMLoom767yRmSw8r7rULC4sj8yljS-CuOlq6RbkiwSEFKp1fCvtqL9pmWa_pSVQUElBBCDnJiO2WNFnXXe5pF7otNKGpdDKIw_8J_y2AjqyFD-_KPiUeSkqItaU800CZr8Ae46SHG5lBducxoumeJCaCvHhcJ2GCokq-bKVyHIARZgDzmwTWaMTWIckU8ASuslyLw7IoUkI81kvG6TdfnK9HG9yC3NbFIs5-lEHDLLoHgrPFzGawpk_3GsX_XUplJf7y8VP5-EvfJeaj_XKVSUwJ2O2Rg\" data-hovercard=\"\/ajax\/hovercard\/page.php?id=196464497061135&amp;extragetparams=%7B%22__tn__%22%3A%22%2CdK-R-R%22%2C%22eid%22%3A%22ARC2uX5sJwV9J0RRFKWVCtFQ81KP-sNsFvHJh3rqsl6xUJnkT6lm8NcBSn9559YUQ8AnbfR5xvTmItz1%22%2C%22fref%22%3A%22mentions%22%7D\" data-hovercard-prefer-more-content-show=\"1\">Feuerwehr Stadt Vellmar<\/a> die den Brandschutz beim Aufbau der \u00dcbung sowie w\u00e4hrend der \u00dcbung f\u00fcr Espenau sicherstellte und mit einem Fahrzeug vor Ort war.<br \/>\nEbenfalls m\u00f6chten Wir uns bei der <a class=\"profileLink\" href=\"https:\/\/www.facebook.com\/ffimmenhausen\/?__tn__=K-R&amp;eid=ARCSyiq86JWpLnXsIc4pPpGf4_Aj0hAt26GrNwkwTSqYfiNBn9sPLXN-Y3wt7eP0wYz_svzTh3XSq3bi&amp;fref=mentions&amp;__xts__%5B0%5D=68.ARB66AYt4R03app4ZccNavuhl2OlqTSLZ2H371TUDKH9iriuVkDZI-GjU9D47nMLoom767yRmSw8r7rULC4sj8yljS-CuOlq6RbkiwSEFKp1fCvtqL9pmWa_pSVQUElBBCDnJiO2WNFnXXe5pF7otNKGpdDKIw_8J_y2AjqyFD-_KPiUeSkqItaU800CZr8Ae46SHG5lBducxoumeJCaCvHhcJ2GCokq-bKVyHIARZgDzmwTWaMTWIckU8ASuslyLw7IoUkI81kvG6TdfnK9HG9yC3NbFIs5-lEHDLLoHgrPFzGawpk_3GsX_XUplJf7y8VP5-EvfJeaj_XKVSUwJ2O2Rg\" data-hovercard=\"\/ajax\/hovercard\/page.php?id=142995749053054&amp;extragetparams=%7B%22__tn__%22%3A%22%2CdK-R-R%22%2C%22eid%22%3A%22ARCSyiq86JWpLnXsIc4pPpGf4_Aj0hAt26GrNwkwTSqYfiNBn9sPLXN-Y3wt7eP0wYz_svzTh3XSq3bi%22%2C%22fref%22%3A%22mentions%22%7D\" data-hovercard-prefer-more-content-show=\"1\">Freiwillige Feuerwehr Immenhausen<\/a> f\u00fcr ihre Unterst\u00fctzung und den <a class=\"profileLink\" href=\"https:\/\/www.facebook.com\/DRK.Ahnatal\/?__tn__=K-R&amp;eid=ARDreeYWZobA6see1YQt1JGe2it1w1yiwd4TfEU-plH4MGp1ESrxtB3296bS0a41dERbA7nqKQgghd1F&amp;fref=mentions&amp;__xts__%5B0%5D=68.ARB66AYt4R03app4ZccNavuhl2OlqTSLZ2H371TUDKH9iriuVkDZI-GjU9D47nMLoom767yRmSw8r7rULC4sj8yljS-CuOlq6RbkiwSEFKp1fCvtqL9pmWa_pSVQUElBBCDnJiO2WNFnXXe5pF7otNKGpdDKIw_8J_y2AjqyFD-_KPiUeSkqItaU800CZr8Ae46SHG5lBducxoumeJCaCvHhcJ2GCokq-bKVyHIARZgDzmwTWaMTWIckU8ASuslyLw7IoUkI81kvG6TdfnK9HG9yC3NbFIs5-lEHDLLoHgrPFzGawpk_3GsX_XUplJf7y8VP5-EvfJeaj_XKVSUwJ2O2Rg\" data-hovercard=\"\/ajax\/hovercard\/page.php?id=786646504782918&amp;extragetparams=%7B%22__tn__%22%3A%22%2CdK-R-R%22%2C%22eid%22%3A%22ARDreeYWZobA6see1YQt1JGe2it1w1yiwd4TfEU-plH4MGp1ESrxtB3296bS0a41dERbA7nqKQgghd1F%22%2C%22fref%22%3A%22mentions%22%7D\" data-hovercard-prefer-more-content-show=\"1\">DRK OV Ahnatal<\/a>, <a class=\"profileLink\" href=\"https:\/\/www.facebook.com\/DRKVellmar\/?__tn__=K-R&amp;eid=ARCISUBAfQRxg9ssPcUWWbd_WJnLZe8Fhe2pdJw-AZgQGFXq0ByFz-C64Xp9I6pjevd-dLjAMYn5x7vp&amp;fref=mentions&amp;__xts__%5B0%5D=68.ARB66AYt4R03app4ZccNavuhl2OlqTSLZ2H371TUDKH9iriuVkDZI-GjU9D47nMLoom767yRmSw8r7rULC4sj8yljS-CuOlq6RbkiwSEFKp1fCvtqL9pmWa_pSVQUElBBCDnJiO2WNFnXXe5pF7otNKGpdDKIw_8J_y2AjqyFD-_KPiUeSkqItaU800CZr8Ae46SHG5lBducxoumeJCaCvHhcJ2GCokq-bKVyHIARZgDzmwTWaMTWIckU8ASuslyLw7IoUkI81kvG6TdfnK9HG9yC3NbFIs5-lEHDLLoHgrPFzGawpk_3GsX_XUplJf7y8VP5-EvfJeaj_XKVSUwJ2O2Rg\" data-hovercard=\"\/ajax\/hovercard\/page.php?id=376315825750071&amp;extragetparams=%7B%22__tn__%22%3A%22%2CdK-R-R%22%2C%22eid%22%3A%22ARCISUBAfQRxg9ssPcUWWbd_WJnLZe8Fhe2pdJw-AZgQGFXq0ByFz-C64Xp9I6pjevd-dLjAMYn5x7vp%22%2C%22fref%22%3A%22mentions%22%7D\" data-hovercard-prefer-more-content-show=\"1\">DRK OV Vellmar<\/a>, <a class=\"profileLink\" href=\"https:\/\/www.facebook.com\/DRKfihr\/?__tn__=K-R&amp;eid=ARBnyWivGtLk6NgniK9r-vOU4Io_9OchXD1xP9dXIG7BMJz2T-yIlR9mhkdKe8fy0bLzz4cuBHZ2Iv-6&amp;fref=mentions&amp;__xts__%5B0%5D=68.ARB66AYt4R03app4ZccNavuhl2OlqTSLZ2H371TUDKH9iriuVkDZI-GjU9D47nMLoom767yRmSw8r7rULC4sj8yljS-CuOlq6RbkiwSEFKp1fCvtqL9pmWa_pSVQUElBBCDnJiO2WNFnXXe5pF7otNKGpdDKIw_8J_y2AjqyFD-_KPiUeSkqItaU800CZr8Ae46SHG5lBducxoumeJCaCvHhcJ2GCokq-bKVyHIARZgDzmwTWaMTWIckU8ASuslyLw7IoUkI81kvG6TdfnK9HG9yC3NbFIs5-lEHDLLoHgrPFzGawpk_3GsX_XUplJf7y8VP5-EvfJeaj_XKVSUwJ2O2Rg\" data-hovercard=\"\/ajax\/hovercard\/page.php?id=583899378388376&amp;extragetparams=%7B%22__tn__%22%3A%22%2CdK-R-R%22%2C%22eid%22%3A%22ARBnyWivGtLk6NgniK9r-vOU4Io_9OchXD1xP9dXIG7BMJz2T-yIlR9mhkdKe8fy0bLzz4cuBHZ2Iv-6%22%2C%22fref%22%3A%22mentions%22%7D\" data-hovercard-prefer-more-content-show=\"1\">DRK OV Fuldatal Ihringshausen<\/a> f\u00fcr ihren Einsatz und die Gute Arbeit bedanken!<\/p>\n<\/div>\n<p><\/p>\n","protected":false},"author":2,"featured_media":0,"template":"","meta":{"einsatz_weight":1,"footnotes":""},"categories":[],"einsatzart":[3],"fahrzeug":[8,15,16,23],"exteinsatzmittel":[10,11,22,26],"alarmierungsart":[38],"evw_unit":[],"class_list":["post-1366","einsatz","type-einsatz","status-publish","hentry","einsatzart-brandeinsatz","fahrzeug-elw","fahrzeug-gw-l","fahrzeug-hlf","fahrzeug-stlf","exteinsatzmittel-feuerwehr-immenhausen","exteinsatzmittel-feuerwehr-vellmar","exteinsatzmittel-rettungsdienst","exteinsatzmittel-tel-lk-kassel-iuk-gruppe","alarmierungsart-pager"],"_links":{"self":[{"href":"https:\/\/feuerwehr-espenau.de\/index.php\/wp-json\/wp\/v2\/einsatz\/1366","targetHints":{"allow":["GET"]}}],"collection":[{"href":"https:\/\/feuerwehr-espenau.de\/index.php\/wp-json\/wp\/v2\/einsatz"}],"about":[{"href":"https:\/\/feuerwehr-espenau.de\/index.php\/wp-json\/wp\/v2\/types\/einsatz"}],"author":[{"embeddable":true,"href":"https:\/\/feuerwehr-espenau.de\/index.php\/wp-json\/wp\/v2\/users\/2"}],"version-history":[{"count":5,"href":"https:\/\/feuerwehr-espenau.de\/index.php\/wp-json\/wp\/v2\/einsatz\/1366\/revisions"}],"predecessor-version":[{"id":1909,"href":"https:\/\/feuerwehr-espenau.de\/index.php\/wp-json\/wp\/v2\/einsatz\/1366\/revisions\/1909"}],"wp:attachment":[{"href":"https:\/\/feuerwehr-espenau.de\/index.php\/wp-json\/wp\/v2\/media?parent=1366"}],"wp:term":[{"taxonomy":"category","embeddable":true,"href":"https:\/\/feuerwehr-espenau.de\/index.php\/wp-json\/wp\/v2\/categories?post=1366"},{"taxonomy":"einsatzart","embeddable":true,"href":"https:\/\/feuerwehr-espenau.de\/index.php\/wp-json\/wp\/v2\/einsatzart?post=1366"},{"taxonomy":"fahrzeug","embeddable":true,"href":"https:\/\/feuerwehr-espenau.de\/index.php\/wp-json\/wp\/v2\/fahrzeug?post=1366"},{"taxonomy":"exteinsatzmittel","embeddable":true,"href":"https:\/\/feuerwehr-espenau.de\/index.php\/wp-json\/wp\/v2\/exteinsatzmittel?post=1366"},{"taxonomy":"alarmierungsart","embeddable":true,"href":"https:\/\/feuerwehr-espenau.de\/index.php\/wp-json\/wp\/v2\/alarmierungsart?post=1366"},{"taxonomy":"evw_unit","embeddable":true,"href":"https:\/\/feuerwehr-espenau.de\/index.php\/wp-json\/wp\/v2\/evw_unit?post=1366"}],"curies":[{"name":"wp","href":"https:\/\/api.w.org\/{rel}","templated":true}]}}

F3Y / Brand in Gebäude (Alarmübung)

<p>
        <strong>Datum:</strong> 05.10.2019<br />
        <strong>Einsatznummer:</strong> Übung<br />
	<strong>Alarmzeit:</strong> 20:15 Uhr<br />
	<strong>Alarmierungsart:</strong> Pager<br />
	<strong>Art: </strong><span style="color: #db5432">Brandeinsatz</span><br />
	<strong>Einsatzort:</strong> Espenau-Hohenkirchen</p>
<p>	<strong>Fahrzeuge:</strong> <a href="https://feuerwehr-espenau.de/index.php/ueber-uns/fahrzeuge/einsatzleitwagen/" title="Mehr Informationen zu Einsatzleitwagen">Einsatzleitwagen</a>, <a href="https://feuerwehr-espenau.de/index.php/ueber-uns/fahrzeuge/hilfeleistungsloeschgruppenfahrzeug/" title="Mehr Informationen zu Hilfeleistungslöschgruppenfahrzeug 20/16">Hilfeleistungslöschgruppenfahrzeug 20/16</a>, <a href="https://feuerwehr-espenau.de/index.php/ueber-uns/fahrzeuge/staffelloeschfahrzeug/" title="Mehr Informationen zu Staffellöschfahrzeug 20/25">Staffellöschfahrzeug 20/25</a>, <a href="https://feuerwehr-espenau.de/index.php/ueber-uns/fahrzeuge/geraetewagen-logistik-1/" title="Mehr Informationen zu Gerätewagen Logistik 1">Gerätewagen Logistik 1</a></p>
<p>	<strong>Weitere Kräfte:</strong> <a href="https://www.feuerwehr-immenhausen.de/" title="Mehr Informationen zu Feuerwehr Immenhausen" target="_blank">Feuerwehr Immenhausen</a>, <a href="https://www.feuerwehr-stadt-vellmar.de" title="Mehr Informationen zu Feuerwehr Vellmar" target="_blank">Feuerwehr Vellmar</a>, <a href="https://www.kassel.de/einrichtungen/feuerwehr/rubrik2-1/index.php" title="Mehr Informationen zu Rettungsdienst" target="_blank">Rettungsdienst</a>, <a href="http://www.facebook.com/IuKLKKS" title="Mehr Informationen zu TEL LK Kassel / IuK Gruppe" target="_blank">TEL LK Kassel / IuK Gruppe</a>
</p>
<hr>
<h2>Einsatzbericht:</h2>
<p>Am 06.10., gegen 20:15 Uhr wurde die Feuerwehr Espenau, die Feuerwehr Immenhausen, das DRK Ahnatal, DRK Fuldatal und das DRK Vellmar zu einem F3Y (Brand in Sonderobjekt mit Menschenleben in Gefahr) in die Kasseler Straße nach Hohenkirchen alarmiert.<br />
In einem landwirtschaftlichen Anwesen, kam es bei Abrissarbeiten zu einem <span class="text_exposed_show">Feuer und dadurch Personen zu schaden.<br />
5 Personen wurden vermisst und mussten von den Feuerwehren gerettet werden, ebenso kam es zu einem fiktiven Atemschutznotfall der unseren, sowie den weiteren Trupps zusätzliche Arbeit bescherte. Im Anschluss an die Rettung wurden die betroffenen Personen von den Einheiten des DRK behandelt und versorgt.<br />
Zu diesem Zeitpunkt wusste keiner, das es sich um eine große Alarmübung handelte. Spezialeffekte durch Pyrotechniker und künstlicher Rauch ließen das ganze Szenario täuschend echt wirken. Zudem waren Notfalldarsteller als „Patienten“ eingesetzt.<br />
In der Feuerwehr wurde parallel ein Behandlungsplatz durch das DRK aufgebaut, da angenommen wurde das die Infrastruktur in Nordhessen durch Unwetter nicht mehr vorhanden war und kein Krankenhaus zur Verfügung stand. Nach ca. 1,5 Stunden waren die Übungsziele erreicht und es konnte abgebaut werden. </span></p>
<div class="text_exposed_show">
<p>Ein in besonderer Dank gilt der Werkhilfe Calden die uns das Objekt zur Verfügung gestellt hat, sowie der <a class="profileLink" href="https://www.facebook.com/Feuerwehr.Vellmar/?__tn__=K-R&amp;eid=ARC2uX5sJwV9J0RRFKWVCtFQ81KP-sNsFvHJh3rqsl6xUJnkT6lm8NcBSn9559YUQ8AnbfR5xvTmItz1&amp;fref=mentions&amp;__xts__%5B0%5D=68.ARB66AYt4R03app4ZccNavuhl2OlqTSLZ2H371TUDKH9iriuVkDZI-GjU9D47nMLoom767yRmSw8r7rULC4sj8yljS-CuOlq6RbkiwSEFKp1fCvtqL9pmWa_pSVQUElBBCDnJiO2WNFnXXe5pF7otNKGpdDKIw_8J_y2AjqyFD-_KPiUeSkqItaU800CZr8Ae46SHG5lBducxoumeJCaCvHhcJ2GCokq-bKVyHIARZgDzmwTWaMTWIckU8ASuslyLw7IoUkI81kvG6TdfnK9HG9yC3NbFIs5-lEHDLLoHgrPFzGawpk_3GsX_XUplJf7y8VP5-EvfJeaj_XKVSUwJ2O2Rg" data-hovercard="/ajax/hovercard/page.php?id=196464497061135&amp;extragetparams=%7B%22__tn__%22%3A%22%2CdK-R-R%22%2C%22eid%22%3A%22ARC2uX5sJwV9J0RRFKWVCtFQ81KP-sNsFvHJh3rqsl6xUJnkT6lm8NcBSn9559YUQ8AnbfR5xvTmItz1%22%2C%22fref%22%3A%22mentions%22%7D" data-hovercard-prefer-more-content-show="1">Feuerwehr Stadt Vellmar</a> die den Brandschutz beim Aufbau der Übung sowie während der Übung für Espenau sicherstellte und mit einem Fahrzeug vor Ort war.<br />
Ebenfalls möchten Wir uns bei der <a class="profileLink" href="https://www.facebook.com/ffimmenhausen/?__tn__=K-R&amp;eid=ARCSyiq86JWpLnXsIc4pPpGf4_Aj0hAt26GrNwkwTSqYfiNBn9sPLXN-Y3wt7eP0wYz_svzTh3XSq3bi&amp;fref=mentions&amp;__xts__%5B0%5D=68.ARB66AYt4R03app4ZccNavuhl2OlqTSLZ2H371TUDKH9iriuVkDZI-GjU9D47nMLoom767yRmSw8r7rULC4sj8yljS-CuOlq6RbkiwSEFKp1fCvtqL9pmWa_pSVQUElBBCDnJiO2WNFnXXe5pF7otNKGpdDKIw_8J_y2AjqyFD-_KPiUeSkqItaU800CZr8Ae46SHG5lBducxoumeJCaCvHhcJ2GCokq-bKVyHIARZgDzmwTWaMTWIckU8ASuslyLw7IoUkI81kvG6TdfnK9HG9yC3NbFIs5-lEHDLLoHgrPFzGawpk_3GsX_XUplJf7y8VP5-EvfJeaj_XKVSUwJ2O2Rg" data-hovercard="/ajax/hovercard/page.php?id=142995749053054&amp;extragetparams=%7B%22__tn__%22%3A%22%2CdK-R-R%22%2C%22eid%22%3A%22ARCSyiq86JWpLnXsIc4pPpGf4_Aj0hAt26GrNwkwTSqYfiNBn9sPLXN-Y3wt7eP0wYz_svzTh3XSq3bi%22%2C%22fref%22%3A%22mentions%22%7D" data-hovercard-prefer-more-content-show="1">Freiwillige Feuerwehr Immenhausen</a> für ihre Unterstützung und den <a class="profileLink" href="https://www.facebook.com/DRK.Ahnatal/?__tn__=K-R&amp;eid=ARDreeYWZobA6see1YQt1JGe2it1w1yiwd4TfEU-plH4MGp1ESrxtB3296bS0a41dERbA7nqKQgghd1F&amp;fref=mentions&amp;__xts__%5B0%5D=68.ARB66AYt4R03app4ZccNavuhl2OlqTSLZ2H371TUDKH9iriuVkDZI-GjU9D47nMLoom767yRmSw8r7rULC4sj8yljS-CuOlq6RbkiwSEFKp1fCvtqL9pmWa_pSVQUElBBCDnJiO2WNFnXXe5pF7otNKGpdDKIw_8J_y2AjqyFD-_KPiUeSkqItaU800CZr8Ae46SHG5lBducxoumeJCaCvHhcJ2GCokq-bKVyHIARZgDzmwTWaMTWIckU8ASuslyLw7IoUkI81kvG6TdfnK9HG9yC3NbFIs5-lEHDLLoHgrPFzGawpk_3GsX_XUplJf7y8VP5-EvfJeaj_XKVSUwJ2O2Rg" data-hovercard="/ajax/hovercard/page.php?id=786646504782918&amp;extragetparams=%7B%22__tn__%22%3A%22%2CdK-R-R%22%2C%22eid%22%3A%22ARDreeYWZobA6see1YQt1JGe2it1w1yiwd4TfEU-plH4MGp1ESrxtB3296bS0a41dERbA7nqKQgghd1F%22%2C%22fref%22%3A%22mentions%22%7D" data-hovercard-prefer-more-content-show="1">DRK OV Ahnatal</a>, <a class="profileLink" href="https://www.facebook.com/DRKVellmar/?__tn__=K-R&amp;eid=ARCISUBAfQRxg9ssPcUWWbd_WJnLZe8Fhe2pdJw-AZgQGFXq0ByFz-C64Xp9I6pjevd-dLjAMYn5x7vp&amp;fref=mentions&amp;__xts__%5B0%5D=68.ARB66AYt4R03app4ZccNavuhl2OlqTSLZ2H371TUDKH9iriuVkDZI-GjU9D47nMLoom767yRmSw8r7rULC4sj8yljS-CuOlq6RbkiwSEFKp1fCvtqL9pmWa_pSVQUElBBCDnJiO2WNFnXXe5pF7otNKGpdDKIw_8J_y2AjqyFD-_KPiUeSkqItaU800CZr8Ae46SHG5lBducxoumeJCaCvHhcJ2GCokq-bKVyHIARZgDzmwTWaMTWIckU8ASuslyLw7IoUkI81kvG6TdfnK9HG9yC3NbFIs5-lEHDLLoHgrPFzGawpk_3GsX_XUplJf7y8VP5-EvfJeaj_XKVSUwJ2O2Rg" data-hovercard="/ajax/hovercard/page.php?id=376315825750071&amp;extragetparams=%7B%22__tn__%22%3A%22%2CdK-R-R%22%2C%22eid%22%3A%22ARCISUBAfQRxg9ssPcUWWbd_WJnLZe8Fhe2pdJw-AZgQGFXq0ByFz-C64Xp9I6pjevd-dLjAMYn5x7vp%22%2C%22fref%22%3A%22mentions%22%7D" data-hovercard-prefer-more-content-show="1">DRK OV Vellmar</a>, <a class="profileLink" href="https://www.facebook.com/DRKfihr/?__tn__=K-R&amp;eid=ARBnyWivGtLk6NgniK9r-vOU4Io_9OchXD1xP9dXIG7BMJz2T-yIlR9mhkdKe8fy0bLzz4cuBHZ2Iv-6&amp;fref=mentions&amp;__xts__%5B0%5D=68.ARB66AYt4R03app4ZccNavuhl2OlqTSLZ2H371TUDKH9iriuVkDZI-GjU9D47nMLoom767yRmSw8r7rULC4sj8yljS-CuOlq6RbkiwSEFKp1fCvtqL9pmWa_pSVQUElBBCDnJiO2WNFnXXe5pF7otNKGpdDKIw_8J_y2AjqyFD-_KPiUeSkqItaU800CZr8Ae46SHG5lBducxoumeJCaCvHhcJ2GCokq-bKVyHIARZgDzmwTWaMTWIckU8ASuslyLw7IoUkI81kvG6TdfnK9HG9yC3NbFIs5-lEHDLLoHgrPFzGawpk_3GsX_XUplJf7y8VP5-EvfJeaj_XKVSUwJ2O2Rg" data-hovercard="/ajax/hovercard/page.php?id=583899378388376&amp;extragetparams=%7B%22__tn__%22%3A%22%2CdK-R-R%22%2C%22eid%22%3A%22ARBnyWivGtLk6NgniK9r-vOU4Io_9OchXD1xP9dXIG7BMJz2T-yIlR9mhkdKe8fy0bLzz4cuBHZ2Iv-6%22%2C%22fref%22%3A%22mentions%22%7D" data-hovercard-prefer-more-content-show="1">DRK OV Fuldatal Ihringshausen</a> für ihren Einsatz und die Gute Arbeit bedanken!</p>
</div>
<p></p>
