{"id":1428,"date":"2019-11-05T07:23:00","date_gmt":"2019-11-05T06:23:00","guid":{"rendered":"http:\/\/feuerwehr-espenau.de\/?post_type=einsatz&#038;p=1428"},"modified":"2020-10-31T14:52:08","modified_gmt":"2020-10-31T13:52:08","slug":"f1-kleinbrand","status":"publish","type":"einsatz","link":"https:\/\/feuerwehr-espenau.de\/index.php\/einsatzberichte\/f1-kleinbrand\/","title":{"rendered":"F1 \/ Kleinbrand"},"content":{"rendered":"<p>\n        <strong>Datum:<\/strong> 05.11.2019<br \/>\n        <strong>Einsatznummer:<\/strong> 40-2019<br \/>\n\t<strong>Alarmzeit:<\/strong> 7:23 Uhr<br \/>\n\t<strong>Alarmierungsart:<\/strong> Vollalarm<br \/>\n\t<strong>Art: <\/strong><span style=\"color: #db5432\">Brandeinsatz<\/span><br \/>\n\t<strong>Einsatzort:<\/strong> Espenau-M\u00f6nchehof<\/p>\n<p>\t<strong>Fahrzeuge:<\/strong> <a href=\"https:\/\/feuerwehr-espenau.de\/index.php\/ueber-uns\/fahrzeuge\/hilfeleistungsloeschgruppenfahrzeug\/\" title=\"Mehr Informationen zu Hilfeleistungsl\u00f6schgruppenfahrzeug 20\/16\">Hilfeleistungsl\u00f6schgruppenfahrzeug 20\/16<\/a>, <a href=\"https:\/\/feuerwehr-espenau.de\/index.php\/ueber-uns\/fahrzeuge\/staffelloeschfahrzeug\/\" title=\"Mehr Informationen zu Staffell\u00f6schfahrzeug 20\/25\">Staffell\u00f6schfahrzeug 20\/25<\/a><\/p>\n<p>\t<strong>Weitere Kr\u00e4fte:<\/strong> <a href=\"https:\/\/www.eam.de\/\" title=\"Mehr Informationen zu EAM Kassel\" target=\"_blank\">EAM Kassel<\/a>\n<\/p>\n<hr>\n<h2>Einsatzbericht:<\/h2>\n<p>Am Morgen des 05.11. gegen 07:20 Uhr meldeten sich unsere Pager und zur Verst\u00e4rkung die Sirene.<\/p>\n<p>Im OT M\u00f6nchehof kam es zu einer unbekannten Rauchentwicklung im Bereich einer Stra\u00dfe bzw. der Fuge zwischen Stra\u00dfe und Vorgarten eines Hauses.<br \/>\nBei unserem Eintreffen konnte kein direktes Feuer erkundet werden, jedoch war starker Brandgeruch wahrnehmbar. Ebenfalls war die ganze Stra\u00dfe stromlos. Vermutlich kam es in diesem Bereich zu einem unterirdischen Kabelbrand oder Kurzschluss. Ein Energieversorger war im weiteren Verlauf ebenfalls vor Ort und begab sich auf die Suche nach der Ursache. Wie sich sp\u00e4ter herausstellte waren noch mehr Teile unseres Ortes zur selben Zeit ohne Strom. Ob unser Einsatz damit zu tun hatte oder der Grund daf\u00fcr war, konnte noch nicht gekl\u00e4rt werden.<br \/>\nNach ca. einer Stunde konnten wir wieder einr\u00fccken.<\/p>\n<p>(c) J. Menne<br \/><\/p>\n","protected":false},"author":2,"featured_media":0,"template":"","meta":{"einsatz_weight":1,"footnotes":""},"categories":[],"einsatzart":[3],"fahrzeug":[16,23],"exteinsatzmittel":[48],"alarmierungsart":[31],"evw_unit":[],"class_list":["post-1428","einsatz","type-einsatz","status-publish","hentry","einsatzart-brandeinsatz","fahrzeug-hlf","fahrzeug-stlf","exteinsatzmittel-eam-kassel","alarmierungsart-vollalarm"],"_links":{"self":[{"href":"https:\/\/feuerwehr-espenau.de\/index.php\/wp-json\/wp\/v2\/einsatz\/1428","targetHints":{"allow":["GET"]}}],"collection":[{"href":"https:\/\/feuerwehr-espenau.de\/index.php\/wp-json\/wp\/v2\/einsatz"}],"about":[{"href":"https:\/\/feuerwehr-espenau.de\/index.php\/wp-json\/wp\/v2\/types\/einsatz"}],"author":[{"embeddable":true,"href":"https:\/\/feuerwehr-espenau.de\/index.php\/wp-json\/wp\/v2\/users\/2"}],"version-history":[{"count":3,"href":"https:\/\/feuerwehr-espenau.de\/index.php\/wp-json\/wp\/v2\/einsatz\/1428\/revisions"}],"predecessor-version":[{"id":1907,"href":"https:\/\/feuerwehr-espenau.de\/index.php\/wp-json\/wp\/v2\/einsatz\/1428\/revisions\/1907"}],"wp:attachment":[{"href":"https:\/\/feuerwehr-espenau.de\/index.php\/wp-json\/wp\/v2\/media?parent=1428"}],"wp:term":[{"taxonomy":"category","embeddable":true,"href":"https:\/\/feuerwehr-espenau.de\/index.php\/wp-json\/wp\/v2\/categories?post=1428"},{"taxonomy":"einsatzart","embeddable":true,"href":"https:\/\/feuerwehr-espenau.de\/index.php\/wp-json\/wp\/v2\/einsatzart?post=1428"},{"taxonomy":"fahrzeug","embeddable":true,"href":"https:\/\/feuerwehr-espenau.de\/index.php\/wp-json\/wp\/v2\/fahrzeug?post=1428"},{"taxonomy":"exteinsatzmittel","embeddable":true,"href":"https:\/\/feuerwehr-espenau.de\/index.php\/wp-json\/wp\/v2\/exteinsatzmittel?post=1428"},{"taxonomy":"alarmierungsart","embeddable":true,"href":"https:\/\/feuerwehr-espenau.de\/index.php\/wp-json\/wp\/v2\/alarmierungsart?post=1428"},{"taxonomy":"evw_unit","embeddable":true,"href":"https:\/\/feuerwehr-espenau.de\/index.php\/wp-json\/wp\/v2\/evw_unit?post=1428"}],"curies":[{"name":"wp","href":"https:\/\/api.w.org\/{rel}","templated":true}]}}

<p>
        <strong>Datum:</strong> 05.11.2019<br />
        <strong>Einsatznummer:</strong> 40-2019<br />
	<strong>Alarmzeit:</strong> 7:23 Uhr<br />
	<strong>Alarmierungsart:</strong> Vollalarm<br />
	<strong>Art: </strong><span style="color: #db5432">Brandeinsatz</span><br />
	<strong>Einsatzort:</strong> Espenau-Mönchehof</p>
<p>	<strong>Fahrzeuge:</strong> <a href="https://feuerwehr-espenau.de/index.php/ueber-uns/fahrzeuge/hilfeleistungsloeschgruppenfahrzeug/" title="Mehr Informationen zu Hilfeleistungslöschgruppenfahrzeug 20/16">Hilfeleistungslöschgruppenfahrzeug 20/16</a>, <a href="https://feuerwehr-espenau.de/index.php/ueber-uns/fahrzeuge/staffelloeschfahrzeug/" title="Mehr Informationen zu Staffellöschfahrzeug 20/25">Staffellöschfahrzeug 20/25</a></p>
<p>	<strong>Weitere Kräfte:</strong> <a href="https://www.eam.de/" title="Mehr Informationen zu EAM Kassel" target="_blank">EAM Kassel</a>
</p>
<hr>
<h2>Einsatzbericht:</h2>
<p>Am Morgen des 05.11. gegen 07:20 Uhr meldeten sich unsere Pager und zur Verstärkung die Sirene.</p>
<p>Im OT Mönchehof kam es zu einer unbekannten Rauchentwicklung im Bereich einer Straße bzw. der Fuge zwischen Straße und Vorgarten eines Hauses.<br />
Bei unserem Eintreffen konnte kein direktes Feuer erkundet werden, jedoch war starker Brandgeruch wahrnehmbar. Ebenfalls war die ganze Straße stromlos. Vermutlich kam es in diesem Bereich zu einem unterirdischen Kabelbrand oder Kurzschluss. Ein Energieversorger war im weiteren Verlauf ebenfalls vor Ort und begab sich auf die Suche nach der Ursache. Wie sich später herausstellte waren noch mehr Teile unseres Ortes zur selben Zeit ohne Strom. Ob unser Einsatz damit zu tun hatte oder der Grund dafür war, konnte noch nicht geklärt werden.<br />
Nach ca. einer Stunde konnten wir wieder einrücken.</p>
<p>(c) J. Menne<br /></p>
