{"id":1695,"date":"2020-06-15T03:13:00","date_gmt":"2020-06-15T01:13:00","guid":{"rendered":"http:\/\/feuerwehr-espenau.de\/?post_type=einsatz&#038;p=1695"},"modified":"2020-06-17T10:04:08","modified_gmt":"2020-06-17T08:04:08","slug":"unwetterlage-iuk","status":"publish","type":"einsatz","link":"https:\/\/feuerwehr-espenau.de\/index.php\/einsatzberichte\/unwetterlage-iuk\/","title":{"rendered":"Unwetterlage (IuK)"},"content":{"rendered":"<p>\n        <strong>Datum:<\/strong> 15.06.2020<br \/>\n        <strong>Einsatznummer:<\/strong> 19-2020<br \/>\n\t<strong>Alarmzeit:<\/strong> 3:13 Uhr<br \/>\n\t<strong>Alarmierungsart:<\/strong> Pager<br \/>\n\t<strong>Art: <\/strong><span style=\"color: #1e73be\">Technische Hilfeleistung<\/span><br \/>\n\t<strong>Einsatzort:<\/strong> Niestetal<\/p>\n<p>\t<strong>Fahrzeuge:<\/strong> <a href=\"https:\/\/feuerwehr-espenau.de\/index.php\/ueber-uns\/fahrzeuge\/geraetewagen-information-kommunikation\/\" title=\"Mehr Informationen zu Ger\u00e4tewagen Information und Kommunikation\">Ger\u00e4tewagen Information und Kommunikation<\/a><\/p>\n<p>\t<strong>Weitere Kr\u00e4fte:<\/strong> <a href=\"http:\/\/www.facebook.com\/IuKLKKS\" title=\"Mehr Informationen zu TEL LK Kassel \/ IuK Gruppe\" target=\"_blank\">TEL LK Kassel \/ IuK Gruppe<\/a>, <a href=\"http:\/\/kfv-kassel-land.de\/\" title=\"Mehr Informationen zu Umliegende Feuerwehren\" target=\"_blank\">Umliegende Feuerwehren<\/a>\n<\/p>\n<hr>\n<h2>Einsatzbericht:<\/h2>\n<p>Am 15.06.2020 um 03:13 Uhr, wurde die IuK-Gruppe zur Unwetterlage im Landkreis Kassel alarmiert.<\/p>\n<p>Es wurde zun\u00e4chst der Stabsraum in der Leitstelle Kassel besetzt um die Einsatzschwerpunkte zu ermitteln. Da es sich schnell abzeichnete, dass ein Schwerpunkt im Bereich Nieste und Niestetal entstand, wurde umgehend der ELW2 und der GW-IuK als \u00f6rtliche Technische Einsatzleitung nach Nieste verlegt.<\/p>\n<p>Dort angekommen, unterst\u00fctzen die Kameraden die \u00f6rtliche Einsatzleitung bei der Koordination der Einsatzkr\u00e4fte und der Versorgung. Es wurde auch eine abgesetzte Organisationsstelle eingerichtet.<\/p>\n<p>Um 15:30 Uhr konnten die Einheiten der IuK-Gruppe wieder zur ihren Standorten nach Vellmar und Espenau einr\u00fccken.<br \/><\/p>\n","protected":false},"author":2,"featured_media":0,"template":"","meta":{"einsatz_weight":1,"footnotes":""},"categories":[],"einsatzart":[25],"fahrzeug":[14],"exteinsatzmittel":[26,29],"alarmierungsart":[38],"evw_unit":[],"class_list":["post-1695","einsatz","type-einsatz","status-publish","hentry","einsatzart-technische-hilfeleistung","fahrzeug-gw-iuk","exteinsatzmittel-tel-lk-kassel-iuk-gruppe","exteinsatzmittel-umliegende-feuerwehren","alarmierungsart-pager"],"_links":{"self":[{"href":"https:\/\/feuerwehr-espenau.de\/index.php\/wp-json\/wp\/v2\/einsatz\/1695","targetHints":{"allow":["GET"]}}],"collection":[{"href":"https:\/\/feuerwehr-espenau.de\/index.php\/wp-json\/wp\/v2\/einsatz"}],"about":[{"href":"https:\/\/feuerwehr-espenau.de\/index.php\/wp-json\/wp\/v2\/types\/einsatz"}],"author":[{"embeddable":true,"href":"https:\/\/feuerwehr-espenau.de\/index.php\/wp-json\/wp\/v2\/users\/2"}],"version-history":[{"count":6,"href":"https:\/\/feuerwehr-espenau.de\/index.php\/wp-json\/wp\/v2\/einsatz\/1695\/revisions"}],"predecessor-version":[{"id":1704,"href":"https:\/\/feuerwehr-espenau.de\/index.php\/wp-json\/wp\/v2\/einsatz\/1695\/revisions\/1704"}],"wp:attachment":[{"href":"https:\/\/feuerwehr-espenau.de\/index.php\/wp-json\/wp\/v2\/media?parent=1695"}],"wp:term":[{"taxonomy":"category","embeddable":true,"href":"https:\/\/feuerwehr-espenau.de\/index.php\/wp-json\/wp\/v2\/categories?post=1695"},{"taxonomy":"einsatzart","embeddable":true,"href":"https:\/\/feuerwehr-espenau.de\/index.php\/wp-json\/wp\/v2\/einsatzart?post=1695"},{"taxonomy":"fahrzeug","embeddable":true,"href":"https:\/\/feuerwehr-espenau.de\/index.php\/wp-json\/wp\/v2\/fahrzeug?post=1695"},{"taxonomy":"exteinsatzmittel","embeddable":true,"href":"https:\/\/feuerwehr-espenau.de\/index.php\/wp-json\/wp\/v2\/exteinsatzmittel?post=1695"},{"taxonomy":"alarmierungsart","embeddable":true,"href":"https:\/\/feuerwehr-espenau.de\/index.php\/wp-json\/wp\/v2\/alarmierungsart?post=1695"},{"taxonomy":"evw_unit","embeddable":true,"href":"https:\/\/feuerwehr-espenau.de\/index.php\/wp-json\/wp\/v2\/evw_unit?post=1695"}],"curies":[{"name":"wp","href":"https:\/\/api.w.org\/{rel}","templated":true}]}}

<p>
        <strong>Datum:</strong> 15.06.2020<br />
        <strong>Einsatznummer:</strong> 19-2020<br />
	<strong>Alarmzeit:</strong> 3:13 Uhr<br />
	<strong>Alarmierungsart:</strong> Pager<br />
	<strong>Art: </strong><span style="color: #1e73be">Technische Hilfeleistung</span><br />
	<strong>Einsatzort:</strong> Niestetal</p>
<p>	<strong>Fahrzeuge:</strong> <a href="https://feuerwehr-espenau.de/index.php/ueber-uns/fahrzeuge/geraetewagen-information-kommunikation/" title="Mehr Informationen zu Gerätewagen Information und Kommunikation">Gerätewagen Information und Kommunikation</a></p>
<p>	<strong>Weitere Kräfte:</strong> <a href="http://www.facebook.com/IuKLKKS" title="Mehr Informationen zu TEL LK Kassel / IuK Gruppe" target="_blank">TEL LK Kassel / IuK Gruppe</a>, <a href="http://kfv-kassel-land.de/" title="Mehr Informationen zu Umliegende Feuerwehren" target="_blank">Umliegende Feuerwehren</a>
</p>
<hr>
<h2>Einsatzbericht:</h2>
<p>Am 15.06.2020 um 03:13 Uhr, wurde die IuK-Gruppe zur Unwetterlage im Landkreis Kassel alarmiert.</p>
<p>Es wurde zunächst der Stabsraum in der Leitstelle Kassel besetzt um die Einsatzschwerpunkte zu ermitteln. Da es sich schnell abzeichnete, dass ein Schwerpunkt im Bereich Nieste und Niestetal entstand, wurde umgehend der ELW2 und der GW-IuK als örtliche Technische Einsatzleitung nach Nieste verlegt.</p>
<p>Dort angekommen, unterstützen die Kameraden die örtliche Einsatzleitung bei der Koordination der Einsatzkräfte und der Versorgung. Es wurde auch eine abgesetzte Organisationsstelle eingerichtet.</p>
<p>Um 15:30 Uhr konnten die Einheiten der IuK-Gruppe wieder zur ihren Standorten nach Vellmar und Espenau einrücken.<br /></p>
