{"id":2093,"date":"2021-02-20T08:45:00","date_gmt":"2021-02-20T07:45:00","guid":{"rendered":"http:\/\/feuerwehr-espenau.de\/?post_type=einsatz&#038;p=2093"},"modified":"2021-02-26T09:04:24","modified_gmt":"2021-02-26T08:04:24","slug":"f3-scheunenbrand-nachschloescharbeiten","status":"publish","type":"einsatz","link":"https:\/\/feuerwehr-espenau.de\/index.php\/einsatzberichte\/f3-scheunenbrand-nachschloescharbeiten\/","title":{"rendered":"F3 \/ Scheunenbrand (Brandnachschau)"},"content":{"rendered":"<p>\n        <strong>Datum:<\/strong> 20.02.2021<br \/>\n        <strong>Einsatznummer:<\/strong> 05-2021<br \/>\n\t<strong>Alarmzeit:<\/strong> 8:45 Uhr<br \/>\n\t<strong>Alarmierungsart:<\/strong> Pager<br \/>\n\t<strong>Art: <\/strong><span style=\"color: #db5432\">Brandeinsatz<\/span><br \/>\n\t<strong>Einsatzort:<\/strong> Espenau-Hohenkirchen<\/p>\n<p>\t<strong>Fahrzeuge:<\/strong> <a href=\"https:\/\/feuerwehr-espenau.de\/index.php\/ueber-uns\/fahrzeuge\/hilfeleistungsloeschgruppenfahrzeug\/\" title=\"Mehr Informationen zu Hilfeleistungsl\u00f6schgruppenfahrzeug 20\/16\">Hilfeleistungsl\u00f6schgruppenfahrzeug 20\/16<\/a>, <a href=\"https:\/\/feuerwehr-espenau.de\/index.php\/ueber-uns\/fahrzeuge\/staffelloeschfahrzeug\/\" title=\"Mehr Informationen zu Staffell\u00f6schfahrzeug 20\/25\">Staffell\u00f6schfahrzeug 20\/25<\/a><\/p>\n<p>\t<strong>Weitere Kr\u00e4fte:<\/strong> &#8211;\n<\/p>\n<hr>\n<h2>Einsatzbericht:<\/h2>\n<p>Am sp\u00e4ten Abend des 19. Februar kam es aus unklarer Ursache zum Brand einer Scheune im Ortsteil Hohenkirchen.<\/p>\n<p>Der Dachstuhl der Scheune stand bereits in Vollbrand, als die ersten Kr\u00e4fte eintrafen. Zu erst wurde eine Riegelstellung aufgebaut um ein angrenzendes Geb\u00e4ude vor einem Flammen\u00fcberschlag zu sch\u00fctzen.<br \/>\nZeitgleich mit uns wurde die Freiwillige Feuerwehr Immenhausen alarmiert, welche mit ihrer Drehleiter weitere L\u00f6schma\u00dfnahmen von oben durchf\u00fchrte.<br \/>\nNeben den Einsatzkr\u00e4ften der Feuerwehr war der Rettungsdienst, sowie die Polizei Nordhessen vor Ort.<br \/>\nDurch immer wieder neu entdeckte und aufflammende Glutnester, dauerten die L\u00f6scharbeiten bis in die fr\u00fchen Morgenstunden an.<br \/>\nUm einer erneuten Entz\u00fcndung vorzubeugen wurde im weiteren Verlauf Schaum als L\u00f6schmittel eingesetzt und eine Brandwache bis ca. 03:00 Uhr gestellt.<br \/>\nNoch w\u00e4hrend des laufenden Brandeinsatzes erfolgte durch die Leitstelle Kassel die Info \u00fcber einen neuen Einsatz, der durch unser HLF \u00fcbernommen und abgearbeitet wurde.<br \/>\nAm Morgen gegen 09:00 Uhr erfolgte dann eine erneute Alarmierung f\u00fcr Nachl\u00f6scharbeiten zur gleichen Einsatzstelle.<br \/>\nEine Anwohnerin nahm eine wieder zunehmende Rauchentwicklung wahr.<br \/>\nDaraufhin sind wieder entsprechende Glutnester abgel\u00f6scht und mit der W\u00e4rmebildkamera kontrolliert worden.<\/p>\n<p>Gegen Mittag wurden dann alle Schl\u00e4uche und Fahrzeuge wieder einsatzbereit gemacht, sodass die meisten von uns ihren fehlenden Schlaf darauf bei einem Nachmittagschl\u00e4fchen und fr\u00fchlingshaften Temperaturen nachholen konnten.<\/p>\n<p>Bericht: J.Menne<br \/><\/p>\n","protected":false},"author":2,"featured_media":0,"template":"","meta":{"einsatz_weight":1,"footnotes":""},"categories":[],"einsatzart":[3],"fahrzeug":[16,23],"exteinsatzmittel":[61],"alarmierungsart":[38],"evw_unit":[],"class_list":["post-2093","einsatz","type-einsatz","status-publish","hentry","einsatzart-brandeinsatz","fahrzeug-hlf","fahrzeug-stlf","exteinsatzmittel-61","alarmierungsart-pager"],"_links":{"self":[{"href":"https:\/\/feuerwehr-espenau.de\/index.php\/wp-json\/wp\/v2\/einsatz\/2093","targetHints":{"allow":["GET"]}}],"collection":[{"href":"https:\/\/feuerwehr-espenau.de\/index.php\/wp-json\/wp\/v2\/einsatz"}],"about":[{"href":"https:\/\/feuerwehr-espenau.de\/index.php\/wp-json\/wp\/v2\/types\/einsatz"}],"author":[{"embeddable":true,"href":"https:\/\/feuerwehr-espenau.de\/index.php\/wp-json\/wp\/v2\/users\/2"}],"version-history":[{"count":4,"href":"https:\/\/feuerwehr-espenau.de\/index.php\/wp-json\/wp\/v2\/einsatz\/2093\/revisions"}],"predecessor-version":[{"id":2107,"href":"https:\/\/feuerwehr-espenau.de\/index.php\/wp-json\/wp\/v2\/einsatz\/2093\/revisions\/2107"}],"wp:attachment":[{"href":"https:\/\/feuerwehr-espenau.de\/index.php\/wp-json\/wp\/v2\/media?parent=2093"}],"wp:term":[{"taxonomy":"category","embeddable":true,"href":"https:\/\/feuerwehr-espenau.de\/index.php\/wp-json\/wp\/v2\/categories?post=2093"},{"taxonomy":"einsatzart","embeddable":true,"href":"https:\/\/feuerwehr-espenau.de\/index.php\/wp-json\/wp\/v2\/einsatzart?post=2093"},{"taxonomy":"fahrzeug","embeddable":true,"href":"https:\/\/feuerwehr-espenau.de\/index.php\/wp-json\/wp\/v2\/fahrzeug?post=2093"},{"taxonomy":"exteinsatzmittel","embeddable":true,"href":"https:\/\/feuerwehr-espenau.de\/index.php\/wp-json\/wp\/v2\/exteinsatzmittel?post=2093"},{"taxonomy":"alarmierungsart","embeddable":true,"href":"https:\/\/feuerwehr-espenau.de\/index.php\/wp-json\/wp\/v2\/alarmierungsart?post=2093"},{"taxonomy":"evw_unit","embeddable":true,"href":"https:\/\/feuerwehr-espenau.de\/index.php\/wp-json\/wp\/v2\/evw_unit?post=2093"}],"curies":[{"name":"wp","href":"https:\/\/api.w.org\/{rel}","templated":true}]}}

<p>
        <strong>Datum:</strong> 20.02.2021<br />
        <strong>Einsatznummer:</strong> 05-2021<br />
	<strong>Alarmzeit:</strong> 8:45 Uhr<br />
	<strong>Alarmierungsart:</strong> Pager<br />
	<strong>Art: </strong><span style="color: #db5432">Brandeinsatz</span><br />
	<strong>Einsatzort:</strong> Espenau-Hohenkirchen</p>
<p>	<strong>Fahrzeuge:</strong> <a href="https://feuerwehr-espenau.de/index.php/ueber-uns/fahrzeuge/hilfeleistungsloeschgruppenfahrzeug/" title="Mehr Informationen zu Hilfeleistungslöschgruppenfahrzeug 20/16">Hilfeleistungslöschgruppenfahrzeug 20/16</a>, <a href="https://feuerwehr-espenau.de/index.php/ueber-uns/fahrzeuge/staffelloeschfahrzeug/" title="Mehr Informationen zu Staffellöschfahrzeug 20/25">Staffellöschfahrzeug 20/25</a></p>
<p>	<strong>Weitere Kräfte:</strong> &#8211;
</p>
<hr>
<h2>Einsatzbericht:</h2>
<p>Am späten Abend des 19. Februar kam es aus unklarer Ursache zum Brand einer Scheune im Ortsteil Hohenkirchen.</p>
<p>Der Dachstuhl der Scheune stand bereits in Vollbrand, als die ersten Kräfte eintrafen. Zu erst wurde eine Riegelstellung aufgebaut um ein angrenzendes Gebäude vor einem Flammenüberschlag zu schützen.<br />
Zeitgleich mit uns wurde die Freiwillige Feuerwehr Immenhausen alarmiert, welche mit ihrer Drehleiter weitere Löschmaßnahmen von oben durchführte.<br />
Neben den Einsatzkräften der Feuerwehr war der Rettungsdienst, sowie die Polizei Nordhessen vor Ort.<br />
Durch immer wieder neu entdeckte und aufflammende Glutnester, dauerten die Löscharbeiten bis in die frühen Morgenstunden an.<br />
Um einer erneuten Entzündung vorzubeugen wurde im weiteren Verlauf Schaum als Löschmittel eingesetzt und eine Brandwache bis ca. 03:00 Uhr gestellt.<br />
Noch während des laufenden Brandeinsatzes erfolgte durch die Leitstelle Kassel die Info über einen neuen Einsatz, der durch unser HLF übernommen und abgearbeitet wurde.<br />
Am Morgen gegen 09:00 Uhr erfolgte dann eine erneute Alarmierung für Nachlöscharbeiten zur gleichen Einsatzstelle.<br />
Eine Anwohnerin nahm eine wieder zunehmende Rauchentwicklung wahr.<br />
Daraufhin sind wieder entsprechende Glutnester abgelöscht und mit der Wärmebildkamera kontrolliert worden.</p>
<p>Gegen Mittag wurden dann alle Schläuche und Fahrzeuge wieder einsatzbereit gemacht, sodass die meisten von uns ihren fehlenden Schlaf darauf bei einem Nachmittagschläfchen und frühlingshaften Temperaturen nachholen konnten.</p>
<p>Bericht: J.Menne<br /></p>
