{"id":2108,"date":"2021-02-21T09:41:00","date_gmt":"2021-02-21T08:41:00","guid":{"rendered":"http:\/\/feuerwehr-espenau.de\/?post_type=einsatz&#038;p=2108"},"modified":"2021-02-26T09:04:44","modified_gmt":"2021-02-26T08:04:44","slug":"h1-wasserschaden","status":"publish","type":"einsatz","link":"https:\/\/feuerwehr-espenau.de\/index.php\/einsatzberichte\/h1-wasserschaden\/","title":{"rendered":"H1 \/ Wasserschaden"},"content":{"rendered":"<p>\n        <strong>Datum:<\/strong> 21.02.2021<br \/>\n        <strong>Einsatznummer:<\/strong> 08-2021<br \/>\n\t<strong>Alarmzeit:<\/strong> 9:41 Uhr<br \/>\n\t<strong>Alarmierungsart:<\/strong> Pager<br \/>\n\t<strong>Art: <\/strong><span style=\"color: #1e73be\">Technische Hilfeleistung<\/span><br \/>\n\t<strong>Einsatzort:<\/strong> Espenau-Hohenkirchen<\/p>\n<p>\t<strong>Fahrzeuge:<\/strong> <a href=\"https:\/\/feuerwehr-espenau.de\/index.php\/ueber-uns\/fahrzeuge\/hilfeleistungsloeschgruppenfahrzeug\/\" title=\"Mehr Informationen zu Hilfeleistungsl\u00f6schgruppenfahrzeug 20\/16\">Hilfeleistungsl\u00f6schgruppenfahrzeug 20\/16<\/a><\/p>\n<p>\t<strong>Weitere Kr\u00e4fte:<\/strong> <a href=\"http:\/\/zkd-immenhausen-espenau.de\" title=\"Mehr Informationen zu ZKD Immenhausen-Espenau\" target=\"_blank\">ZKD Immenhausen-Espenau<\/a>\n<\/p>\n<hr>\n<h2>Einsatzbericht:<\/h2>\n<p>Und t\u00e4glich gr\u00fc\u00dft unser HLF&#8230;<br \/>\nAm Morgen des 21. Februar gegen 09:50 Uhr erfolgte der n\u00e4chste Alarm und lies einige von uns das Sonntagsfr\u00fchst\u00fcck unterbrechen.<br \/>\nEine Anwohner meldete, das eine gr\u00f6\u00dfere Menge Wasser aus einer Stra\u00dfenlaterne und dem Vorgarten seines Grundst\u00fccks l\u00e4uft.<br \/>\nVor Ort best\u00e4tigte sich diese Aussage und wir wurden durch eine sprudelnde Laterne und einer kleinen Quelle im Vorgarten begr\u00fc\u00dft. Vermutlich war ein unterirdischer Wasserrohrbruch die Ursache.<br \/>\nEin Eingreifen aus Sicht der Feuerwehr war jedoch nicht notwendig, weshalb die Einsatzstelle zeitnah wieder verlassen werden konnte.<br \/>\nAuch hier durfte der zust\u00e4ndige Wassermeister wieder t\u00e4tig werden und die Wasserleitung vorl\u00e4ufig abdrehen.<\/p>\n<p>Bericht: J.Menne<br \/><\/p>\n","protected":false},"author":2,"featured_media":0,"template":"","meta":{"einsatz_weight":1,"footnotes":""},"categories":[],"einsatzart":[25],"fahrzeug":[16],"exteinsatzmittel":[33],"alarmierungsart":[38],"evw_unit":[],"class_list":["post-2108","einsatz","type-einsatz","status-publish","hentry","einsatzart-technische-hilfeleistung","fahrzeug-hlf","exteinsatzmittel-zkd-immenhausen-espenau","alarmierungsart-pager"],"_links":{"self":[{"href":"https:\/\/feuerwehr-espenau.de\/index.php\/wp-json\/wp\/v2\/einsatz\/2108","targetHints":{"allow":["GET"]}}],"collection":[{"href":"https:\/\/feuerwehr-espenau.de\/index.php\/wp-json\/wp\/v2\/einsatz"}],"about":[{"href":"https:\/\/feuerwehr-espenau.de\/index.php\/wp-json\/wp\/v2\/types\/einsatz"}],"author":[{"embeddable":true,"href":"https:\/\/feuerwehr-espenau.de\/index.php\/wp-json\/wp\/v2\/users\/2"}],"version-history":[{"count":4,"href":"https:\/\/feuerwehr-espenau.de\/index.php\/wp-json\/wp\/v2\/einsatz\/2108\/revisions"}],"predecessor-version":[{"id":2119,"href":"https:\/\/feuerwehr-espenau.de\/index.php\/wp-json\/wp\/v2\/einsatz\/2108\/revisions\/2119"}],"wp:attachment":[{"href":"https:\/\/feuerwehr-espenau.de\/index.php\/wp-json\/wp\/v2\/media?parent=2108"}],"wp:term":[{"taxonomy":"category","embeddable":true,"href":"https:\/\/feuerwehr-espenau.de\/index.php\/wp-json\/wp\/v2\/categories?post=2108"},{"taxonomy":"einsatzart","embeddable":true,"href":"https:\/\/feuerwehr-espenau.de\/index.php\/wp-json\/wp\/v2\/einsatzart?post=2108"},{"taxonomy":"fahrzeug","embeddable":true,"href":"https:\/\/feuerwehr-espenau.de\/index.php\/wp-json\/wp\/v2\/fahrzeug?post=2108"},{"taxonomy":"exteinsatzmittel","embeddable":true,"href":"https:\/\/feuerwehr-espenau.de\/index.php\/wp-json\/wp\/v2\/exteinsatzmittel?post=2108"},{"taxonomy":"alarmierungsart","embeddable":true,"href":"https:\/\/feuerwehr-espenau.de\/index.php\/wp-json\/wp\/v2\/alarmierungsart?post=2108"},{"taxonomy":"evw_unit","embeddable":true,"href":"https:\/\/feuerwehr-espenau.de\/index.php\/wp-json\/wp\/v2\/evw_unit?post=2108"}],"curies":[{"name":"wp","href":"https:\/\/api.w.org\/{rel}","templated":true}]}}

<p>
        <strong>Datum:</strong> 21.02.2021<br />
        <strong>Einsatznummer:</strong> 08-2021<br />
	<strong>Alarmzeit:</strong> 9:41 Uhr<br />
	<strong>Alarmierungsart:</strong> Pager<br />
	<strong>Art: </strong><span style="color: #1e73be">Technische Hilfeleistung</span><br />
	<strong>Einsatzort:</strong> Espenau-Hohenkirchen</p>
<p>	<strong>Fahrzeuge:</strong> <a href="https://feuerwehr-espenau.de/index.php/ueber-uns/fahrzeuge/hilfeleistungsloeschgruppenfahrzeug/" title="Mehr Informationen zu Hilfeleistungslöschgruppenfahrzeug 20/16">Hilfeleistungslöschgruppenfahrzeug 20/16</a></p>
<p>	<strong>Weitere Kräfte:</strong> <a href="http://zkd-immenhausen-espenau.de" title="Mehr Informationen zu ZKD Immenhausen-Espenau" target="_blank">ZKD Immenhausen-Espenau</a>
</p>
<hr>
<h2>Einsatzbericht:</h2>
<p>Und täglich grüßt unser HLF&#8230;<br />
Am Morgen des 21. Februar gegen 09:50 Uhr erfolgte der nächste Alarm und lies einige von uns das Sonntagsfrühstück unterbrechen.<br />
Eine Anwohner meldete, das eine größere Menge Wasser aus einer Straßenlaterne und dem Vorgarten seines Grundstücks läuft.<br />
Vor Ort bestätigte sich diese Aussage und wir wurden durch eine sprudelnde Laterne und einer kleinen Quelle im Vorgarten begrüßt. Vermutlich war ein unterirdischer Wasserrohrbruch die Ursache.<br />
Ein Eingreifen aus Sicht der Feuerwehr war jedoch nicht notwendig, weshalb die Einsatzstelle zeitnah wieder verlassen werden konnte.<br />
Auch hier durfte der zuständige Wassermeister wieder tätig werden und die Wasserleitung vorläufig abdrehen.</p>
<p>Bericht: J.Menne<br /></p>
