{"id":2193,"date":"2021-05-06T15:30:00","date_gmt":"2021-05-06T13:30:00","guid":{"rendered":"https:\/\/feuerwehr-espenau.de\/?post_type=einsatz&#038;p=2193"},"modified":"2021-05-07T07:47:36","modified_gmt":"2021-05-07T05:47:36","slug":"h1-oelspur","status":"publish","type":"einsatz","link":"https:\/\/feuerwehr-espenau.de\/index.php\/einsatzberichte\/h1-oelspur\/","title":{"rendered":"H1 \/ \u00d6lspur"},"content":{"rendered":"<p>\n        <strong>Datum:<\/strong> 06.05.2021<br \/>\n        <strong>Einsatznummer:<\/strong> 19-2021<br \/>\n\t<strong>Alarmzeit:<\/strong> 15:30 Uhr<br \/>\n\t<strong>Alarmierungsart:<\/strong> Vollalarm<br \/>\n\t<strong>Art: <\/strong><span style=\"color: #1e73be\">Technische Hilfeleistung<\/span><br \/>\n\t<strong>Einsatzort:<\/strong> Espenau-M\u00f6nchehof<\/p>\n<p>\t<strong>Fahrzeuge:<\/strong> <a href=\"https:\/\/feuerwehr-espenau.de\/index.php\/ueber-uns\/fahrzeuge\/hilfeleistungsloeschgruppenfahrzeug\/\" title=\"Mehr Informationen zu Hilfeleistungsl\u00f6schgruppenfahrzeug 20\/16\">Hilfeleistungsl\u00f6schgruppenfahrzeug 20\/16<\/a><\/p>\n<p>\t<strong>Weitere Kr\u00e4fte:<\/strong> &#8211;\n<\/p>\n<hr>\n<h2>Einsatzbericht:<\/h2>\n<p>Am 06. Mai wurden wir \u00fcber Pager und Sirene gegen 15:30 zu einer \u00d6lspur in das Neubaugebiet, in M\u00f6nchehof alarmiert\ufffc.<br \/>\nDer Fahrer, eines PKW fuhr mit seinem Wagen an einen dort liegenden Stein und besch\u00e4digte dadurch seine \u00d6l-Wanne.<br \/>\nWir streuten den Bereich ab und nahmen das ausgelaufene \u00d6l mit Bindemittel auf.<\/p>\n<p>Nach ca. 20 Minuten war der Einsatz f\u00fcr uns beendet.<\/p>\n<p>Bericht: S.Sippel<br \/><\/p>\n","protected":false},"author":2,"featured_media":0,"template":"","meta":{"einsatz_weight":1,"footnotes":""},"categories":[],"einsatzart":[25],"fahrzeug":[16],"exteinsatzmittel":[61],"alarmierungsart":[31],"evw_unit":[],"class_list":["post-2193","einsatz","type-einsatz","status-publish","hentry","einsatzart-technische-hilfeleistung","fahrzeug-hlf","exteinsatzmittel-61","alarmierungsart-vollalarm"],"_links":{"self":[{"href":"https:\/\/feuerwehr-espenau.de\/index.php\/wp-json\/wp\/v2\/einsatz\/2193","targetHints":{"allow":["GET"]}}],"collection":[{"href":"https:\/\/feuerwehr-espenau.de\/index.php\/wp-json\/wp\/v2\/einsatz"}],"about":[{"href":"https:\/\/feuerwehr-espenau.de\/index.php\/wp-json\/wp\/v2\/types\/einsatz"}],"author":[{"embeddable":true,"href":"https:\/\/feuerwehr-espenau.de\/index.php\/wp-json\/wp\/v2\/users\/2"}],"version-history":[{"count":5,"href":"https:\/\/feuerwehr-espenau.de\/index.php\/wp-json\/wp\/v2\/einsatz\/2193\/revisions"}],"predecessor-version":[{"id":2199,"href":"https:\/\/feuerwehr-espenau.de\/index.php\/wp-json\/wp\/v2\/einsatz\/2193\/revisions\/2199"}],"wp:attachment":[{"href":"https:\/\/feuerwehr-espenau.de\/index.php\/wp-json\/wp\/v2\/media?parent=2193"}],"wp:term":[{"taxonomy":"category","embeddable":true,"href":"https:\/\/feuerwehr-espenau.de\/index.php\/wp-json\/wp\/v2\/categories?post=2193"},{"taxonomy":"einsatzart","embeddable":true,"href":"https:\/\/feuerwehr-espenau.de\/index.php\/wp-json\/wp\/v2\/einsatzart?post=2193"},{"taxonomy":"fahrzeug","embeddable":true,"href":"https:\/\/feuerwehr-espenau.de\/index.php\/wp-json\/wp\/v2\/fahrzeug?post=2193"},{"taxonomy":"exteinsatzmittel","embeddable":true,"href":"https:\/\/feuerwehr-espenau.de\/index.php\/wp-json\/wp\/v2\/exteinsatzmittel?post=2193"},{"taxonomy":"alarmierungsart","embeddable":true,"href":"https:\/\/feuerwehr-espenau.de\/index.php\/wp-json\/wp\/v2\/alarmierungsart?post=2193"},{"taxonomy":"evw_unit","embeddable":true,"href":"https:\/\/feuerwehr-espenau.de\/index.php\/wp-json\/wp\/v2\/evw_unit?post=2193"}],"curies":[{"name":"wp","href":"https:\/\/api.w.org\/{rel}","templated":true}]}}

H1 / Ölspur

<p>
        <strong>Datum:</strong> 06.05.2021<br />
        <strong>Einsatznummer:</strong> 19-2021<br />
	<strong>Alarmzeit:</strong> 15:30 Uhr<br />
	<strong>Alarmierungsart:</strong> Vollalarm<br />
	<strong>Art: </strong><span style="color: #1e73be">Technische Hilfeleistung</span><br />
	<strong>Einsatzort:</strong> Espenau-Mönchehof</p>
<p>	<strong>Fahrzeuge:</strong> <a href="https://feuerwehr-espenau.de/index.php/ueber-uns/fahrzeuge/hilfeleistungsloeschgruppenfahrzeug/" title="Mehr Informationen zu Hilfeleistungslöschgruppenfahrzeug 20/16">Hilfeleistungslöschgruppenfahrzeug 20/16</a></p>
<p>	<strong>Weitere Kräfte:</strong> &#8211;
</p>
<hr>
<h2>Einsatzbericht:</h2>
<p>Am 06. Mai wurden wir über Pager und Sirene gegen 15:30 zu einer Ölspur in das Neubaugebiet, in Mönchehof alarmiert￼.<br />
Der Fahrer, eines PKW fuhr mit seinem Wagen an einen dort liegenden Stein und beschädigte dadurch seine Öl-Wanne.<br />
Wir streuten den Bereich ab und nahmen das ausgelaufene Öl mit Bindemittel auf.</p>
<p>Nach ca. 20 Minuten war der Einsatz für uns beendet.</p>
<p>Bericht: S.Sippel<br /></p>
