{"id":2213,"date":"2021-05-17T15:43:00","date_gmt":"2021-05-17T13:43:00","guid":{"rendered":"https:\/\/feuerwehr-espenau.de\/?post_type=einsatz&#038;p=2213"},"modified":"2021-05-17T17:15:45","modified_gmt":"2021-05-17T15:15:45","slug":"h1-tragehilfe","status":"publish","type":"einsatz","link":"https:\/\/feuerwehr-espenau.de\/index.php\/einsatzberichte\/h1-tragehilfe\/","title":{"rendered":"H1 \/ Tragehilfe Rettungsdienst"},"content":{"rendered":"<p>\n        <strong>Datum:<\/strong> 17.05.2021<br \/>\n        <strong>Einsatznummer:<\/strong> 23-2021<br \/>\n\t<strong>Alarmzeit:<\/strong> 15:43 Uhr<br \/>\n\t<strong>Alarmierungsart:<\/strong> Vollalarm<br \/>\n\t<strong>Art: <\/strong><span style=\"color: #1e73be\">Technische Hilfeleistung<\/span><br \/>\n\t<strong>Einsatzort:<\/strong> Espenau-M\u00f6nchehof<\/p>\n<p>\t<strong>Fahrzeuge:<\/strong> <a href=\"https:\/\/feuerwehr-espenau.de\/index.php\/ueber-uns\/fahrzeuge\/staffelloeschfahrzeug\/\" title=\"Mehr Informationen zu Staffell\u00f6schfahrzeug 20\/25\">Staffell\u00f6schfahrzeug 20\/25<\/a><\/p>\n<p>\t<strong>Weitere Kr\u00e4fte:<\/strong> <a href=\"https:\/\/www.kassel.de\/einrichtungen\/feuerwehr\/rubrik2-1\/index.php\" title=\"Mehr Informationen zu Notarzt\" target=\"_blank\">Notarzt<\/a>, <a href=\"https:\/\/www.kassel.de\/einrichtungen\/feuerwehr\/rubrik2-1\/index.php\" title=\"Mehr Informationen zu Rettungsdienst\" target=\"_blank\">Rettungsdienst<\/a>\n<\/p>\n<hr>\n<h2>Einsatzbericht:<\/h2>\n<p>Am 17.05. ben\u00f6tigte der Rettungsdienst unsere Unterst\u00fctzung in Form einer Tragehilfe.<span class=\"text_exposed_show\"><br \/>\n<\/span><\/p>\n<p><span class=\"text_exposed_show\"> Info:<br \/>\nZur Tragehilfe werden wir meistens aus folgenden Gr\u00fcnden alarmiert:<\/span><\/p>\n<div class=\"text_exposed_show\">\n<p>&#8211; wenn der Transport einer Person allein durch das Rettungsdienstpersonal aufgrund bauartbedingter Gegebenheiten nicht m\u00f6glich ist<br \/>\n&#8211; wegen hohen K\u00f6rpergewichts<br \/>\n&#8211; \u00e4u\u00dferst ung\u00fcnstige\/missliche Lage der Person<br \/>\n&#8211; wenn ein m\u00f6glichst schonender Transport n\u00f6tig ist<\/p>\n<p>&#8230;. einfach gesagt immer dann, wenn Frauen- und Men-Power gebraucht werden!<\/p>\n<p>Bericht: J. Menne<\/p>\n<\/div>\n<p>&nbsp;<br \/><\/p>\n","protected":false},"author":2,"featured_media":0,"template":"","meta":{"einsatz_weight":1,"footnotes":""},"categories":[],"einsatzart":[25],"fahrzeug":[23],"exteinsatzmittel":[20,22],"alarmierungsart":[31],"evw_unit":[],"class_list":["post-2213","einsatz","type-einsatz","status-publish","hentry","einsatzart-technische-hilfeleistung","fahrzeug-stlf","exteinsatzmittel-notarzt","exteinsatzmittel-rettungsdienst","alarmierungsart-vollalarm"],"_links":{"self":[{"href":"https:\/\/feuerwehr-espenau.de\/index.php\/wp-json\/wp\/v2\/einsatz\/2213","targetHints":{"allow":["GET"]}}],"collection":[{"href":"https:\/\/feuerwehr-espenau.de\/index.php\/wp-json\/wp\/v2\/einsatz"}],"about":[{"href":"https:\/\/feuerwehr-espenau.de\/index.php\/wp-json\/wp\/v2\/types\/einsatz"}],"author":[{"embeddable":true,"href":"https:\/\/feuerwehr-espenau.de\/index.php\/wp-json\/wp\/v2\/users\/2"}],"version-history":[{"count":3,"href":"https:\/\/feuerwehr-espenau.de\/index.php\/wp-json\/wp\/v2\/einsatz\/2213\/revisions"}],"predecessor-version":[{"id":2216,"href":"https:\/\/feuerwehr-espenau.de\/index.php\/wp-json\/wp\/v2\/einsatz\/2213\/revisions\/2216"}],"wp:attachment":[{"href":"https:\/\/feuerwehr-espenau.de\/index.php\/wp-json\/wp\/v2\/media?parent=2213"}],"wp:term":[{"taxonomy":"category","embeddable":true,"href":"https:\/\/feuerwehr-espenau.de\/index.php\/wp-json\/wp\/v2\/categories?post=2213"},{"taxonomy":"einsatzart","embeddable":true,"href":"https:\/\/feuerwehr-espenau.de\/index.php\/wp-json\/wp\/v2\/einsatzart?post=2213"},{"taxonomy":"fahrzeug","embeddable":true,"href":"https:\/\/feuerwehr-espenau.de\/index.php\/wp-json\/wp\/v2\/fahrzeug?post=2213"},{"taxonomy":"exteinsatzmittel","embeddable":true,"href":"https:\/\/feuerwehr-espenau.de\/index.php\/wp-json\/wp\/v2\/exteinsatzmittel?post=2213"},{"taxonomy":"alarmierungsart","embeddable":true,"href":"https:\/\/feuerwehr-espenau.de\/index.php\/wp-json\/wp\/v2\/alarmierungsart?post=2213"},{"taxonomy":"evw_unit","embeddable":true,"href":"https:\/\/feuerwehr-espenau.de\/index.php\/wp-json\/wp\/v2\/evw_unit?post=2213"}],"curies":[{"name":"wp","href":"https:\/\/api.w.org\/{rel}","templated":true}]}}

<p>
        <strong>Datum:</strong> 17.05.2021<br />
        <strong>Einsatznummer:</strong> 23-2021<br />
	<strong>Alarmzeit:</strong> 15:43 Uhr<br />
	<strong>Alarmierungsart:</strong> Vollalarm<br />
	<strong>Art: </strong><span style="color: #1e73be">Technische Hilfeleistung</span><br />
	<strong>Einsatzort:</strong> Espenau-Mönchehof</p>
<p>	<strong>Fahrzeuge:</strong> <a href="https://feuerwehr-espenau.de/index.php/ueber-uns/fahrzeuge/staffelloeschfahrzeug/" title="Mehr Informationen zu Staffellöschfahrzeug 20/25">Staffellöschfahrzeug 20/25</a></p>
<p>	<strong>Weitere Kräfte:</strong> <a href="https://www.kassel.de/einrichtungen/feuerwehr/rubrik2-1/index.php" title="Mehr Informationen zu Notarzt" target="_blank">Notarzt</a>, <a href="https://www.kassel.de/einrichtungen/feuerwehr/rubrik2-1/index.php" title="Mehr Informationen zu Rettungsdienst" target="_blank">Rettungsdienst</a>
</p>
<hr>
<h2>Einsatzbericht:</h2>
<p>Am 17.05. benötigte der Rettungsdienst unsere Unterstützung in Form einer Tragehilfe.<span class="text_exposed_show"><br />
</span></p>
<p><span class="text_exposed_show"> Info:<br />
Zur Tragehilfe werden wir meistens aus folgenden Gründen alarmiert:</span></p>
<div class="text_exposed_show">
<p>&#8211; wenn der Transport einer Person allein durch das Rettungsdienstpersonal aufgrund bauartbedingter Gegebenheiten nicht möglich ist<br />
&#8211; wegen hohen Körpergewichts<br />
&#8211; äußerst ungünstige/missliche Lage der Person<br />
&#8211; wenn ein möglichst schonender Transport nötig ist</p>
<p>&#8230;. einfach gesagt immer dann, wenn Frauen- und Men-Power gebraucht werden!</p>
<p>Bericht: J. Menne</p>
</div>
<p>&nbsp;<br /></p>
