{"id":2389,"date":"2021-11-01T07:50:00","date_gmt":"2021-11-01T06:50:00","guid":{"rendered":"https:\/\/feuerwehr-espenau.de\/?post_type=einsatz&#038;p=2389"},"modified":"2021-11-01T17:36:51","modified_gmt":"2021-11-01T16:36:51","slug":"h1-oelspur-4","status":"publish","type":"einsatz","link":"https:\/\/feuerwehr-espenau.de\/index.php\/einsatzberichte\/h1-oelspur-4\/","title":{"rendered":"H1 \/ \u00d6lspur"},"content":{"rendered":"<p>\n        <strong>Datum:<\/strong> 01.11.2021<br \/>\n        <strong>Einsatznummer:<\/strong> 74-2021<br \/>\n\t<strong>Alarmzeit:<\/strong> 7:50 Uhr<br \/>\n\t<strong>Alarmierungsart:<\/strong> Vollalarm<br \/>\n\t<strong>Art: <\/strong><span style=\"color: #1e73be\">Technische Hilfeleistung<\/span><br \/>\n\t<strong>Einsatzort:<\/strong> Espenau-Sch\u00e4ferberg<\/p>\n<p>\t<strong>Fahrzeuge:<\/strong> <a href=\"https:\/\/feuerwehr-espenau.de\/index.php\/ueber-uns\/fahrzeuge\/hilfeleistungsloeschgruppenfahrzeug\/\" title=\"Mehr Informationen zu Hilfeleistungsl\u00f6schgruppenfahrzeug 20\/16\">Hilfeleistungsl\u00f6schgruppenfahrzeug 20\/16<\/a>, <a href=\"https:\/\/feuerwehr-espenau.de\/index.php\/ueber-uns\/fahrzeuge\/geraetewagen-logistik-1\/\" title=\"Mehr Informationen zu Ger\u00e4tewagen Logistik 1\">Ger\u00e4tewagen Logistik 1<\/a><\/p>\n<p>\t<strong>Weitere Kr\u00e4fte:<\/strong> <a href=\"http:\/\/mobil.hessen.de\/\" title=\"Mehr Informationen zu Stra\u00dfenmeisterei (Hessen Mobil)\" target=\"_blank\">Stra\u00dfenmeisterei (Hessen Mobil)<\/a>\n<\/p>\n<hr>\n<h2>Einsatzbericht:<\/h2>\n<p>P\u00fcnktlich zum Wochenstart, am 01.11.21 wurden wir gegen 7:50 via Pager und Sirene zu einer \u00d6lspur an den Sch\u00e4ferberg alarmiert.<\/p>\n<p>Wir nahmen die ausgelaufenen Betriebsstoffe auf und reinigten die Fahrbahn.<br \/>\nNach etwa einer Stunde war der Einsatz f\u00fcr uns beendet und wir konnten wieder einr\u00fccken. Mit uns im Einsatz war ein Fahrzeug der Stra\u00dfenmeisterei.<\/p>\n<p>Bericht: J.Menne<br \/><\/p>\n","protected":false},"author":2,"featured_media":0,"template":"","meta":{"einsatz_weight":1,"footnotes":""},"categories":[],"einsatzart":[25],"fahrzeug":[15,16],"exteinsatzmittel":[24],"alarmierungsart":[31],"evw_unit":[],"class_list":["post-2389","einsatz","type-einsatz","status-publish","hentry","einsatzart-technische-hilfeleistung","fahrzeug-gw-l","fahrzeug-hlf","exteinsatzmittel-strassenmeisterei","alarmierungsart-vollalarm"],"_links":{"self":[{"href":"https:\/\/feuerwehr-espenau.de\/index.php\/wp-json\/wp\/v2\/einsatz\/2389","targetHints":{"allow":["GET"]}}],"collection":[{"href":"https:\/\/feuerwehr-espenau.de\/index.php\/wp-json\/wp\/v2\/einsatz"}],"about":[{"href":"https:\/\/feuerwehr-espenau.de\/index.php\/wp-json\/wp\/v2\/types\/einsatz"}],"author":[{"embeddable":true,"href":"https:\/\/feuerwehr-espenau.de\/index.php\/wp-json\/wp\/v2\/users\/2"}],"version-history":[{"count":2,"href":"https:\/\/feuerwehr-espenau.de\/index.php\/wp-json\/wp\/v2\/einsatz\/2389\/revisions"}],"predecessor-version":[{"id":2391,"href":"https:\/\/feuerwehr-espenau.de\/index.php\/wp-json\/wp\/v2\/einsatz\/2389\/revisions\/2391"}],"wp:attachment":[{"href":"https:\/\/feuerwehr-espenau.de\/index.php\/wp-json\/wp\/v2\/media?parent=2389"}],"wp:term":[{"taxonomy":"category","embeddable":true,"href":"https:\/\/feuerwehr-espenau.de\/index.php\/wp-json\/wp\/v2\/categories?post=2389"},{"taxonomy":"einsatzart","embeddable":true,"href":"https:\/\/feuerwehr-espenau.de\/index.php\/wp-json\/wp\/v2\/einsatzart?post=2389"},{"taxonomy":"fahrzeug","embeddable":true,"href":"https:\/\/feuerwehr-espenau.de\/index.php\/wp-json\/wp\/v2\/fahrzeug?post=2389"},{"taxonomy":"exteinsatzmittel","embeddable":true,"href":"https:\/\/feuerwehr-espenau.de\/index.php\/wp-json\/wp\/v2\/exteinsatzmittel?post=2389"},{"taxonomy":"alarmierungsart","embeddable":true,"href":"https:\/\/feuerwehr-espenau.de\/index.php\/wp-json\/wp\/v2\/alarmierungsart?post=2389"},{"taxonomy":"evw_unit","embeddable":true,"href":"https:\/\/feuerwehr-espenau.de\/index.php\/wp-json\/wp\/v2\/evw_unit?post=2389"}],"curies":[{"name":"wp","href":"https:\/\/api.w.org\/{rel}","templated":true}]}}

H1 / Ölspur

<p>
        <strong>Datum:</strong> 01.11.2021<br />
        <strong>Einsatznummer:</strong> 74-2021<br />
	<strong>Alarmzeit:</strong> 7:50 Uhr<br />
	<strong>Alarmierungsart:</strong> Vollalarm<br />
	<strong>Art: </strong><span style="color: #1e73be">Technische Hilfeleistung</span><br />
	<strong>Einsatzort:</strong> Espenau-Schäferberg</p>
<p>	<strong>Fahrzeuge:</strong> <a href="https://feuerwehr-espenau.de/index.php/ueber-uns/fahrzeuge/hilfeleistungsloeschgruppenfahrzeug/" title="Mehr Informationen zu Hilfeleistungslöschgruppenfahrzeug 20/16">Hilfeleistungslöschgruppenfahrzeug 20/16</a>, <a href="https://feuerwehr-espenau.de/index.php/ueber-uns/fahrzeuge/geraetewagen-logistik-1/" title="Mehr Informationen zu Gerätewagen Logistik 1">Gerätewagen Logistik 1</a></p>
<p>	<strong>Weitere Kräfte:</strong> <a href="http://mobil.hessen.de/" title="Mehr Informationen zu Straßenmeisterei (Hessen Mobil)" target="_blank">Straßenmeisterei (Hessen Mobil)</a>
</p>
<hr>
<h2>Einsatzbericht:</h2>
<p>Pünktlich zum Wochenstart, am 01.11.21 wurden wir gegen 7:50 via Pager und Sirene zu einer Ölspur an den Schäferberg alarmiert.</p>
<p>Wir nahmen die ausgelaufenen Betriebsstoffe auf und reinigten die Fahrbahn.<br />
Nach etwa einer Stunde war der Einsatz für uns beendet und wir konnten wieder einrücken. Mit uns im Einsatz war ein Fahrzeug der Straßenmeisterei.</p>
<p>Bericht: J.Menne<br /></p>
