{"id":2506,"date":"2022-05-08T13:32:00","date_gmt":"2022-05-08T11:32:00","guid":{"rendered":"https:\/\/feuerwehr-espenau.de\/?post_type=einsatz&#038;p=2506"},"modified":"2022-05-08T16:22:31","modified_gmt":"2022-05-08T14:22:31","slug":"f2-brand-in-gebaeude-5","status":"publish","type":"einsatz","link":"https:\/\/feuerwehr-espenau.de\/index.php\/einsatzberichte\/f2-brand-in-gebaeude-5\/","title":{"rendered":"F2 \/ Brand in Geb\u00e4ude"},"content":{"rendered":"<p>\n        <strong>Datum:<\/strong> 08.05.2022<br \/>\n        <strong>Einsatznummer:<\/strong> 15-2022<br \/>\n\t<strong>Alarmzeit:<\/strong> 13:32 Uhr<br \/>\n\t<strong>Alarmierungsart:<\/strong> Pager<br \/>\n\t<strong>Art: <\/strong><span style=\"color: #db5432\">Brandeinsatz<\/span><br \/>\n\t<strong>Einsatzort:<\/strong> Espenau-M\u00f6nchehof<\/p>\n<p>\t<strong>Fahrzeuge:<\/strong> <a href=\"https:\/\/feuerwehr-espenau.de\/index.php\/ueber-uns\/fahrzeuge\/staffelloeschfahrzeug\/\" title=\"Mehr Informationen zu Staffell\u00f6schfahrzeug 20\/25\">Staffell\u00f6schfahrzeug 20\/25<\/a><\/p>\n<p>\t<strong>Weitere Kr\u00e4fte:<\/strong> <a href=\"https:\/\/ppnh.polizei.hessen.de\/Startseite\/\" title=\"Mehr Informationen zu Polizei\" target=\"_blank\">Polizei<\/a>, <a href=\"https:\/\/www.kassel.de\/einrichtungen\/feuerwehr\/rubrik2-1\/index.php\" title=\"Mehr Informationen zu Rettungsdienst\" target=\"_blank\">Rettungsdienst<\/a>\n<\/p>\n<hr>\n<h2>Einsatzbericht:<\/h2>\n<p>Heute Mittag erforderte ein kurzer Einsatz das Fernbleiben des allj\u00e4hrlichen Muttertagbesuchs.<\/p>\n<p>Gemeldet wurde eine Geb\u00e4udebrand, bzw. eine Rauchentwicklung am Dach eines Wohnhauses.<br \/>\nNachdem die Einsatzleitung erkundet hatte, konnte die Ursache schnell festgestellt werden.<\/p>\n<p>Bei der PV-Anlage eines Wohnhauses kam es zu einer Leckage.<br \/>\nDie hierbei ausgetretene K\u00fchlfl\u00fcssigkeit verdampfte auf den hei\u00dfen Platten, weshalb es zu einer scheinbaren Rauchentwicklung im Dachbereich kam.<br \/>\nVorsorglich wurden die betroffenen Bereiche abgeschaltet und das abflie\u00dfenden K\u00fchlmittel von uns aufgefangen.<br \/>\nNachdem keine weiteren Gefahren unsererseits festgestellt werden konnten, wurde die Einsatzstelle an den Hauseiget\u00fcmer \u00fcbergeben.<\/p>\n<p>Mit uns im Einsatz war ein Rettungswagen der DRK Rettungswache Vellmar sowie eine Streife der Polizei Nordhessen.<\/p>\n<p>Wir w\u00fcnschen einen sonnigen und sicheren Sonntag!<\/p>\n<p>Bericht: J.Menne<br \/><\/p>\n","protected":false},"author":2,"featured_media":0,"template":"","meta":{"einsatz_weight":1,"footnotes":""},"categories":[],"einsatzart":[3],"fahrzeug":[23],"exteinsatzmittel":[21,22],"alarmierungsart":[38],"evw_unit":[],"class_list":["post-2506","einsatz","type-einsatz","status-publish","hentry","einsatzart-brandeinsatz","fahrzeug-stlf","exteinsatzmittel-polizei","exteinsatzmittel-rettungsdienst","alarmierungsart-pager"],"_links":{"self":[{"href":"https:\/\/feuerwehr-espenau.de\/index.php\/wp-json\/wp\/v2\/einsatz\/2506","targetHints":{"allow":["GET"]}}],"collection":[{"href":"https:\/\/feuerwehr-espenau.de\/index.php\/wp-json\/wp\/v2\/einsatz"}],"about":[{"href":"https:\/\/feuerwehr-espenau.de\/index.php\/wp-json\/wp\/v2\/types\/einsatz"}],"author":[{"embeddable":true,"href":"https:\/\/feuerwehr-espenau.de\/index.php\/wp-json\/wp\/v2\/users\/2"}],"version-history":[{"count":2,"href":"https:\/\/feuerwehr-espenau.de\/index.php\/wp-json\/wp\/v2\/einsatz\/2506\/revisions"}],"predecessor-version":[{"id":2508,"href":"https:\/\/feuerwehr-espenau.de\/index.php\/wp-json\/wp\/v2\/einsatz\/2506\/revisions\/2508"}],"wp:attachment":[{"href":"https:\/\/feuerwehr-espenau.de\/index.php\/wp-json\/wp\/v2\/media?parent=2506"}],"wp:term":[{"taxonomy":"category","embeddable":true,"href":"https:\/\/feuerwehr-espenau.de\/index.php\/wp-json\/wp\/v2\/categories?post=2506"},{"taxonomy":"einsatzart","embeddable":true,"href":"https:\/\/feuerwehr-espenau.de\/index.php\/wp-json\/wp\/v2\/einsatzart?post=2506"},{"taxonomy":"fahrzeug","embeddable":true,"href":"https:\/\/feuerwehr-espenau.de\/index.php\/wp-json\/wp\/v2\/fahrzeug?post=2506"},{"taxonomy":"exteinsatzmittel","embeddable":true,"href":"https:\/\/feuerwehr-espenau.de\/index.php\/wp-json\/wp\/v2\/exteinsatzmittel?post=2506"},{"taxonomy":"alarmierungsart","embeddable":true,"href":"https:\/\/feuerwehr-espenau.de\/index.php\/wp-json\/wp\/v2\/alarmierungsart?post=2506"},{"taxonomy":"evw_unit","embeddable":true,"href":"https:\/\/feuerwehr-espenau.de\/index.php\/wp-json\/wp\/v2\/evw_unit?post=2506"}],"curies":[{"name":"wp","href":"https:\/\/api.w.org\/{rel}","templated":true}]}}

F2 / Brand in Gebäude

<p>
        <strong>Datum:</strong> 08.05.2022<br />
        <strong>Einsatznummer:</strong> 15-2022<br />
	<strong>Alarmzeit:</strong> 13:32 Uhr<br />
	<strong>Alarmierungsart:</strong> Pager<br />
	<strong>Art: </strong><span style="color: #db5432">Brandeinsatz</span><br />
	<strong>Einsatzort:</strong> Espenau-Mönchehof</p>
<p>	<strong>Fahrzeuge:</strong> <a href="https://feuerwehr-espenau.de/index.php/ueber-uns/fahrzeuge/staffelloeschfahrzeug/" title="Mehr Informationen zu Staffellöschfahrzeug 20/25">Staffellöschfahrzeug 20/25</a></p>
<p>	<strong>Weitere Kräfte:</strong> <a href="https://ppnh.polizei.hessen.de/Startseite/" title="Mehr Informationen zu Polizei" target="_blank">Polizei</a>, <a href="https://www.kassel.de/einrichtungen/feuerwehr/rubrik2-1/index.php" title="Mehr Informationen zu Rettungsdienst" target="_blank">Rettungsdienst</a>
</p>
<hr>
<h2>Einsatzbericht:</h2>
<p>Heute Mittag erforderte ein kurzer Einsatz das Fernbleiben des alljährlichen Muttertagbesuchs.</p>
<p>Gemeldet wurde eine Gebäudebrand, bzw. eine Rauchentwicklung am Dach eines Wohnhauses.<br />
Nachdem die Einsatzleitung erkundet hatte, konnte die Ursache schnell festgestellt werden.</p>
<p>Bei der PV-Anlage eines Wohnhauses kam es zu einer Leckage.<br />
Die hierbei ausgetretene Kühlflüssigkeit verdampfte auf den heißen Platten, weshalb es zu einer scheinbaren Rauchentwicklung im Dachbereich kam.<br />
Vorsorglich wurden die betroffenen Bereiche abgeschaltet und das abfließenden Kühlmittel von uns aufgefangen.<br />
Nachdem keine weiteren Gefahren unsererseits festgestellt werden konnten, wurde die Einsatzstelle an den Hauseigetümer übergeben.</p>
<p>Mit uns im Einsatz war ein Rettungswagen der DRK Rettungswache Vellmar sowie eine Streife der Polizei Nordhessen.</p>
<p>Wir wünschen einen sonnigen und sicheren Sonntag!</p>
<p>Bericht: J.Menne<br /></p>
