{"id":2565,"date":"2022-07-22T07:40:00","date_gmt":"2022-07-22T05:40:00","guid":{"rendered":"https:\/\/feuerwehr-espenau.de\/?post_type=einsatz&#038;p=2565"},"modified":"2022-07-22T09:25:04","modified_gmt":"2022-07-22T07:25:04","slug":"f2-brand-in-gebaeude-6","status":"publish","type":"einsatz","link":"https:\/\/feuerwehr-espenau.de\/index.php\/einsatzberichte\/f2-brand-in-gebaeude-6\/","title":{"rendered":"F2 \/ Brand in Geb\u00e4ude"},"content":{"rendered":"<p>\n        <strong>Datum:<\/strong> 22.07.2022<br \/>\n        <strong>Einsatznummer:<\/strong> 24-2022<br \/>\n\t<strong>Alarmzeit:<\/strong> 7:40 Uhr<br \/>\n\t<strong>Alarmierungsart:<\/strong> Pager<br \/>\n\t<strong>Art: <\/strong><span style=\"color: #db5432\">Brandeinsatz<\/span><br \/>\n\t<strong>Einsatzort:<\/strong> Immenhausen<\/p>\n<p>\t<strong>Fahrzeuge:<\/strong> <a href=\"https:\/\/feuerwehr-espenau.de\/index.php\/ueber-uns\/fahrzeuge\/staffelloeschfahrzeug\/\" title=\"Mehr Informationen zu Staffell\u00f6schfahrzeug 20\/25\">Staffell\u00f6schfahrzeug 20\/25<\/a><\/p>\n<p>\t<strong>Weitere Kr\u00e4fte:<\/strong> <a href=\"http:\/\/feuerwehr-holzhausen.com\" title=\"Mehr Informationen zu Feuerwehr Holzhausen\" target=\"_blank\">Feuerwehr Holzhausen<\/a>, <a href=\"https:\/\/www.feuerwehr-immenhausen.de\/\" title=\"Mehr Informationen zu Feuerwehr Immenhausen\" target=\"_blank\">Feuerwehr Immenhausen<\/a>, <a href=\"https:\/\/de-de.facebook.com\/FreiwilligeFeuerwehrMariendorf\" title=\"Mehr Informationen zu Feuerwehr Mariendorf\" target=\"_blank\">Feuerwehr Mariendorf<\/a>, <a href=\"https:\/\/www.kassel.de\/einrichtungen\/feuerwehr\/rubrik2-1\/index.php\" title=\"Mehr Informationen zu Rettungsdienst\" target=\"_blank\">Rettungsdienst<\/a>\n<\/p>\n<hr>\n<h2>Einsatzbericht:<\/h2>\n<p>Am fr\u00fchen Morgen gegen 07:40 Uhr wurden wir von der Leitstelle Kassel nach Immenhausen zu einem F2 \/ Brand in Geb\u00e4ude, Rauchentwicklung zusammen mit den Immenh\u00e4user Einsatzkr\u00e4ften alarmiert.<br \/>\nKurz vor Ankunft an der Einsatzstelle konnten wir die Anfahrt abbrechen, da das Feuer bereits von den Immenh\u00e4user Kr\u00e4ften unter Kontrolle gebracht wurde.<\/p>\n<p>Weitere Informationen folgen auf der Seite der Feuerwehr Immenhausen.<\/p>\n<p>&nbsp;<\/p>\n<p>Bericht: S.Sippel<br \/><\/p>\n","protected":false},"author":2,"featured_media":0,"template":"","meta":{"einsatz_weight":1,"footnotes":""},"categories":[],"einsatzart":[3],"fahrzeug":[23],"exteinsatzmittel":[65,10,66,22],"alarmierungsart":[38],"evw_unit":[],"class_list":["post-2565","einsatz","type-einsatz","status-publish","hentry","einsatzart-brandeinsatz","fahrzeug-stlf","exteinsatzmittel-feuerwehr-holzhausen","exteinsatzmittel-feuerwehr-immenhausen","exteinsatzmittel-feuerwehr-mariendorf","exteinsatzmittel-rettungsdienst","alarmierungsart-pager"],"_links":{"self":[{"href":"https:\/\/feuerwehr-espenau.de\/index.php\/wp-json\/wp\/v2\/einsatz\/2565","targetHints":{"allow":["GET"]}}],"collection":[{"href":"https:\/\/feuerwehr-espenau.de\/index.php\/wp-json\/wp\/v2\/einsatz"}],"about":[{"href":"https:\/\/feuerwehr-espenau.de\/index.php\/wp-json\/wp\/v2\/types\/einsatz"}],"author":[{"embeddable":true,"href":"https:\/\/feuerwehr-espenau.de\/index.php\/wp-json\/wp\/v2\/users\/2"}],"version-history":[{"count":2,"href":"https:\/\/feuerwehr-espenau.de\/index.php\/wp-json\/wp\/v2\/einsatz\/2565\/revisions"}],"predecessor-version":[{"id":2567,"href":"https:\/\/feuerwehr-espenau.de\/index.php\/wp-json\/wp\/v2\/einsatz\/2565\/revisions\/2567"}],"wp:attachment":[{"href":"https:\/\/feuerwehr-espenau.de\/index.php\/wp-json\/wp\/v2\/media?parent=2565"}],"wp:term":[{"taxonomy":"category","embeddable":true,"href":"https:\/\/feuerwehr-espenau.de\/index.php\/wp-json\/wp\/v2\/categories?post=2565"},{"taxonomy":"einsatzart","embeddable":true,"href":"https:\/\/feuerwehr-espenau.de\/index.php\/wp-json\/wp\/v2\/einsatzart?post=2565"},{"taxonomy":"fahrzeug","embeddable":true,"href":"https:\/\/feuerwehr-espenau.de\/index.php\/wp-json\/wp\/v2\/fahrzeug?post=2565"},{"taxonomy":"exteinsatzmittel","embeddable":true,"href":"https:\/\/feuerwehr-espenau.de\/index.php\/wp-json\/wp\/v2\/exteinsatzmittel?post=2565"},{"taxonomy":"alarmierungsart","embeddable":true,"href":"https:\/\/feuerwehr-espenau.de\/index.php\/wp-json\/wp\/v2\/alarmierungsart?post=2565"},{"taxonomy":"evw_unit","embeddable":true,"href":"https:\/\/feuerwehr-espenau.de\/index.php\/wp-json\/wp\/v2\/evw_unit?post=2565"}],"curies":[{"name":"wp","href":"https:\/\/api.w.org\/{rel}","templated":true}]}}

F2 / Brand in Gebäude

<p>
        <strong>Datum:</strong> 22.07.2022<br />
        <strong>Einsatznummer:</strong> 24-2022<br />
	<strong>Alarmzeit:</strong> 7:40 Uhr<br />
	<strong>Alarmierungsart:</strong> Pager<br />
	<strong>Art: </strong><span style="color: #db5432">Brandeinsatz</span><br />
	<strong>Einsatzort:</strong> Immenhausen</p>
<p>	<strong>Fahrzeuge:</strong> <a href="https://feuerwehr-espenau.de/index.php/ueber-uns/fahrzeuge/staffelloeschfahrzeug/" title="Mehr Informationen zu Staffellöschfahrzeug 20/25">Staffellöschfahrzeug 20/25</a></p>
<p>	<strong>Weitere Kräfte:</strong> <a href="http://feuerwehr-holzhausen.com" title="Mehr Informationen zu Feuerwehr Holzhausen" target="_blank">Feuerwehr Holzhausen</a>, <a href="https://www.feuerwehr-immenhausen.de/" title="Mehr Informationen zu Feuerwehr Immenhausen" target="_blank">Feuerwehr Immenhausen</a>, <a href="https://de-de.facebook.com/FreiwilligeFeuerwehrMariendorf" title="Mehr Informationen zu Feuerwehr Mariendorf" target="_blank">Feuerwehr Mariendorf</a>, <a href="https://www.kassel.de/einrichtungen/feuerwehr/rubrik2-1/index.php" title="Mehr Informationen zu Rettungsdienst" target="_blank">Rettungsdienst</a>
</p>
<hr>
<h2>Einsatzbericht:</h2>
<p>Am frühen Morgen gegen 07:40 Uhr wurden wir von der Leitstelle Kassel nach Immenhausen zu einem F2 / Brand in Gebäude, Rauchentwicklung zusammen mit den Immenhäuser Einsatzkräften alarmiert.<br />
Kurz vor Ankunft an der Einsatzstelle konnten wir die Anfahrt abbrechen, da das Feuer bereits von den Immenhäuser Kräften unter Kontrolle gebracht wurde.</p>
<p>Weitere Informationen folgen auf der Seite der Feuerwehr Immenhausen.</p>
<p>&nbsp;</p>
<p>Bericht: S.Sippel<br /></p>
