{"id":2689,"date":"2022-11-16T19:52:00","date_gmt":"2022-11-16T18:52:00","guid":{"rendered":"https:\/\/feuerwehr-espenau.de\/?post_type=einsatz&#038;p=2689"},"modified":"2022-11-17T08:26:02","modified_gmt":"2022-11-17T07:26:02","slug":"fbma-brandmeldeanlage-sonderobjekt-3","status":"publish","type":"einsatz","link":"https:\/\/feuerwehr-espenau.de\/index.php\/einsatzberichte\/fbma-brandmeldeanlage-sonderobjekt-3\/","title":{"rendered":"FBMA \/ Brandmeldeanlage Sonderobjekt"},"content":{"rendered":"<p>\n        <strong>Datum:<\/strong> 16.11.2022<br \/>\n        <strong>Einsatznummer:<\/strong> 39-2022<br \/>\n\t<strong>Alarmzeit:<\/strong> 19:52 Uhr<br \/>\n\t<strong>Alarmierungsart:<\/strong> Alamos, Pager<br \/>\n\t<strong>Art: <\/strong><span style=\"color: #db5432\">Brandeinsatz<\/span><br \/>\n\t<strong>Einsatzort:<\/strong> Espenau-M\u00f6nchehof<\/p>\n<p>\t<strong>Fahrzeuge:<\/strong> <a href=\"https:\/\/feuerwehr-espenau.de\/index.php\/ueber-uns\/fahrzeuge\/staffelloeschfahrzeug\/\" title=\"Mehr Informationen zu Staffell\u00f6schfahrzeug 20\/25\">Staffell\u00f6schfahrzeug 20\/25<\/a><\/p>\n<p>\t<strong>Weitere Kr\u00e4fte:<\/strong> &#8211;\n<\/p>\n<hr>\n<h2>Einsatzbericht:<\/h2>\n<p>Kurz vor der Tagesschau gegen 20 Uhr l\u00f6ste die automatische Brandmeldeanlage (BMA) in einem \u00f6rtlichen Betrieb aus. Vor Ort konnte, nach ausgiebiger Erkundung, kein Ausl\u00f6segrund festgestellt werden.<\/p>\n<p>Nachdem die Anlage wieder zur\u00fcckgesetzt wurde war der Einsatz f\u00fcr uns beendet.<\/p>\n<p>Bericht: J.Menne<br \/><\/p>\n","protected":false},"author":2,"featured_media":0,"template":"","meta":{"einsatz_weight":1,"footnotes":""},"categories":[],"einsatzart":[3],"fahrzeug":[23],"exteinsatzmittel":[61],"alarmierungsart":[77,38],"evw_unit":[],"class_list":["post-2689","einsatz","type-einsatz","status-publish","hentry","einsatzart-brandeinsatz","fahrzeug-stlf","exteinsatzmittel-61","alarmierungsart-alamos","alarmierungsart-pager"],"_links":{"self":[{"href":"https:\/\/feuerwehr-espenau.de\/index.php\/wp-json\/wp\/v2\/einsatz\/2689","targetHints":{"allow":["GET"]}}],"collection":[{"href":"https:\/\/feuerwehr-espenau.de\/index.php\/wp-json\/wp\/v2\/einsatz"}],"about":[{"href":"https:\/\/feuerwehr-espenau.de\/index.php\/wp-json\/wp\/v2\/types\/einsatz"}],"author":[{"embeddable":true,"href":"https:\/\/feuerwehr-espenau.de\/index.php\/wp-json\/wp\/v2\/users\/2"}],"version-history":[{"count":1,"href":"https:\/\/feuerwehr-espenau.de\/index.php\/wp-json\/wp\/v2\/einsatz\/2689\/revisions"}],"predecessor-version":[{"id":2690,"href":"https:\/\/feuerwehr-espenau.de\/index.php\/wp-json\/wp\/v2\/einsatz\/2689\/revisions\/2690"}],"wp:attachment":[{"href":"https:\/\/feuerwehr-espenau.de\/index.php\/wp-json\/wp\/v2\/media?parent=2689"}],"wp:term":[{"taxonomy":"category","embeddable":true,"href":"https:\/\/feuerwehr-espenau.de\/index.php\/wp-json\/wp\/v2\/categories?post=2689"},{"taxonomy":"einsatzart","embeddable":true,"href":"https:\/\/feuerwehr-espenau.de\/index.php\/wp-json\/wp\/v2\/einsatzart?post=2689"},{"taxonomy":"fahrzeug","embeddable":true,"href":"https:\/\/feuerwehr-espenau.de\/index.php\/wp-json\/wp\/v2\/fahrzeug?post=2689"},{"taxonomy":"exteinsatzmittel","embeddable":true,"href":"https:\/\/feuerwehr-espenau.de\/index.php\/wp-json\/wp\/v2\/exteinsatzmittel?post=2689"},{"taxonomy":"alarmierungsart","embeddable":true,"href":"https:\/\/feuerwehr-espenau.de\/index.php\/wp-json\/wp\/v2\/alarmierungsart?post=2689"},{"taxonomy":"evw_unit","embeddable":true,"href":"https:\/\/feuerwehr-espenau.de\/index.php\/wp-json\/wp\/v2\/evw_unit?post=2689"}],"curies":[{"name":"wp","href":"https:\/\/api.w.org\/{rel}","templated":true}]}}

<p>
        <strong>Datum:</strong> 16.11.2022<br />
        <strong>Einsatznummer:</strong> 39-2022<br />
	<strong>Alarmzeit:</strong> 19:52 Uhr<br />
	<strong>Alarmierungsart:</strong> Alamos, Pager<br />
	<strong>Art: </strong><span style="color: #db5432">Brandeinsatz</span><br />
	<strong>Einsatzort:</strong> Espenau-Mönchehof</p>
<p>	<strong>Fahrzeuge:</strong> <a href="https://feuerwehr-espenau.de/index.php/ueber-uns/fahrzeuge/staffelloeschfahrzeug/" title="Mehr Informationen zu Staffellöschfahrzeug 20/25">Staffellöschfahrzeug 20/25</a></p>
<p>	<strong>Weitere Kräfte:</strong> &#8211;
</p>
<hr>
<h2>Einsatzbericht:</h2>
<p>Kurz vor der Tagesschau gegen 20 Uhr löste die automatische Brandmeldeanlage (BMA) in einem örtlichen Betrieb aus. Vor Ort konnte, nach ausgiebiger Erkundung, kein Auslösegrund festgestellt werden.</p>
<p>Nachdem die Anlage wieder zurückgesetzt wurde war der Einsatz für uns beendet.</p>
<p>Bericht: J.Menne<br /></p>
