{"id":2701,"date":"2022-12-07T13:40:00","date_gmt":"2022-12-07T12:40:00","guid":{"rendered":"https:\/\/feuerwehr-espenau.de\/?post_type=einsatz&#038;p=2701"},"modified":"2022-12-10T09:51:37","modified_gmt":"2022-12-10T08:51:37","slug":"f2y-gebaeudebrand-iuk-gruppe","status":"publish","type":"einsatz","link":"https:\/\/feuerwehr-espenau.de\/index.php\/einsatzberichte\/f2y-gebaeudebrand-iuk-gruppe\/","title":{"rendered":"F2Y \/ Geb\u00e4udebrand (IuK Gruppe)"},"content":{"rendered":"<p>\n        <strong>Datum:<\/strong> 07.12.2022<br \/>\n        <strong>Einsatznummer:<\/strong> 44-2022<br \/>\n\t<strong>Alarmzeit:<\/strong> 13:40 Uhr<br \/>\n\t<strong>Alarmierungsart:<\/strong> Alamos, Pager<br \/>\n\t<strong>Art: <\/strong><span style=\"color: #db5432\">Brandeinsatz<\/span><br \/>\n\t<strong>Einsatzort:<\/strong> Habichtswald-Ehlen<\/p>\n<p>\t<strong>Fahrzeuge:<\/strong> <a href=\"https:\/\/www.feuerwehr-stadt-vellmar.de\/NextGeneration\/fahrzeuge\/elw_2.php?ogrp=19&#038;ugrp=20\" title=\"Mehr Informationen zu Einsatzleitwagen 2\">Einsatzleitwagen 2<\/a><\/p>\n<p>\t<strong>Weitere Kr\u00e4fte:<\/strong> <a href=\"https:\/\/feuerwehr-ehlen.de\/\" title=\"Mehr Informationen zu Feuerwehr Habichtswald-Ehlen\" target=\"_blank\">Feuerwehr Habichtswald-Ehlen<\/a>\n<\/p>\n<hr>\n<h2>Einsatzbericht:<\/h2>\n<p>Gegen 13.40Uhr wurde, der zur Zeit bei uns stationierte ELW 2 zu einem Geb\u00e4udebrand, nach Habichtswald-Ehlen alarmiert.<br \/>\nKurz vor dem ausr\u00fccken kam die Meldung, dass der ELW 2 und auch der Ger\u00e4tewagen IuK nicht mehr ben\u00f6tigt wurden.<\/p>\n<p>Einen ausf\u00fchrlichen Bericht gibt es bei der Feuerwehr Habichtswald.<\/p>\n<p>Bericht: S.Sippel<br \/><\/p>\n","protected":false},"author":2,"featured_media":0,"template":"","meta":{"einsatz_weight":1,"footnotes":""},"categories":[],"einsatzart":[3],"fahrzeug":[80],"exteinsatzmittel":[83],"alarmierungsart":[77,38],"evw_unit":[],"class_list":["post-2701","einsatz","type-einsatz","status-publish","hentry","einsatzart-brandeinsatz","fahrzeug-elw2","exteinsatzmittel-feuerwehr-habichtswald-ehlen","alarmierungsart-alamos","alarmierungsart-pager"],"_links":{"self":[{"href":"https:\/\/feuerwehr-espenau.de\/index.php\/wp-json\/wp\/v2\/einsatz\/2701","targetHints":{"allow":["GET"]}}],"collection":[{"href":"https:\/\/feuerwehr-espenau.de\/index.php\/wp-json\/wp\/v2\/einsatz"}],"about":[{"href":"https:\/\/feuerwehr-espenau.de\/index.php\/wp-json\/wp\/v2\/types\/einsatz"}],"author":[{"embeddable":true,"href":"https:\/\/feuerwehr-espenau.de\/index.php\/wp-json\/wp\/v2\/users\/2"}],"version-history":[{"count":2,"href":"https:\/\/feuerwehr-espenau.de\/index.php\/wp-json\/wp\/v2\/einsatz\/2701\/revisions"}],"predecessor-version":[{"id":2703,"href":"https:\/\/feuerwehr-espenau.de\/index.php\/wp-json\/wp\/v2\/einsatz\/2701\/revisions\/2703"}],"wp:attachment":[{"href":"https:\/\/feuerwehr-espenau.de\/index.php\/wp-json\/wp\/v2\/media?parent=2701"}],"wp:term":[{"taxonomy":"category","embeddable":true,"href":"https:\/\/feuerwehr-espenau.de\/index.php\/wp-json\/wp\/v2\/categories?post=2701"},{"taxonomy":"einsatzart","embeddable":true,"href":"https:\/\/feuerwehr-espenau.de\/index.php\/wp-json\/wp\/v2\/einsatzart?post=2701"},{"taxonomy":"fahrzeug","embeddable":true,"href":"https:\/\/feuerwehr-espenau.de\/index.php\/wp-json\/wp\/v2\/fahrzeug?post=2701"},{"taxonomy":"exteinsatzmittel","embeddable":true,"href":"https:\/\/feuerwehr-espenau.de\/index.php\/wp-json\/wp\/v2\/exteinsatzmittel?post=2701"},{"taxonomy":"alarmierungsart","embeddable":true,"href":"https:\/\/feuerwehr-espenau.de\/index.php\/wp-json\/wp\/v2\/alarmierungsart?post=2701"},{"taxonomy":"evw_unit","embeddable":true,"href":"https:\/\/feuerwehr-espenau.de\/index.php\/wp-json\/wp\/v2\/evw_unit?post=2701"}],"curies":[{"name":"wp","href":"https:\/\/api.w.org\/{rel}","templated":true}]}}

F2Y / Gebäudebrand (IuK Gruppe)

<p>
        <strong>Datum:</strong> 07.12.2022<br />
        <strong>Einsatznummer:</strong> 44-2022<br />
	<strong>Alarmzeit:</strong> 13:40 Uhr<br />
	<strong>Alarmierungsart:</strong> Alamos, Pager<br />
	<strong>Art: </strong><span style="color: #db5432">Brandeinsatz</span><br />
	<strong>Einsatzort:</strong> Habichtswald-Ehlen</p>
<p>	<strong>Fahrzeuge:</strong> <a href="https://www.feuerwehr-stadt-vellmar.de/NextGeneration/fahrzeuge/elw_2.php?ogrp=19&#038;ugrp=20" title="Mehr Informationen zu Einsatzleitwagen 2">Einsatzleitwagen 2</a></p>
<p>	<strong>Weitere Kräfte:</strong> <a href="https://feuerwehr-ehlen.de/" title="Mehr Informationen zu Feuerwehr Habichtswald-Ehlen" target="_blank">Feuerwehr Habichtswald-Ehlen</a>
</p>
<hr>
<h2>Einsatzbericht:</h2>
<p>Gegen 13.40Uhr wurde, der zur Zeit bei uns stationierte ELW 2 zu einem Gebäudebrand, nach Habichtswald-Ehlen alarmiert.<br />
Kurz vor dem ausrücken kam die Meldung, dass der ELW 2 und auch der Gerätewagen IuK nicht mehr benötigt wurden.</p>
<p>Einen ausführlichen Bericht gibt es bei der Feuerwehr Habichtswald.</p>
<p>Bericht: S.Sippel<br /></p>
