{"id":2770,"date":"2023-04-02T22:50:00","date_gmt":"2023-04-02T20:50:00","guid":{"rendered":"https:\/\/feuerwehr-espenau.de\/?post_type=einsatz&#038;p=2770"},"modified":"2023-04-03T14:49:34","modified_gmt":"2023-04-03T12:49:34","slug":"f2y-brand-in-gebaeude-mit-menschenleben-in-gefahr","status":"publish","type":"einsatz","link":"https:\/\/feuerwehr-espenau.de\/index.php\/einsatzberichte\/f2y-brand-in-gebaeude-mit-menschenleben-in-gefahr\/","title":{"rendered":"F2Y \/ Brand in Geb\u00e4ude mit Menschenleben in Gefahr"},"content":{"rendered":"<p>\n        <strong>Datum:<\/strong> 02.04.2023<br \/>\n        <strong>Einsatznummer:<\/strong> 08-2023<br \/>\n\t<strong>Alarmzeit:<\/strong> 22:50 Uhr<br \/>\n\t<strong>Alarmierungsart:<\/strong> Alamos, Pager<br \/>\n\t<strong>Art: <\/strong><span style=\"color: #db5432\">Brandeinsatz<\/span><br \/>\n\t<strong>Einsatzort:<\/strong> Espenau-M\u00f6nchehof<\/p>\n<p>\t<strong>Fahrzeuge:<\/strong> <a href=\"https:\/\/feuerwehr-espenau.de\/index.php\/ueber-uns\/fahrzeuge\/hilfeleistungsloeschgruppenfahrzeug\/\" title=\"Mehr Informationen zu Hilfeleistungsl\u00f6schgruppenfahrzeug 20\/16\">Hilfeleistungsl\u00f6schgruppenfahrzeug 20\/16<\/a>, <a href=\"https:\/\/feuerwehr-espenau.de\/index.php\/ueber-uns\/fahrzeuge\/staffelloeschfahrzeug\/\" title=\"Mehr Informationen zu Staffell\u00f6schfahrzeug 20\/25\">Staffell\u00f6schfahrzeug 20\/25<\/a><\/p>\n<p>\t<strong>Weitere Kr\u00e4fte:<\/strong> <a href=\"https:\/\/www.feuerwehr-immenhausen.de\/\" title=\"Mehr Informationen zu Feuerwehr Immenhausen\" target=\"_blank\">Feuerwehr Immenhausen<\/a>, <a href=\"https:\/\/www.kassel.de\/einrichtungen\/feuerwehr\/rubrik2-1\/index.php\" title=\"Mehr Informationen zu Notarzt\" target=\"_blank\">Notarzt<\/a>, <a href=\"https:\/\/ppnh.polizei.hessen.de\/Startseite\/\" title=\"Mehr Informationen zu Polizei\" target=\"_blank\">Polizei<\/a>, <a href=\"https:\/\/www.kassel.de\/einrichtungen\/feuerwehr\/rubrik2-1\/index.php\" title=\"Mehr Informationen zu Rettungsdienst\" target=\"_blank\">Rettungsdienst<\/a>\n<\/p>\n<hr>\n<h2>Einsatzbericht:<\/h2>\n<p>Am 02. April gegen 22:50 Uhr wurden wir in den Ortsteil M\u00f6nchehof zu einem K\u00fcchenbrand alarmiert.<\/p>\n<p>An der Einsatzstelle angekommen, best\u00e4tigte sich das Meldebild. Eine Wasserleitung verursachte einen Kurzschluss an einem Herd. Durch den Angriffstrupp wurde der Brand schnell gel\u00f6scht, sowie die Wasser- und Stromleitungen abgeklemmt. Anschlie\u00dfend wurde die K\u00fcche noch gel\u00fcftet.<br \/>\nDurch das schnelle Handeln konnte zum Gl\u00fcck schlimmeres verhindert werden.<\/p>\n<p>Die Freiwillige Feuerwehr Immenhausen wurde ebenfalls mit alarmiert, musste aber nicht t\u00e4tig werden.<\/p>\n<p>Mit im Einsatz:<br \/>\n&#x1f692; Freiwillige Feuerwehr Immenhausen<br \/>\n&#x1f691; ASB Regionalverband Kassel-Nordhessen<br \/>\n&#x1f691; DRK Kassel-Wolfhagen<br \/>\n&#x1f693; Polizei Nordhessen<\/p>\n<p>Bericht: S. Sippel<br \/><\/p>\n","protected":false},"author":2,"featured_media":0,"template":"","meta":{"einsatz_weight":1,"footnotes":""},"categories":[],"einsatzart":[3],"fahrzeug":[16,23],"exteinsatzmittel":[10,20,21,22],"alarmierungsart":[77,38],"evw_unit":[],"class_list":["post-2770","einsatz","type-einsatz","status-publish","hentry","einsatzart-brandeinsatz","fahrzeug-hlf","fahrzeug-stlf","exteinsatzmittel-feuerwehr-immenhausen","exteinsatzmittel-notarzt","exteinsatzmittel-polizei","exteinsatzmittel-rettungsdienst","alarmierungsart-alamos","alarmierungsart-pager"],"_links":{"self":[{"href":"https:\/\/feuerwehr-espenau.de\/index.php\/wp-json\/wp\/v2\/einsatz\/2770","targetHints":{"allow":["GET"]}}],"collection":[{"href":"https:\/\/feuerwehr-espenau.de\/index.php\/wp-json\/wp\/v2\/einsatz"}],"about":[{"href":"https:\/\/feuerwehr-espenau.de\/index.php\/wp-json\/wp\/v2\/types\/einsatz"}],"author":[{"embeddable":true,"href":"https:\/\/feuerwehr-espenau.de\/index.php\/wp-json\/wp\/v2\/users\/2"}],"version-history":[{"count":4,"href":"https:\/\/feuerwehr-espenau.de\/index.php\/wp-json\/wp\/v2\/einsatz\/2770\/revisions"}],"predecessor-version":[{"id":2774,"href":"https:\/\/feuerwehr-espenau.de\/index.php\/wp-json\/wp\/v2\/einsatz\/2770\/revisions\/2774"}],"wp:attachment":[{"href":"https:\/\/feuerwehr-espenau.de\/index.php\/wp-json\/wp\/v2\/media?parent=2770"}],"wp:term":[{"taxonomy":"category","embeddable":true,"href":"https:\/\/feuerwehr-espenau.de\/index.php\/wp-json\/wp\/v2\/categories?post=2770"},{"taxonomy":"einsatzart","embeddable":true,"href":"https:\/\/feuerwehr-espenau.de\/index.php\/wp-json\/wp\/v2\/einsatzart?post=2770"},{"taxonomy":"fahrzeug","embeddable":true,"href":"https:\/\/feuerwehr-espenau.de\/index.php\/wp-json\/wp\/v2\/fahrzeug?post=2770"},{"taxonomy":"exteinsatzmittel","embeddable":true,"href":"https:\/\/feuerwehr-espenau.de\/index.php\/wp-json\/wp\/v2\/exteinsatzmittel?post=2770"},{"taxonomy":"alarmierungsart","embeddable":true,"href":"https:\/\/feuerwehr-espenau.de\/index.php\/wp-json\/wp\/v2\/alarmierungsart?post=2770"},{"taxonomy":"evw_unit","embeddable":true,"href":"https:\/\/feuerwehr-espenau.de\/index.php\/wp-json\/wp\/v2\/evw_unit?post=2770"}],"curies":[{"name":"wp","href":"https:\/\/api.w.org\/{rel}","templated":true}]}}

F2Y / Brand in Gebäude mit Menschenleben in Gefahr

<p>
        <strong>Datum:</strong> 02.04.2023<br />
        <strong>Einsatznummer:</strong> 08-2023<br />
	<strong>Alarmzeit:</strong> 22:50 Uhr<br />
	<strong>Alarmierungsart:</strong> Alamos, Pager<br />
	<strong>Art: </strong><span style="color: #db5432">Brandeinsatz</span><br />
	<strong>Einsatzort:</strong> Espenau-Mönchehof</p>
<p>	<strong>Fahrzeuge:</strong> <a href="https://feuerwehr-espenau.de/index.php/ueber-uns/fahrzeuge/hilfeleistungsloeschgruppenfahrzeug/" title="Mehr Informationen zu Hilfeleistungslöschgruppenfahrzeug 20/16">Hilfeleistungslöschgruppenfahrzeug 20/16</a>, <a href="https://feuerwehr-espenau.de/index.php/ueber-uns/fahrzeuge/staffelloeschfahrzeug/" title="Mehr Informationen zu Staffellöschfahrzeug 20/25">Staffellöschfahrzeug 20/25</a></p>
<p>	<strong>Weitere Kräfte:</strong> <a href="https://www.feuerwehr-immenhausen.de/" title="Mehr Informationen zu Feuerwehr Immenhausen" target="_blank">Feuerwehr Immenhausen</a>, <a href="https://www.kassel.de/einrichtungen/feuerwehr/rubrik2-1/index.php" title="Mehr Informationen zu Notarzt" target="_blank">Notarzt</a>, <a href="https://ppnh.polizei.hessen.de/Startseite/" title="Mehr Informationen zu Polizei" target="_blank">Polizei</a>, <a href="https://www.kassel.de/einrichtungen/feuerwehr/rubrik2-1/index.php" title="Mehr Informationen zu Rettungsdienst" target="_blank">Rettungsdienst</a>
</p>
<hr>
<h2>Einsatzbericht:</h2>
<p>Am 02. April gegen 22:50 Uhr wurden wir in den Ortsteil Mönchehof zu einem Küchenbrand alarmiert.</p>
<p>An der Einsatzstelle angekommen, bestätigte sich das Meldebild. Eine Wasserleitung verursachte einen Kurzschluss an einem Herd. Durch den Angriffstrupp wurde der Brand schnell gelöscht, sowie die Wasser- und Stromleitungen abgeklemmt. Anschließend wurde die Küche noch gelüftet.<br />
Durch das schnelle Handeln konnte zum Glück schlimmeres verhindert werden.</p>
<p>Die Freiwillige Feuerwehr Immenhausen wurde ebenfalls mit alarmiert, musste aber nicht tätig werden.</p>
<p>Mit im Einsatz:<br />
&#x1f692; Freiwillige Feuerwehr Immenhausen<br />
&#x1f691; ASB Regionalverband Kassel-Nordhessen<br />
&#x1f691; DRK Kassel-Wolfhagen<br />
&#x1f693; Polizei Nordhessen</p>
<p>Bericht: S. Sippel<br /></p>
