{"id":2791,"date":"2023-04-23T16:15:00","date_gmt":"2023-04-23T14:15:00","guid":{"rendered":"https:\/\/feuerwehr-espenau.de\/?post_type=einsatz&#038;p=2791"},"modified":"2023-04-24T08:32:18","modified_gmt":"2023-04-24T06:32:18","slug":"h1y-tragehilfe-mit-menschenleben-in-gefahr","status":"publish","type":"einsatz","link":"https:\/\/feuerwehr-espenau.de\/index.php\/einsatzberichte\/h1y-tragehilfe-mit-menschenleben-in-gefahr\/","title":{"rendered":"H1Y \/ Tragehilfe mit Menschenleben in Gefahr"},"content":{"rendered":"<p>\n        <strong>Datum:<\/strong> 23.04.2023<br \/>\n        <strong>Einsatznummer:<\/strong> 12-2023<br \/>\n\t<strong>Alarmzeit:<\/strong> 16:15 Uhr<br \/>\n\t<strong>Alarmierungsart:<\/strong> Alamos, Pager<br \/>\n\t<strong>Art: <\/strong><span style=\"color: #1e73be\">Technische Hilfeleistung<\/span><br \/>\n\t<strong>Einsatzort:<\/strong> Espenau-Hohenkirchen<\/p>\n<p>\t<strong>Fahrzeuge:<\/strong> <a href=\"https:\/\/feuerwehr-espenau.de\/index.php\/ueber-uns\/fahrzeuge\/einsatzleitwagen\/\" title=\"Mehr Informationen zu Einsatzleitwagen\">Einsatzleitwagen<\/a>, <a href=\"https:\/\/feuerwehr-espenau.de\/index.php\/ueber-uns\/fahrzeuge\/hilfeleistungsloeschgruppenfahrzeug\/\" title=\"Mehr Informationen zu Hilfeleistungsl\u00f6schgruppenfahrzeug 20\/16\">Hilfeleistungsl\u00f6schgruppenfahrzeug 20\/16<\/a><\/p>\n<p>\t<strong>Weitere Kr\u00e4fte:<\/strong> <a href=\"http:\/\/www.christoph7.org\/\" title=\"Mehr Informationen zu Christoph 7\" target=\"_blank\">Christoph 7<\/a>, <a href=\"https:\/\/www.feuerwehr-immenhausen.de\/\" title=\"Mehr Informationen zu Feuerwehr Immenhausen\" target=\"_blank\">Feuerwehr Immenhausen<\/a>, <a href=\"https:\/\/www.kassel.de\/einrichtungen\/feuerwehr\/rubrik2-1\/index.php\" title=\"Mehr Informationen zu Notarzt\" target=\"_blank\">Notarzt<\/a>, <a href=\"https:\/\/www.kassel.de\/einrichtungen\/feuerwehr\/rubrik2-1\/index.php\" title=\"Mehr Informationen zu Rettungsdienst\" target=\"_blank\">Rettungsdienst<\/a>\n<\/p>\n<hr>\n<h2>Einsatzbericht:<\/h2>\n<p>Am Sonntagnachmittag, den 23.04., wurden wir um 16:15 Uhr in den Ortsteil Hohenkirchen zu einer Tragehilfe alarmiert. An der Einsatzstelle zeigte sich, dass eine Person aus dem 1. OG m\u00f6glichst schonend nach drau\u00dfen bef\u00f6rdert werden musste. \u00dcber das vorhandene Treppenhaus war dies leider nicht m\u00f6glich. So wurde die Drehleiter der Feuerwehr Immenhausen schon zu Beginn der Alarmierung, mit an die EST alarmiert. Durch diese konnte anschlie\u00dfend eine Personenorientierte Rettung stattfinden.<\/p>\n<p>Mit im Einsatz:<br \/>\n&#x1f692; Freiwillige Feuerwehr Immenhausen<br \/>\n&#x1f691; ASB Regionalverband Kassel-Nordhessen<br \/>\n&#x1f681; Notarzt \/ Christoph 7 Kassel<\/p>\n<p>Bericht: S. Sippel<br \/><\/p>\n","protected":false},"author":2,"featured_media":0,"template":"","meta":{"einsatz_weight":1,"footnotes":""},"categories":[],"einsatzart":[25],"fahrzeug":[8,16],"exteinsatzmittel":[6,10,20,22],"alarmierungsart":[77,38],"evw_unit":[],"class_list":["post-2791","einsatz","type-einsatz","status-publish","hentry","einsatzart-technische-hilfeleistung","fahrzeug-elw","fahrzeug-hlf","exteinsatzmittel-christoph-7","exteinsatzmittel-feuerwehr-immenhausen","exteinsatzmittel-notarzt","exteinsatzmittel-rettungsdienst","alarmierungsart-alamos","alarmierungsart-pager"],"_links":{"self":[{"href":"https:\/\/feuerwehr-espenau.de\/index.php\/wp-json\/wp\/v2\/einsatz\/2791","targetHints":{"allow":["GET"]}}],"collection":[{"href":"https:\/\/feuerwehr-espenau.de\/index.php\/wp-json\/wp\/v2\/einsatz"}],"about":[{"href":"https:\/\/feuerwehr-espenau.de\/index.php\/wp-json\/wp\/v2\/types\/einsatz"}],"author":[{"embeddable":true,"href":"https:\/\/feuerwehr-espenau.de\/index.php\/wp-json\/wp\/v2\/users\/2"}],"version-history":[{"count":3,"href":"https:\/\/feuerwehr-espenau.de\/index.php\/wp-json\/wp\/v2\/einsatz\/2791\/revisions"}],"predecessor-version":[{"id":2794,"href":"https:\/\/feuerwehr-espenau.de\/index.php\/wp-json\/wp\/v2\/einsatz\/2791\/revisions\/2794"}],"wp:attachment":[{"href":"https:\/\/feuerwehr-espenau.de\/index.php\/wp-json\/wp\/v2\/media?parent=2791"}],"wp:term":[{"taxonomy":"category","embeddable":true,"href":"https:\/\/feuerwehr-espenau.de\/index.php\/wp-json\/wp\/v2\/categories?post=2791"},{"taxonomy":"einsatzart","embeddable":true,"href":"https:\/\/feuerwehr-espenau.de\/index.php\/wp-json\/wp\/v2\/einsatzart?post=2791"},{"taxonomy":"fahrzeug","embeddable":true,"href":"https:\/\/feuerwehr-espenau.de\/index.php\/wp-json\/wp\/v2\/fahrzeug?post=2791"},{"taxonomy":"exteinsatzmittel","embeddable":true,"href":"https:\/\/feuerwehr-espenau.de\/index.php\/wp-json\/wp\/v2\/exteinsatzmittel?post=2791"},{"taxonomy":"alarmierungsart","embeddable":true,"href":"https:\/\/feuerwehr-espenau.de\/index.php\/wp-json\/wp\/v2\/alarmierungsart?post=2791"},{"taxonomy":"evw_unit","embeddable":true,"href":"https:\/\/feuerwehr-espenau.de\/index.php\/wp-json\/wp\/v2\/evw_unit?post=2791"}],"curies":[{"name":"wp","href":"https:\/\/api.w.org\/{rel}","templated":true}]}}

<p>
        <strong>Datum:</strong> 23.04.2023<br />
        <strong>Einsatznummer:</strong> 12-2023<br />
	<strong>Alarmzeit:</strong> 16:15 Uhr<br />
	<strong>Alarmierungsart:</strong> Alamos, Pager<br />
	<strong>Art: </strong><span style="color: #1e73be">Technische Hilfeleistung</span><br />
	<strong>Einsatzort:</strong> Espenau-Hohenkirchen</p>
<p>	<strong>Fahrzeuge:</strong> <a href="https://feuerwehr-espenau.de/index.php/ueber-uns/fahrzeuge/einsatzleitwagen/" title="Mehr Informationen zu Einsatzleitwagen">Einsatzleitwagen</a>, <a href="https://feuerwehr-espenau.de/index.php/ueber-uns/fahrzeuge/hilfeleistungsloeschgruppenfahrzeug/" title="Mehr Informationen zu Hilfeleistungslöschgruppenfahrzeug 20/16">Hilfeleistungslöschgruppenfahrzeug 20/16</a></p>
<p>	<strong>Weitere Kräfte:</strong> <a href="http://www.christoph7.org/" title="Mehr Informationen zu Christoph 7" target="_blank">Christoph 7</a>, <a href="https://www.feuerwehr-immenhausen.de/" title="Mehr Informationen zu Feuerwehr Immenhausen" target="_blank">Feuerwehr Immenhausen</a>, <a href="https://www.kassel.de/einrichtungen/feuerwehr/rubrik2-1/index.php" title="Mehr Informationen zu Notarzt" target="_blank">Notarzt</a>, <a href="https://www.kassel.de/einrichtungen/feuerwehr/rubrik2-1/index.php" title="Mehr Informationen zu Rettungsdienst" target="_blank">Rettungsdienst</a>
</p>
<hr>
<h2>Einsatzbericht:</h2>
<p>Am Sonntagnachmittag, den 23.04., wurden wir um 16:15 Uhr in den Ortsteil Hohenkirchen zu einer Tragehilfe alarmiert. An der Einsatzstelle zeigte sich, dass eine Person aus dem 1. OG möglichst schonend nach draußen befördert werden musste. Über das vorhandene Treppenhaus war dies leider nicht möglich. So wurde die Drehleiter der Feuerwehr Immenhausen schon zu Beginn der Alarmierung, mit an die EST alarmiert. Durch diese konnte anschließend eine Personenorientierte Rettung stattfinden.</p>
<p>Mit im Einsatz:<br />
&#x1f692; Freiwillige Feuerwehr Immenhausen<br />
&#x1f691; ASB Regionalverband Kassel-Nordhessen<br />
&#x1f681; Notarzt / Christoph 7 Kassel</p>
<p>Bericht: S. Sippel<br /></p>
