{"id":2832,"date":"2023-06-14T14:16:00","date_gmt":"2023-06-14T12:16:00","guid":{"rendered":"https:\/\/feuerwehr-espenau.de\/?post_type=einsatz&#038;p=2832"},"modified":"2023-06-17T14:13:50","modified_gmt":"2023-06-17T12:13:50","slug":"fwald2-waldbrand-iuk","status":"publish","type":"einsatz","link":"https:\/\/feuerwehr-espenau.de\/index.php\/einsatzberichte\/fwald2-waldbrand-iuk\/","title":{"rendered":"FWALD2 \/ Waldbrand (IuK)"},"content":{"rendered":"<p>\n        <strong>Datum:<\/strong> 14.06.2023<br \/>\n        <strong>Einsatznummer:<\/strong> 17-2023<br \/>\n\t<strong>Alarmzeit:<\/strong> 14:16 Uhr<br \/>\n\t<strong>Alarmierungsart:<\/strong> Alamos, Pager<br \/>\n\t<strong>Art: <\/strong><span style=\"color: #dd3333\">Einsatzf\u00fchrung \/ Koordination<\/span><br \/>\n\t<strong>Einsatzort:<\/strong> Helsa<\/p>\n<p>\t<strong>Fahrzeuge:<\/strong> <a href=\"https:\/\/feuerwehr-espenau.de\/index.php\/ueber-uns\/fahrzeuge\/geraetewagen-information-kommunikation\/\" title=\"Mehr Informationen zu Ger\u00e4tewagen Information und Kommunikation\">Ger\u00e4tewagen Information und Kommunikation<\/a><\/p>\n<p>\t<strong>Weitere Kr\u00e4fte:<\/strong> <a href=\"https:\/\/www.landkreiskassel.de\/service\/oe\/dezernat-i\/gefahrenabwehr\/brandschutz\/index.php\" title=\"Mehr Informationen zu Brandschutzaufsichtsdienst\" target=\"_blank\">Brandschutzaufsichtsdienst<\/a>, <a href=\"https:\/\/www.landkreiskassel.de\/\" title=\"Mehr Informationen zu LK Kassel\" target=\"_blank\">LK Kassel<\/a>, <a href=\"https:\/\/ppnh.polizei.hessen.de\/Startseite\/\" title=\"Mehr Informationen zu Polizei\" target=\"_blank\">Polizei<\/a>, <a href=\"https:\/\/www.kassel.de\/einrichtungen\/feuerwehr\/rubrik2-1\/index.php\" title=\"Mehr Informationen zu Rettungsdienst\" target=\"_blank\">Rettungsdienst<\/a>, <a href=\"http:\/\/www.facebook.com\/IuKLKKS\" title=\"Mehr Informationen zu TEL LK Kassel \/ IuK Gruppe\" target=\"_blank\">TEL LK Kassel \/ IuK Gruppe<\/a>, <a href=\"http:\/\/kfv-kassel-land.de\/\" title=\"Mehr Informationen zu Umliegende Feuerwehren\" target=\"_blank\">Umliegende Feuerwehren<\/a>\n<\/p>\n<hr>\n<h2>Einsatzbericht:<\/h2>\n<p>Am Mittwochnachmittag, gegen 14:16 Uhr wurde die IuK-Gruppe Landkreis Kassel zu einem Waldbrand nach Helsa-Eschenstruth alarmiert. Im dortigen Stiftswald war es zu einem gr\u00f6\u00dferem Waldbrand gekommen.<br \/>\nDer GW IuK r\u00fcckte umgehend mit dem ELW 2 sowie dem Kreis MTW (aus Vellmar) zum Bereitstellungsplatz n\u00e4he Michelskopfsee aus um die dortigen Kr\u00e4fte zu unterst\u00fctzen.<\/p>\n<p>Gegen 21:00 Uhr konnte der GW IuK zusammen mit dem ELW 2 dann einr\u00fccken.<\/p>\n<p>Bericht HR: <a href=\"https:\/\/www.hessenschau.de\/panorama\/noch-glutnester-nach-waldbrand-im-kreis-kassel-v5,waldbrand-helsa-100.html?fbclid=IwAR0lyK3XQfbGTMWcPUiAfRyzEUtjkUOTdEg1LOOguuIwSb2StfU13M7UeBI\" target=\"_blank\" rel=\"noopener\">https:\/\/www.hessenschau.de\/&#8230;\/noch-glutnester-nach&#8230;<\/a><\/p>\n<p>Bericht: S.Sippel<br \/><\/p>\n","protected":false},"author":2,"featured_media":0,"template":"","meta":{"einsatz_weight":1,"footnotes":""},"categories":[],"einsatzart":[72],"fahrzeug":[14],"exteinsatzmittel":[4,17,21,22,26,29],"alarmierungsart":[77,38],"evw_unit":[],"class_list":["post-2832","einsatz","type-einsatz","status-publish","hentry","einsatzart-einsatzfuehrung-koordination","fahrzeug-gw-iuk","exteinsatzmittel-brandschutzaufsichtsdienst","exteinsatzmittel-lk-kassel","exteinsatzmittel-polizei","exteinsatzmittel-rettungsdienst","exteinsatzmittel-tel-lk-kassel-iuk-gruppe","exteinsatzmittel-umliegende-feuerwehren","alarmierungsart-alamos","alarmierungsart-pager"],"_links":{"self":[{"href":"https:\/\/feuerwehr-espenau.de\/index.php\/wp-json\/wp\/v2\/einsatz\/2832","targetHints":{"allow":["GET"]}}],"collection":[{"href":"https:\/\/feuerwehr-espenau.de\/index.php\/wp-json\/wp\/v2\/einsatz"}],"about":[{"href":"https:\/\/feuerwehr-espenau.de\/index.php\/wp-json\/wp\/v2\/types\/einsatz"}],"author":[{"embeddable":true,"href":"https:\/\/feuerwehr-espenau.de\/index.php\/wp-json\/wp\/v2\/users\/2"}],"version-history":[{"count":2,"href":"https:\/\/feuerwehr-espenau.de\/index.php\/wp-json\/wp\/v2\/einsatz\/2832\/revisions"}],"predecessor-version":[{"id":2836,"href":"https:\/\/feuerwehr-espenau.de\/index.php\/wp-json\/wp\/v2\/einsatz\/2832\/revisions\/2836"}],"wp:attachment":[{"href":"https:\/\/feuerwehr-espenau.de\/index.php\/wp-json\/wp\/v2\/media?parent=2832"}],"wp:term":[{"taxonomy":"category","embeddable":true,"href":"https:\/\/feuerwehr-espenau.de\/index.php\/wp-json\/wp\/v2\/categories?post=2832"},{"taxonomy":"einsatzart","embeddable":true,"href":"https:\/\/feuerwehr-espenau.de\/index.php\/wp-json\/wp\/v2\/einsatzart?post=2832"},{"taxonomy":"fahrzeug","embeddable":true,"href":"https:\/\/feuerwehr-espenau.de\/index.php\/wp-json\/wp\/v2\/fahrzeug?post=2832"},{"taxonomy":"exteinsatzmittel","embeddable":true,"href":"https:\/\/feuerwehr-espenau.de\/index.php\/wp-json\/wp\/v2\/exteinsatzmittel?post=2832"},{"taxonomy":"alarmierungsart","embeddable":true,"href":"https:\/\/feuerwehr-espenau.de\/index.php\/wp-json\/wp\/v2\/alarmierungsart?post=2832"},{"taxonomy":"evw_unit","embeddable":true,"href":"https:\/\/feuerwehr-espenau.de\/index.php\/wp-json\/wp\/v2\/evw_unit?post=2832"}],"curies":[{"name":"wp","href":"https:\/\/api.w.org\/{rel}","templated":true}]}}

<p>
        <strong>Datum:</strong> 14.06.2023<br />
        <strong>Einsatznummer:</strong> 17-2023<br />
	<strong>Alarmzeit:</strong> 14:16 Uhr<br />
	<strong>Alarmierungsart:</strong> Alamos, Pager<br />
	<strong>Art: </strong><span style="color: #dd3333">Einsatzführung / Koordination</span><br />
	<strong>Einsatzort:</strong> Helsa</p>
<p>	<strong>Fahrzeuge:</strong> <a href="https://feuerwehr-espenau.de/index.php/ueber-uns/fahrzeuge/geraetewagen-information-kommunikation/" title="Mehr Informationen zu Gerätewagen Information und Kommunikation">Gerätewagen Information und Kommunikation</a></p>
<p>	<strong>Weitere Kräfte:</strong> <a href="https://www.landkreiskassel.de/service/oe/dezernat-i/gefahrenabwehr/brandschutz/index.php" title="Mehr Informationen zu Brandschutzaufsichtsdienst" target="_blank">Brandschutzaufsichtsdienst</a>, <a href="https://www.landkreiskassel.de/" title="Mehr Informationen zu LK Kassel" target="_blank">LK Kassel</a>, <a href="https://ppnh.polizei.hessen.de/Startseite/" title="Mehr Informationen zu Polizei" target="_blank">Polizei</a>, <a href="https://www.kassel.de/einrichtungen/feuerwehr/rubrik2-1/index.php" title="Mehr Informationen zu Rettungsdienst" target="_blank">Rettungsdienst</a>, <a href="http://www.facebook.com/IuKLKKS" title="Mehr Informationen zu TEL LK Kassel / IuK Gruppe" target="_blank">TEL LK Kassel / IuK Gruppe</a>, <a href="http://kfv-kassel-land.de/" title="Mehr Informationen zu Umliegende Feuerwehren" target="_blank">Umliegende Feuerwehren</a>
</p>
<hr>
<h2>Einsatzbericht:</h2>
<p>Am Mittwochnachmittag, gegen 14:16 Uhr wurde die IuK-Gruppe Landkreis Kassel zu einem Waldbrand nach Helsa-Eschenstruth alarmiert. Im dortigen Stiftswald war es zu einem größerem Waldbrand gekommen.<br />
Der GW IuK rückte umgehend mit dem ELW 2 sowie dem Kreis MTW (aus Vellmar) zum Bereitstellungsplatz nähe Michelskopfsee aus um die dortigen Kräfte zu unterstützen.</p>
<p>Gegen 21:00 Uhr konnte der GW IuK zusammen mit dem ELW 2 dann einrücken.</p>
<p>Bericht HR: <a href="https://www.hessenschau.de/panorama/noch-glutnester-nach-waldbrand-im-kreis-kassel-v5,waldbrand-helsa-100.html?fbclid=IwAR0lyK3XQfbGTMWcPUiAfRyzEUtjkUOTdEg1LOOguuIwSb2StfU13M7UeBI" target="_blank" rel="noopener">https://www.hessenschau.de/&#8230;/noch-glutnester-nach&#8230;</a></p>
<p>Bericht: S.Sippel<br /></p>
