{"id":2911,"date":"2023-09-19T06:54:00","date_gmt":"2023-09-19T04:54:00","guid":{"rendered":"https:\/\/feuerwehr-espenau.de\/?post_type=einsatz&#038;p=2911"},"modified":"2023-09-22T16:07:33","modified_gmt":"2023-09-22T14:07:33","slug":"f2y-kellerbrand","status":"publish","type":"einsatz","link":"https:\/\/feuerwehr-espenau.de\/index.php\/einsatzberichte\/f2y-kellerbrand\/","title":{"rendered":"F2Y \/ Kellerbrand"},"content":{"rendered":"<p>\n        <strong>Datum:<\/strong> 19.09.2023<br \/>\n        <strong>Einsatznummer:<\/strong> 48-2023<br \/>\n\t<strong>Alarmzeit:<\/strong> 6:54 Uhr<br \/>\n\t<strong>Alarmierungsart:<\/strong> Vollalarm<br \/>\n\t<strong>Art: <\/strong><span style=\"color: #db5432\">Brandeinsatz<\/span><br \/>\n\t<strong>Einsatzort:<\/strong> Immenhausen<\/p>\n<p>\t<strong>Fahrzeuge:<\/strong> <a href=\"https:\/\/feuerwehr-espenau.de\/index.php\/ueber-uns\/fahrzeuge\/staffelloeschfahrzeug\/\" title=\"Mehr Informationen zu Staffell\u00f6schfahrzeug 20\/25\">Staffell\u00f6schfahrzeug 20\/25<\/a><\/p>\n<p>\t<strong>Weitere Kr\u00e4fte:<\/strong> <a href=\"http:\/\/feuerwehr-holzhausen.com\" title=\"Mehr Informationen zu Feuerwehr Holzhausen\" target=\"_blank\">Feuerwehr Holzhausen<\/a>, <a href=\"https:\/\/www.feuerwehr-immenhausen.de\/\" title=\"Mehr Informationen zu Feuerwehr Immenhausen\" target=\"_blank\">Feuerwehr Immenhausen<\/a>, <a href=\"https:\/\/de-de.facebook.com\/FreiwilligeFeuerwehrMariendorf\" title=\"Mehr Informationen zu Feuerwehr Mariendorf\" target=\"_blank\">Feuerwehr Mariendorf<\/a>, <a href=\"https:\/\/www.kassel.de\/einrichtungen\/feuerwehr\/rubrik2-1\/index.php\" title=\"Mehr Informationen zu Rettungsdienst\" target=\"_blank\">Rettungsdienst<\/a>\n<\/p>\n<hr>\n<h2>Einsatzbericht:<\/h2>\n<p>Am 19. September, um kurz vor 7:00 Uhr war die Nachtruhe zu Ende und wir wurden zusammen mit der<br \/>\nFreiwillige Feuerwehr Immenhausen via Vollalarm (Pager+Sirene) zu einem F2Y mit nach Immenhausen alarmiert.<br \/>\nVor Ort best\u00e4tigte sich der Brand in einem Keller. Wir mussten nach Ankunft jedoch nicht weiter t\u00e4tig werden und konnten zeitnah wieder einr\u00fccken.<\/p>\n<p>Bericht: S.Sippel<br \/><\/p>\n","protected":false},"author":2,"featured_media":0,"template":"","meta":{"einsatz_weight":1,"footnotes":""},"categories":[],"einsatzart":[3],"fahrzeug":[23],"exteinsatzmittel":[65,10,66,22],"alarmierungsart":[31],"evw_unit":[],"class_list":["post-2911","einsatz","type-einsatz","status-publish","hentry","einsatzart-brandeinsatz","fahrzeug-stlf","exteinsatzmittel-feuerwehr-holzhausen","exteinsatzmittel-feuerwehr-immenhausen","exteinsatzmittel-feuerwehr-mariendorf","exteinsatzmittel-rettungsdienst","alarmierungsart-vollalarm"],"_links":{"self":[{"href":"https:\/\/feuerwehr-espenau.de\/index.php\/wp-json\/wp\/v2\/einsatz\/2911","targetHints":{"allow":["GET"]}}],"collection":[{"href":"https:\/\/feuerwehr-espenau.de\/index.php\/wp-json\/wp\/v2\/einsatz"}],"about":[{"href":"https:\/\/feuerwehr-espenau.de\/index.php\/wp-json\/wp\/v2\/types\/einsatz"}],"author":[{"embeddable":true,"href":"https:\/\/feuerwehr-espenau.de\/index.php\/wp-json\/wp\/v2\/users\/2"}],"version-history":[{"count":3,"href":"https:\/\/feuerwehr-espenau.de\/index.php\/wp-json\/wp\/v2\/einsatz\/2911\/revisions"}],"predecessor-version":[{"id":2917,"href":"https:\/\/feuerwehr-espenau.de\/index.php\/wp-json\/wp\/v2\/einsatz\/2911\/revisions\/2917"}],"wp:attachment":[{"href":"https:\/\/feuerwehr-espenau.de\/index.php\/wp-json\/wp\/v2\/media?parent=2911"}],"wp:term":[{"taxonomy":"category","embeddable":true,"href":"https:\/\/feuerwehr-espenau.de\/index.php\/wp-json\/wp\/v2\/categories?post=2911"},{"taxonomy":"einsatzart","embeddable":true,"href":"https:\/\/feuerwehr-espenau.de\/index.php\/wp-json\/wp\/v2\/einsatzart?post=2911"},{"taxonomy":"fahrzeug","embeddable":true,"href":"https:\/\/feuerwehr-espenau.de\/index.php\/wp-json\/wp\/v2\/fahrzeug?post=2911"},{"taxonomy":"exteinsatzmittel","embeddable":true,"href":"https:\/\/feuerwehr-espenau.de\/index.php\/wp-json\/wp\/v2\/exteinsatzmittel?post=2911"},{"taxonomy":"alarmierungsart","embeddable":true,"href":"https:\/\/feuerwehr-espenau.de\/index.php\/wp-json\/wp\/v2\/alarmierungsart?post=2911"},{"taxonomy":"evw_unit","embeddable":true,"href":"https:\/\/feuerwehr-espenau.de\/index.php\/wp-json\/wp\/v2\/evw_unit?post=2911"}],"curies":[{"name":"wp","href":"https:\/\/api.w.org\/{rel}","templated":true}]}}

<p>
        <strong>Datum:</strong> 19.09.2023<br />
        <strong>Einsatznummer:</strong> 48-2023<br />
	<strong>Alarmzeit:</strong> 6:54 Uhr<br />
	<strong>Alarmierungsart:</strong> Vollalarm<br />
	<strong>Art: </strong><span style="color: #db5432">Brandeinsatz</span><br />
	<strong>Einsatzort:</strong> Immenhausen</p>
<p>	<strong>Fahrzeuge:</strong> <a href="https://feuerwehr-espenau.de/index.php/ueber-uns/fahrzeuge/staffelloeschfahrzeug/" title="Mehr Informationen zu Staffellöschfahrzeug 20/25">Staffellöschfahrzeug 20/25</a></p>
<p>	<strong>Weitere Kräfte:</strong> <a href="http://feuerwehr-holzhausen.com" title="Mehr Informationen zu Feuerwehr Holzhausen" target="_blank">Feuerwehr Holzhausen</a>, <a href="https://www.feuerwehr-immenhausen.de/" title="Mehr Informationen zu Feuerwehr Immenhausen" target="_blank">Feuerwehr Immenhausen</a>, <a href="https://de-de.facebook.com/FreiwilligeFeuerwehrMariendorf" title="Mehr Informationen zu Feuerwehr Mariendorf" target="_blank">Feuerwehr Mariendorf</a>, <a href="https://www.kassel.de/einrichtungen/feuerwehr/rubrik2-1/index.php" title="Mehr Informationen zu Rettungsdienst" target="_blank">Rettungsdienst</a>
</p>
<hr>
<h2>Einsatzbericht:</h2>
<p>Am 19. September, um kurz vor 7:00 Uhr war die Nachtruhe zu Ende und wir wurden zusammen mit der<br />
Freiwillige Feuerwehr Immenhausen via Vollalarm (Pager+Sirene) zu einem F2Y mit nach Immenhausen alarmiert.<br />
Vor Ort bestätigte sich der Brand in einem Keller. Wir mussten nach Ankunft jedoch nicht weiter tätig werden und konnten zeitnah wieder einrücken.</p>
<p>Bericht: S.Sippel<br /></p>
