{"id":2965,"date":"2023-12-24T13:36:00","date_gmt":"2023-12-24T12:36:00","guid":{"rendered":"https:\/\/feuerwehr-espenau.de\/?post_type=einsatz&#038;p=2965"},"modified":"2023-12-28T10:53:02","modified_gmt":"2023-12-28T09:53:02","slug":"h1y-7","status":"publish","type":"einsatz","link":"https:\/\/feuerwehr-espenau.de\/index.php\/einsatzberichte\/h1y-7\/","title":{"rendered":"H1Y \/ T\u00fcr\u00f6ffnung"},"content":{"rendered":"<p>\n        <strong>Datum:<\/strong> 24.12.2023<br \/>\n        <strong>Einsatznummer:<\/strong> 55-2023<br \/>\n\t<strong>Alarmzeit:<\/strong> 13:36 Uhr<br \/>\n\t<strong>Alarmierungsart:<\/strong> Alamos, Pager<br \/>\n\t<strong>Art: <\/strong><span style=\"color: #1e73be\">Technische Hilfeleistung<\/span><br \/>\n\t<strong>Einsatzort:<\/strong> Espenau-Hohenkirchen<\/p>\n<p>\t<strong>Fahrzeuge:<\/strong> <a href=\"https:\/\/feuerwehr-espenau.de\/index.php\/ueber-uns\/fahrzeuge\/hilfeleistungsloeschgruppenfahrzeug\/\" title=\"Mehr Informationen zu Hilfeleistungsl\u00f6schgruppenfahrzeug 20\/16\">Hilfeleistungsl\u00f6schgruppenfahrzeug 20\/16<\/a><\/p>\n<p>\t<strong>Weitere Kr\u00e4fte:<\/strong> <a href=\"https:\/\/www.kassel.de\/einrichtungen\/feuerwehr\/rubrik2-1\/index.php\" title=\"Mehr Informationen zu Rettungsdienst\" target=\"_blank\">Rettungsdienst<\/a>\n<\/p>\n<hr>\n<h2>Einsatzbericht:<\/h2>\n<p>Auch an Heiligabend im Einsatz!<br \/>\nInnerhalb von 5 Minuten kam es zu zwei Einsatzmeldungen f\u00fcr uns.<br \/>\nDie erste Alarmierung kam aufgrund von Wasser in einem Keller, kurze Zeit darauf gefolgt von einer Notfallt\u00fcr\u00f6ffnung.<br \/>\nDa das menschliche Wohlbefinden Priorit\u00e4t hat, wurden die Eins\u00e4tze in umgekehrter Reihenfolge von uns abgearbeitet.<br \/>\nZuerst wurde die T\u00fcr\u00f6ffnung durchgef\u00fchrt und die Person im Anschluss an den Rettungsdienst \u00fcbergeben.<br \/>\nIm Einsatzverlauf sind weitere Fahrzeuge besetzt worden, die zur zweiten Einsatzstelle fuhren &#8211; es stand dort<br \/>\nca.10 cm Wasser in einem Keller, welches u.a mittels Tauchpumpen entfernt wurde.<\/p>\n<p>Bericht: J.Menne<br \/><\/p>\n","protected":false},"author":8,"featured_media":0,"template":"","meta":{"einsatz_weight":1,"footnotes":""},"categories":[],"einsatzart":[25],"fahrzeug":[16],"exteinsatzmittel":[22],"alarmierungsart":[77,38],"evw_unit":[],"class_list":["post-2965","einsatz","type-einsatz","status-publish","hentry","einsatzart-technische-hilfeleistung","fahrzeug-hlf","exteinsatzmittel-rettungsdienst","alarmierungsart-alamos","alarmierungsart-pager"],"_links":{"self":[{"href":"https:\/\/feuerwehr-espenau.de\/index.php\/wp-json\/wp\/v2\/einsatz\/2965","targetHints":{"allow":["GET"]}}],"collection":[{"href":"https:\/\/feuerwehr-espenau.de\/index.php\/wp-json\/wp\/v2\/einsatz"}],"about":[{"href":"https:\/\/feuerwehr-espenau.de\/index.php\/wp-json\/wp\/v2\/types\/einsatz"}],"author":[{"embeddable":true,"href":"https:\/\/feuerwehr-espenau.de\/index.php\/wp-json\/wp\/v2\/users\/8"}],"version-history":[{"count":3,"href":"https:\/\/feuerwehr-espenau.de\/index.php\/wp-json\/wp\/v2\/einsatz\/2965\/revisions"}],"predecessor-version":[{"id":2981,"href":"https:\/\/feuerwehr-espenau.de\/index.php\/wp-json\/wp\/v2\/einsatz\/2965\/revisions\/2981"}],"wp:attachment":[{"href":"https:\/\/feuerwehr-espenau.de\/index.php\/wp-json\/wp\/v2\/media?parent=2965"}],"wp:term":[{"taxonomy":"category","embeddable":true,"href":"https:\/\/feuerwehr-espenau.de\/index.php\/wp-json\/wp\/v2\/categories?post=2965"},{"taxonomy":"einsatzart","embeddable":true,"href":"https:\/\/feuerwehr-espenau.de\/index.php\/wp-json\/wp\/v2\/einsatzart?post=2965"},{"taxonomy":"fahrzeug","embeddable":true,"href":"https:\/\/feuerwehr-espenau.de\/index.php\/wp-json\/wp\/v2\/fahrzeug?post=2965"},{"taxonomy":"exteinsatzmittel","embeddable":true,"href":"https:\/\/feuerwehr-espenau.de\/index.php\/wp-json\/wp\/v2\/exteinsatzmittel?post=2965"},{"taxonomy":"alarmierungsart","embeddable":true,"href":"https:\/\/feuerwehr-espenau.de\/index.php\/wp-json\/wp\/v2\/alarmierungsart?post=2965"},{"taxonomy":"evw_unit","embeddable":true,"href":"https:\/\/feuerwehr-espenau.de\/index.php\/wp-json\/wp\/v2\/evw_unit?post=2965"}],"curies":[{"name":"wp","href":"https:\/\/api.w.org\/{rel}","templated":true}]}}

H1Y / Türöffnung

<p>
        <strong>Datum:</strong> 24.12.2023<br />
        <strong>Einsatznummer:</strong> 55-2023<br />
	<strong>Alarmzeit:</strong> 13:36 Uhr<br />
	<strong>Alarmierungsart:</strong> Alamos, Pager<br />
	<strong>Art: </strong><span style="color: #1e73be">Technische Hilfeleistung</span><br />
	<strong>Einsatzort:</strong> Espenau-Hohenkirchen</p>
<p>	<strong>Fahrzeuge:</strong> <a href="https://feuerwehr-espenau.de/index.php/ueber-uns/fahrzeuge/hilfeleistungsloeschgruppenfahrzeug/" title="Mehr Informationen zu Hilfeleistungslöschgruppenfahrzeug 20/16">Hilfeleistungslöschgruppenfahrzeug 20/16</a></p>
<p>	<strong>Weitere Kräfte:</strong> <a href="https://www.kassel.de/einrichtungen/feuerwehr/rubrik2-1/index.php" title="Mehr Informationen zu Rettungsdienst" target="_blank">Rettungsdienst</a>
</p>
<hr>
<h2>Einsatzbericht:</h2>
<p>Auch an Heiligabend im Einsatz!<br />
Innerhalb von 5 Minuten kam es zu zwei Einsatzmeldungen für uns.<br />
Die erste Alarmierung kam aufgrund von Wasser in einem Keller, kurze Zeit darauf gefolgt von einer Notfalltüröffnung.<br />
Da das menschliche Wohlbefinden Priorität hat, wurden die Einsätze in umgekehrter Reihenfolge von uns abgearbeitet.<br />
Zuerst wurde die Türöffnung durchgeführt und die Person im Anschluss an den Rettungsdienst übergeben.<br />
Im Einsatzverlauf sind weitere Fahrzeuge besetzt worden, die zur zweiten Einsatzstelle fuhren &#8211; es stand dort<br />
ca.10 cm Wasser in einem Keller, welches u.a mittels Tauchpumpen entfernt wurde.</p>
<p>Bericht: J.Menne<br /></p>
