{"id":3023,"date":"2024-03-18T05:53:00","date_gmt":"2024-03-18T04:53:00","guid":{"rendered":"https:\/\/feuerwehr-espenau.de\/?post_type=einsatz&#038;p=3023"},"modified":"2024-03-19T18:52:39","modified_gmt":"2024-03-19T17:52:39","slug":"f1f2-brand-pkw","status":"publish","type":"einsatz","link":"https:\/\/feuerwehr-espenau.de\/index.php\/einsatzberichte\/f1f2-brand-pkw\/","title":{"rendered":"F1>F2 \/ Brand PKW"},"content":{"rendered":"<p>\n        <strong>Datum:<\/strong> 18.03.2024<br \/>\n        <strong>Einsatznummer:<\/strong> 07-2024<br \/>\n\t<strong>Alarmzeit:<\/strong> 5:53 Uhr<br \/>\n\t<strong>Alarmierungsart:<\/strong> Alamos, Pager<br \/>\n\t<strong>Art: <\/strong><span style=\"color: #db5432\">Brandeinsatz<\/span><br \/>\n\t<strong>Einsatzort:<\/strong> Espenau-Hohenkirchen<\/p>\n<p>\t<strong>Fahrzeuge:<\/strong> <a href=\"https:\/\/feuerwehr-espenau.de\/index.php\/ueber-uns\/fahrzeuge\/hilfeleistungsloeschgruppenfahrzeug\/\" title=\"Mehr Informationen zu Hilfeleistungsl\u00f6schgruppenfahrzeug 20\/16\">Hilfeleistungsl\u00f6schgruppenfahrzeug 20\/16<\/a>, <a href=\"https:\/\/feuerwehr-espenau.de\/index.php\/ueber-uns\/fahrzeuge\/staffelloeschfahrzeug\/\" title=\"Mehr Informationen zu Staffell\u00f6schfahrzeug 20\/25\">Staffell\u00f6schfahrzeug 20\/25<\/a>, <a href=\"https:\/\/feuerwehr-espenau.de\/index.php\/ueber-uns\/fahrzeuge\/geraetewagen-logistik-1\/\" title=\"Mehr Informationen zu Ger\u00e4tewagen Logistik 1\">Ger\u00e4tewagen Logistik 1<\/a><\/p>\n<p>\t<strong>Weitere Kr\u00e4fte:<\/strong> <a href=\"https:\/\/www.kassel.de\/einrichtungen\/feuerwehr\/rubrik2-1\/index.php\" title=\"Mehr Informationen zu Notarzt\" target=\"_blank\">Notarzt<\/a>, <a href=\"https:\/\/ppnh.polizei.hessen.de\/Startseite\/\" title=\"Mehr Informationen zu Polizei\" target=\"_blank\">Polizei<\/a>, <a href=\"https:\/\/www.kassel.de\/einrichtungen\/feuerwehr\/rubrik2-1\/index.php\" title=\"Mehr Informationen zu Rettungsdienst\" target=\"_blank\">Rettungsdienst<\/a>\n<\/p>\n<hr>\n<h2>Einsatzbericht:<\/h2>\n<p>Am 18.03.2024, gegen 06:00 Uhr, wurde durch einen aufmerksamen Autofahrer ein brennender PKW in einer Hauseinfahrt festgestellt.<br \/>\nEin Kamerad, nach der Alarmierung auf dem Weg ins Feuerwehrhaus, erkannte die gef\u00e4hrliche Situation und lies das Alarmstichwort auf \u201eF2 &#8211; Brand in Geb\u00e4ude\u201c, erh\u00f6hen.<br \/>\nBei Eintreffen der ersten Kr\u00e4fte hatten die Bewohner das Haus bereits verlassen, der PKW und eine M\u00fclltonne standen in Vollbrand. Das Feuer drohte auf die Fassade des Hauses \u00fcberzugreifen.<br \/>\nUmgehend wurden zwei Trupps unter Atemschutz zur Brandbek\u00e4mpfung eingesetzt.<br \/>\nEbenfalls wurde eine Riegelstellung zwischen PKW und Wohnhaus aufgebaut, um eine Brandausbreitung zu verhindern.<br \/>\nEin Flammen\u00fcberschlag auf das Geb\u00e4ude konnte dadurch unterbunden werden, jedoch der PKW und die M\u00fclltonne brannten vollst\u00e4ndig aus.<br \/>\nDie Hausfassade wurde lediglich durch die Hitze besch\u00e4digt.<\/p>\n<p>Nach ca. 2 Std war der Einsatz beendet.<\/p>\n<p>Mit uns im Einsatz war ebenfalls die<br \/>\nPolizei Nordhessen, ASB Regionalverband Kassel-Nordhessen, DRK Region Kassel e.V..<br \/><\/p>\n","protected":false},"author":2,"featured_media":0,"template":"","meta":{"einsatz_weight":1,"footnotes":""},"categories":[],"einsatzart":[3],"fahrzeug":[15,16,23],"exteinsatzmittel":[20,21,22],"alarmierungsart":[77,38],"evw_unit":[],"class_list":["post-3023","einsatz","type-einsatz","status-publish","hentry","einsatzart-brandeinsatz","fahrzeug-gw-l","fahrzeug-hlf","fahrzeug-stlf","exteinsatzmittel-notarzt","exteinsatzmittel-polizei","exteinsatzmittel-rettungsdienst","alarmierungsart-alamos","alarmierungsart-pager"],"_links":{"self":[{"href":"https:\/\/feuerwehr-espenau.de\/index.php\/wp-json\/wp\/v2\/einsatz\/3023","targetHints":{"allow":["GET"]}}],"collection":[{"href":"https:\/\/feuerwehr-espenau.de\/index.php\/wp-json\/wp\/v2\/einsatz"}],"about":[{"href":"https:\/\/feuerwehr-espenau.de\/index.php\/wp-json\/wp\/v2\/types\/einsatz"}],"author":[{"embeddable":true,"href":"https:\/\/feuerwehr-espenau.de\/index.php\/wp-json\/wp\/v2\/users\/2"}],"version-history":[{"count":2,"href":"https:\/\/feuerwehr-espenau.de\/index.php\/wp-json\/wp\/v2\/einsatz\/3023\/revisions"}],"predecessor-version":[{"id":3025,"href":"https:\/\/feuerwehr-espenau.de\/index.php\/wp-json\/wp\/v2\/einsatz\/3023\/revisions\/3025"}],"wp:attachment":[{"href":"https:\/\/feuerwehr-espenau.de\/index.php\/wp-json\/wp\/v2\/media?parent=3023"}],"wp:term":[{"taxonomy":"category","embeddable":true,"href":"https:\/\/feuerwehr-espenau.de\/index.php\/wp-json\/wp\/v2\/categories?post=3023"},{"taxonomy":"einsatzart","embeddable":true,"href":"https:\/\/feuerwehr-espenau.de\/index.php\/wp-json\/wp\/v2\/einsatzart?post=3023"},{"taxonomy":"fahrzeug","embeddable":true,"href":"https:\/\/feuerwehr-espenau.de\/index.php\/wp-json\/wp\/v2\/fahrzeug?post=3023"},{"taxonomy":"exteinsatzmittel","embeddable":true,"href":"https:\/\/feuerwehr-espenau.de\/index.php\/wp-json\/wp\/v2\/exteinsatzmittel?post=3023"},{"taxonomy":"alarmierungsart","embeddable":true,"href":"https:\/\/feuerwehr-espenau.de\/index.php\/wp-json\/wp\/v2\/alarmierungsart?post=3023"},{"taxonomy":"evw_unit","embeddable":true,"href":"https:\/\/feuerwehr-espenau.de\/index.php\/wp-json\/wp\/v2\/evw_unit?post=3023"}],"curies":[{"name":"wp","href":"https:\/\/api.w.org\/{rel}","templated":true}]}}

<p>
        <strong>Datum:</strong> 18.03.2024<br />
        <strong>Einsatznummer:</strong> 07-2024<br />
	<strong>Alarmzeit:</strong> 5:53 Uhr<br />
	<strong>Alarmierungsart:</strong> Alamos, Pager<br />
	<strong>Art: </strong><span style="color: #db5432">Brandeinsatz</span><br />
	<strong>Einsatzort:</strong> Espenau-Hohenkirchen</p>
<p>	<strong>Fahrzeuge:</strong> <a href="https://feuerwehr-espenau.de/index.php/ueber-uns/fahrzeuge/hilfeleistungsloeschgruppenfahrzeug/" title="Mehr Informationen zu Hilfeleistungslöschgruppenfahrzeug 20/16">Hilfeleistungslöschgruppenfahrzeug 20/16</a>, <a href="https://feuerwehr-espenau.de/index.php/ueber-uns/fahrzeuge/staffelloeschfahrzeug/" title="Mehr Informationen zu Staffellöschfahrzeug 20/25">Staffellöschfahrzeug 20/25</a>, <a href="https://feuerwehr-espenau.de/index.php/ueber-uns/fahrzeuge/geraetewagen-logistik-1/" title="Mehr Informationen zu Gerätewagen Logistik 1">Gerätewagen Logistik 1</a></p>
<p>	<strong>Weitere Kräfte:</strong> <a href="https://www.kassel.de/einrichtungen/feuerwehr/rubrik2-1/index.php" title="Mehr Informationen zu Notarzt" target="_blank">Notarzt</a>, <a href="https://ppnh.polizei.hessen.de/Startseite/" title="Mehr Informationen zu Polizei" target="_blank">Polizei</a>, <a href="https://www.kassel.de/einrichtungen/feuerwehr/rubrik2-1/index.php" title="Mehr Informationen zu Rettungsdienst" target="_blank">Rettungsdienst</a>
</p>
<hr>
<h2>Einsatzbericht:</h2>
<p>Am 18.03.2024, gegen 06:00 Uhr, wurde durch einen aufmerksamen Autofahrer ein brennender PKW in einer Hauseinfahrt festgestellt.<br />
Ein Kamerad, nach der Alarmierung auf dem Weg ins Feuerwehrhaus, erkannte die gefährliche Situation und lies das Alarmstichwort auf „F2 &#8211; Brand in Gebäude“, erhöhen.<br />
Bei Eintreffen der ersten Kräfte hatten die Bewohner das Haus bereits verlassen, der PKW und eine Mülltonne standen in Vollbrand. Das Feuer drohte auf die Fassade des Hauses überzugreifen.<br />
Umgehend wurden zwei Trupps unter Atemschutz zur Brandbekämpfung eingesetzt.<br />
Ebenfalls wurde eine Riegelstellung zwischen PKW und Wohnhaus aufgebaut, um eine Brandausbreitung zu verhindern.<br />
Ein Flammenüberschlag auf das Gebäude konnte dadurch unterbunden werden, jedoch der PKW und die Mülltonne brannten vollständig aus.<br />
Die Hausfassade wurde lediglich durch die Hitze beschädigt.</p>
<p>Nach ca. 2 Std war der Einsatz beendet.</p>
<p>Mit uns im Einsatz war ebenfalls die<br />
Polizei Nordhessen, ASB Regionalverband Kassel-Nordhessen, DRK Region Kassel e.V..<br /></p>
