{"id":3240,"date":"2025-01-24T13:50:00","date_gmt":"2025-01-24T12:50:00","guid":{"rendered":"https:\/\/feuerwehr-espenau.de\/?post_type=einsatz&#038;p=3240"},"modified":"2025-01-28T11:43:09","modified_gmt":"2025-01-28T10:43:09","slug":"h1-hilfstransport","status":"publish","type":"einsatz","link":"https:\/\/feuerwehr-espenau.de\/index.php\/einsatzberichte\/h1-hilfstransport\/","title":{"rendered":"H1 \/ Hilfstransport"},"content":{"rendered":"<p>\n        <strong>Datum:<\/strong> 24.01.2025<br \/>\n        <strong>Einsatznummer:<\/strong> 04-2025<br \/>\n\t<strong>Alarmzeit:<\/strong> 13:50 Uhr<br \/>\n\t<strong>Alarmierungsart:<\/strong> Telefonisch\/Fax<br \/>\n\t<strong>Art: <\/strong><span style=\"color: #1e73be\">Technische Hilfeleistung<\/span><br \/>\n\t<strong>Einsatzort:<\/strong> Westuffeln<\/p>\n<p>\t<strong>Fahrzeuge:<\/strong> <a href=\"https:\/\/feuerwehr-espenau.de\/index.php\/ueber-uns\/fahrzeuge\/geraetewagen-logistik-1\/\" title=\"Mehr Informationen zu Ger\u00e4tewagen Logistik 1\">Ger\u00e4tewagen Logistik 1<\/a><\/p>\n<p>\t<strong>Weitere Kr\u00e4fte:<\/strong> <a href=\"https:\/\/ppnh.polizei.hessen.de\/Startseite\/\" title=\"Mehr Informationen zu Polizei\" target=\"_blank\">Polizei<\/a>, <a href=\"https:\/\/www.kassel.de\/einrichtungen\/feuerwehr\/rubrik2-1\/index.php\" title=\"Mehr Informationen zu Rettungsdienst\" target=\"_blank\">Rettungsdienst<\/a>\n<\/p>\n<hr>\n<h2>Einsatzbericht:<\/h2>\n<p>Am Freitag den 24. Januar, wurden die Sachspenden der Stadt Immenhausen, Gemeinde Calden sowie Espenau nach Westuffeln in das Zwischenlager f\u00fcr den finalen Transport in die Ukraine gebracht. Es handelte sich um 5 Paletten Stellpl\u00e4tze mit feuerwehrtechnischem Inhalt und 2 Leitern, welche von den Feuerwehren nicht mehr eingesetzt werden d\u00fcrfen.<\/p>\n<p>Gerade wieder an der Wache angekommen, erhielten wir von der Leitstelle Kassel die Information, dass ein Radfahrer im Kreisel Sch\u00e4ferberg schwer gest\u00fcrzt sei. Umgehend r\u00fcckten wir zur Erkundung, aus. Erst eintreffend, konnte wir festellen, dass der Radfahrer bereits durch mehrere Ersthelfer versorgt wurde. Der alarmierte Rettungswagen sowie die Polizei kamen auch wenige Sekunden sp\u00e4ter an.<br \/>\nNachdem der Patient im RTW verbracht war, haben wir die Einsatzstelle an die Polizei Nordhessen \u00fcbergeben und sind wieder einger\u00fcckt.<\/p>\n<p>Unverhofft kommt eben oft.<br \/><\/p>\n","protected":false},"author":2,"featured_media":0,"template":"","meta":{"einsatz_weight":1,"footnotes":""},"categories":[],"einsatzart":[25],"fahrzeug":[15],"exteinsatzmittel":[21,22],"alarmierungsart":[27],"evw_unit":[],"class_list":["post-3240","einsatz","type-einsatz","status-publish","hentry","einsatzart-technische-hilfeleistung","fahrzeug-gw-l","exteinsatzmittel-polizei","exteinsatzmittel-rettungsdienst","alarmierungsart-telefonisch-fax"],"_links":{"self":[{"href":"https:\/\/feuerwehr-espenau.de\/index.php\/wp-json\/wp\/v2\/einsatz\/3240","targetHints":{"allow":["GET"]}}],"collection":[{"href":"https:\/\/feuerwehr-espenau.de\/index.php\/wp-json\/wp\/v2\/einsatz"}],"about":[{"href":"https:\/\/feuerwehr-espenau.de\/index.php\/wp-json\/wp\/v2\/types\/einsatz"}],"author":[{"embeddable":true,"href":"https:\/\/feuerwehr-espenau.de\/index.php\/wp-json\/wp\/v2\/users\/2"}],"version-history":[{"count":7,"href":"https:\/\/feuerwehr-espenau.de\/index.php\/wp-json\/wp\/v2\/einsatz\/3240\/revisions"}],"predecessor-version":[{"id":3247,"href":"https:\/\/feuerwehr-espenau.de\/index.php\/wp-json\/wp\/v2\/einsatz\/3240\/revisions\/3247"}],"wp:attachment":[{"href":"https:\/\/feuerwehr-espenau.de\/index.php\/wp-json\/wp\/v2\/media?parent=3240"}],"wp:term":[{"taxonomy":"category","embeddable":true,"href":"https:\/\/feuerwehr-espenau.de\/index.php\/wp-json\/wp\/v2\/categories?post=3240"},{"taxonomy":"einsatzart","embeddable":true,"href":"https:\/\/feuerwehr-espenau.de\/index.php\/wp-json\/wp\/v2\/einsatzart?post=3240"},{"taxonomy":"fahrzeug","embeddable":true,"href":"https:\/\/feuerwehr-espenau.de\/index.php\/wp-json\/wp\/v2\/fahrzeug?post=3240"},{"taxonomy":"exteinsatzmittel","embeddable":true,"href":"https:\/\/feuerwehr-espenau.de\/index.php\/wp-json\/wp\/v2\/exteinsatzmittel?post=3240"},{"taxonomy":"alarmierungsart","embeddable":true,"href":"https:\/\/feuerwehr-espenau.de\/index.php\/wp-json\/wp\/v2\/alarmierungsart?post=3240"},{"taxonomy":"evw_unit","embeddable":true,"href":"https:\/\/feuerwehr-espenau.de\/index.php\/wp-json\/wp\/v2\/evw_unit?post=3240"}],"curies":[{"name":"wp","href":"https:\/\/api.w.org\/{rel}","templated":true}]}}

<p>
        <strong>Datum:</strong> 24.01.2025<br />
        <strong>Einsatznummer:</strong> 04-2025<br />
	<strong>Alarmzeit:</strong> 13:50 Uhr<br />
	<strong>Alarmierungsart:</strong> Telefonisch/Fax<br />
	<strong>Art: </strong><span style="color: #1e73be">Technische Hilfeleistung</span><br />
	<strong>Einsatzort:</strong> Westuffeln</p>
<p>	<strong>Fahrzeuge:</strong> <a href="https://feuerwehr-espenau.de/index.php/ueber-uns/fahrzeuge/geraetewagen-logistik-1/" title="Mehr Informationen zu Gerätewagen Logistik 1">Gerätewagen Logistik 1</a></p>
<p>	<strong>Weitere Kräfte:</strong> <a href="https://ppnh.polizei.hessen.de/Startseite/" title="Mehr Informationen zu Polizei" target="_blank">Polizei</a>, <a href="https://www.kassel.de/einrichtungen/feuerwehr/rubrik2-1/index.php" title="Mehr Informationen zu Rettungsdienst" target="_blank">Rettungsdienst</a>
</p>
<hr>
<h2>Einsatzbericht:</h2>
<p>Am Freitag den 24. Januar, wurden die Sachspenden der Stadt Immenhausen, Gemeinde Calden sowie Espenau nach Westuffeln in das Zwischenlager für den finalen Transport in die Ukraine gebracht. Es handelte sich um 5 Paletten Stellplätze mit feuerwehrtechnischem Inhalt und 2 Leitern, welche von den Feuerwehren nicht mehr eingesetzt werden dürfen.</p>
<p>Gerade wieder an der Wache angekommen, erhielten wir von der Leitstelle Kassel die Information, dass ein Radfahrer im Kreisel Schäferberg schwer gestürzt sei. Umgehend rückten wir zur Erkundung, aus. Erst eintreffend, konnte wir festellen, dass der Radfahrer bereits durch mehrere Ersthelfer versorgt wurde. Der alarmierte Rettungswagen sowie die Polizei kamen auch wenige Sekunden später an.<br />
Nachdem der Patient im RTW verbracht war, haben wir die Einsatzstelle an die Polizei Nordhessen übergeben und sind wieder eingerückt.</p>
<p>Unverhofft kommt eben oft.<br /></p>
