{"id":3280,"date":"2025-03-20T19:26:00","date_gmt":"2025-03-20T18:26:00","guid":{"rendered":"https:\/\/feuerwehr-espenau.de\/?post_type=einsatz&#038;p=3280"},"modified":"2025-03-26T15:16:56","modified_gmt":"2025-03-26T14:16:56","slug":"f2y-brand-in-gebaeude-5","status":"publish","type":"einsatz","link":"https:\/\/feuerwehr-espenau.de\/index.php\/einsatzberichte\/f2y-brand-in-gebaeude-5\/","title":{"rendered":"F2Y \/ Brand in Geb\u00e4ude"},"content":{"rendered":"<p>\n        <strong>Datum:<\/strong> 20.03.2025<br \/>\n        <strong>Einsatznummer:<\/strong> 11-2025<br \/>\n\t<strong>Alarmzeit:<\/strong> 19:26 Uhr<br \/>\n\t<strong>Alarmierungsart:<\/strong> Vollalarm<br \/>\n\t<strong>Art: <\/strong><span style=\"color: #db5432\">Brandeinsatz<\/span><br \/>\n\t<strong>Einsatzort:<\/strong> Espenau-Hohenkirchen<\/p>\n<p>\t<strong>Fahrzeuge:<\/strong> <a href=\"https:\/\/feuerwehr-espenau.de\/index.php\/ueber-uns\/fahrzeuge\/staffelloeschfahrzeug\/\" title=\"Mehr Informationen zu Staffell\u00f6schfahrzeug 20\/25\">Staffell\u00f6schfahrzeug 20\/25<\/a>, <a href=\"https:\/\/feuerwehr-espenau.de\/index.php\/ueber-uns\/fahrzeuge\/geraetewagen-logistik-1\/\" title=\"Mehr Informationen zu Ger\u00e4tewagen Logistik 1\">Ger\u00e4tewagen Logistik 1<\/a><\/p>\n<p>\t<strong>Weitere Kr\u00e4fte:<\/strong> <a href=\"https:\/\/www.feuerwehr-immenhausen.de\/\" title=\"Mehr Informationen zu Feuerwehr Immenhausen\" target=\"_blank\">Feuerwehr Immenhausen<\/a>, <a href=\"https:\/\/www.kassel.de\/einrichtungen\/feuerwehr\/rubrik2-1\/index.php\" title=\"Mehr Informationen zu Rettungsdienst\" target=\"_blank\">Rettungsdienst<\/a>\n<\/p>\n<hr>\n<h2>Einsatzbericht:<\/h2>\n<p>Am 20. M\u00e4rz, gegen 12:20 Uhr, kam es zu einem Geb\u00e4udebrand im Ortsteil Hohenkirchen.<br \/>\nDaraufhin wurden wir \u00fcber Vollalarm und zeitgleich die Feuerwehr Immenhausen alarmiert.<br \/>\nDie erste Erkundung des Einsatzleiters vor Ort best\u00e4tigte das Meldebild der Leitstelle &#8211; starke Rauchentwicklung im Mehrfamilienhaus. Alle Personen hatten das Geb\u00e4ude bei unserer Ankunft bereits verlassen und wurden vom Rettungsdienst betreut.<br \/>\nUmgehend wurde ein Trupp unter Atemschutz zur Brandbek\u00e4mpfung eingesetzt. Parallel wurde durch die FF Immenhausen eine Abluft\u00f6ffnung von au\u00dfen geschaffen, sowie die Drehleiter in Stellung gebracht. Weitere Atemschutztrupps standen ebenfalls in Bereitstellung.<br \/>\nZ\u00fcgig konnte das Feuer durch den eingesetzten Trupp gefunden und gel\u00f6scht werden. Abschlie\u00dfend wurde ein Druckbel\u00fcfter zur vollst\u00e4ndigen Entrauchung eingesetzt und die Wohnung mit der W\u00e4rmbildkamera kontrolliert.<br \/>\nDurch die extreme Hitzeentwicklung und Rauchausbreitung ist die Brandwohnung jedoch bis auf weiteres nicht bewohnbar. Verletzt wurde niemand, allerdings entstand ein h\u00f6herer Sachschaden.<br \/>\nWie es zu dem Brand kam, ist bislang ungekl\u00e4rt.<\/p>\n<p>Danke an die Freiwillige Feuerwehr Immenhausen f\u00fcr die tatkr\u00e4ftige Unterst\u00fctzung!<br \/>\nEbenfalls mit im Einsatz war ein Rettungswagen, ein Notarzt und die Polizei Nordhessen.<br \/><\/p>\n","protected":false},"author":2,"featured_media":0,"template":"","meta":{"einsatz_weight":1,"footnotes":""},"categories":[],"einsatzart":[3],"fahrzeug":[15,23],"exteinsatzmittel":[10,22],"alarmierungsart":[31],"evw_unit":[],"class_list":["post-3280","einsatz","type-einsatz","status-publish","hentry","einsatzart-brandeinsatz","fahrzeug-gw-l","fahrzeug-stlf","exteinsatzmittel-feuerwehr-immenhausen","exteinsatzmittel-rettungsdienst","alarmierungsart-vollalarm"],"_links":{"self":[{"href":"https:\/\/feuerwehr-espenau.de\/index.php\/wp-json\/wp\/v2\/einsatz\/3280","targetHints":{"allow":["GET"]}}],"collection":[{"href":"https:\/\/feuerwehr-espenau.de\/index.php\/wp-json\/wp\/v2\/einsatz"}],"about":[{"href":"https:\/\/feuerwehr-espenau.de\/index.php\/wp-json\/wp\/v2\/types\/einsatz"}],"author":[{"embeddable":true,"href":"https:\/\/feuerwehr-espenau.de\/index.php\/wp-json\/wp\/v2\/users\/2"}],"version-history":[{"count":2,"href":"https:\/\/feuerwehr-espenau.de\/index.php\/wp-json\/wp\/v2\/einsatz\/3280\/revisions"}],"predecessor-version":[{"id":3290,"href":"https:\/\/feuerwehr-espenau.de\/index.php\/wp-json\/wp\/v2\/einsatz\/3280\/revisions\/3290"}],"wp:attachment":[{"href":"https:\/\/feuerwehr-espenau.de\/index.php\/wp-json\/wp\/v2\/media?parent=3280"}],"wp:term":[{"taxonomy":"category","embeddable":true,"href":"https:\/\/feuerwehr-espenau.de\/index.php\/wp-json\/wp\/v2\/categories?post=3280"},{"taxonomy":"einsatzart","embeddable":true,"href":"https:\/\/feuerwehr-espenau.de\/index.php\/wp-json\/wp\/v2\/einsatzart?post=3280"},{"taxonomy":"fahrzeug","embeddable":true,"href":"https:\/\/feuerwehr-espenau.de\/index.php\/wp-json\/wp\/v2\/fahrzeug?post=3280"},{"taxonomy":"exteinsatzmittel","embeddable":true,"href":"https:\/\/feuerwehr-espenau.de\/index.php\/wp-json\/wp\/v2\/exteinsatzmittel?post=3280"},{"taxonomy":"alarmierungsart","embeddable":true,"href":"https:\/\/feuerwehr-espenau.de\/index.php\/wp-json\/wp\/v2\/alarmierungsart?post=3280"},{"taxonomy":"evw_unit","embeddable":true,"href":"https:\/\/feuerwehr-espenau.de\/index.php\/wp-json\/wp\/v2\/evw_unit?post=3280"}],"curies":[{"name":"wp","href":"https:\/\/api.w.org\/{rel}","templated":true}]}}

F2Y / Brand in Gebäude

<p>
        <strong>Datum:</strong> 20.03.2025<br />
        <strong>Einsatznummer:</strong> 11-2025<br />
	<strong>Alarmzeit:</strong> 19:26 Uhr<br />
	<strong>Alarmierungsart:</strong> Vollalarm<br />
	<strong>Art: </strong><span style="color: #db5432">Brandeinsatz</span><br />
	<strong>Einsatzort:</strong> Espenau-Hohenkirchen</p>
<p>	<strong>Fahrzeuge:</strong> <a href="https://feuerwehr-espenau.de/index.php/ueber-uns/fahrzeuge/staffelloeschfahrzeug/" title="Mehr Informationen zu Staffellöschfahrzeug 20/25">Staffellöschfahrzeug 20/25</a>, <a href="https://feuerwehr-espenau.de/index.php/ueber-uns/fahrzeuge/geraetewagen-logistik-1/" title="Mehr Informationen zu Gerätewagen Logistik 1">Gerätewagen Logistik 1</a></p>
<p>	<strong>Weitere Kräfte:</strong> <a href="https://www.feuerwehr-immenhausen.de/" title="Mehr Informationen zu Feuerwehr Immenhausen" target="_blank">Feuerwehr Immenhausen</a>, <a href="https://www.kassel.de/einrichtungen/feuerwehr/rubrik2-1/index.php" title="Mehr Informationen zu Rettungsdienst" target="_blank">Rettungsdienst</a>
</p>
<hr>
<h2>Einsatzbericht:</h2>
<p>Am 20. März, gegen 12:20 Uhr, kam es zu einem Gebäudebrand im Ortsteil Hohenkirchen.<br />
Daraufhin wurden wir über Vollalarm und zeitgleich die Feuerwehr Immenhausen alarmiert.<br />
Die erste Erkundung des Einsatzleiters vor Ort bestätigte das Meldebild der Leitstelle &#8211; starke Rauchentwicklung im Mehrfamilienhaus. Alle Personen hatten das Gebäude bei unserer Ankunft bereits verlassen und wurden vom Rettungsdienst betreut.<br />
Umgehend wurde ein Trupp unter Atemschutz zur Brandbekämpfung eingesetzt. Parallel wurde durch die FF Immenhausen eine Abluftöffnung von außen geschaffen, sowie die Drehleiter in Stellung gebracht. Weitere Atemschutztrupps standen ebenfalls in Bereitstellung.<br />
Zügig konnte das Feuer durch den eingesetzten Trupp gefunden und gelöscht werden. Abschließend wurde ein Druckbelüfter zur vollständigen Entrauchung eingesetzt und die Wohnung mit der Wärmbildkamera kontrolliert.<br />
Durch die extreme Hitzeentwicklung und Rauchausbreitung ist die Brandwohnung jedoch bis auf weiteres nicht bewohnbar. Verletzt wurde niemand, allerdings entstand ein höherer Sachschaden.<br />
Wie es zu dem Brand kam, ist bislang ungeklärt.</p>
<p>Danke an die Freiwillige Feuerwehr Immenhausen für die tatkräftige Unterstützung!<br />
Ebenfalls mit im Einsatz war ein Rettungswagen, ein Notarzt und die Polizei Nordhessen.<br /></p>
