{"id":3295,"date":"2025-03-29T15:23:00","date_gmt":"2025-03-29T14:23:00","guid":{"rendered":"https:\/\/feuerwehr-espenau.de\/?post_type=einsatz&#038;p=3295"},"modified":"2025-03-31T07:55:35","modified_gmt":"2025-03-31T05:55:35","slug":"hklemm1y-verkehrsunfall","status":"publish","type":"einsatz","link":"https:\/\/feuerwehr-espenau.de\/index.php\/einsatzberichte\/hklemm1y-verkehrsunfall\/","title":{"rendered":"HKlemm1Y \/ Verkehrsunfall"},"content":{"rendered":"<p>\n        <strong>Datum:<\/strong> 29.03.2025<br \/>\n        <strong>Einsatznummer:<\/strong> 14-2025<br \/>\n\t<strong>Alarmzeit:<\/strong> 15:23 Uhr<br \/>\n\t<strong>Alarmierungsart:<\/strong> Alamos, Pager<br \/>\n\t<strong>Art: <\/strong><span style=\"color: #1e73be\">Technische Hilfeleistung<\/span><br \/>\n\t<strong>Einsatzort:<\/strong> Calden<\/p>\n<p>\t<strong>Fahrzeuge:<\/strong> <a href=\"https:\/\/feuerwehr-espenau.de\/index.php\/ueber-uns\/fahrzeuge\/staffelloeschfahrzeug\/\" title=\"Mehr Informationen zu Staffell\u00f6schfahrzeug 20\/25\">Staffell\u00f6schfahrzeug 20\/25<\/a><\/p>\n<p>\t<strong>Weitere Kr\u00e4fte:<\/strong> <a href=\"http:\/\/www.feuerwehr-calden.de\" title=\"Mehr Informationen zu Feuerwehr Calden\" target=\"_blank\">Feuerwehr Calden<\/a>\n<\/p>\n<hr>\n<h2>Einsatzbericht:<\/h2>\n<p>Am Samstag, den 29. M\u00e4rz, gegen 15:23 Uhr wurden wir mit der Feuerwehr Calden zu einem Verkehrsunfall alarmiert. An der Einsatzstelle angekommen, mussten wir jedoch nicht weiter t\u00e4tig werden und konnten zeitnah wieder einr\u00fccken.<\/p>\n<p>Seit dem 17.03. werden wir zus\u00e4tzlich ab bestimmten Stichw\u00f6rtern zur Unterst\u00fctzung der Feuerwehr Calden, aufgrund der vielen Baustellen in der Ortslage, bis diese abgeschlossen sind, zusammen in den Ortsteil Calden alarmiert.<br \/><\/p>\n","protected":false},"author":2,"featured_media":0,"template":"","meta":{"einsatz_weight":1,"footnotes":""},"categories":[],"einsatzart":[25],"fahrzeug":[23],"exteinsatzmittel":[42],"alarmierungsart":[77,38],"evw_unit":[],"class_list":["post-3295","einsatz","type-einsatz","status-publish","hentry","einsatzart-technische-hilfeleistung","fahrzeug-stlf","exteinsatzmittel-feuerwehr-calden","alarmierungsart-alamos","alarmierungsart-pager"],"_links":{"self":[{"href":"https:\/\/feuerwehr-espenau.de\/index.php\/wp-json\/wp\/v2\/einsatz\/3295","targetHints":{"allow":["GET"]}}],"collection":[{"href":"https:\/\/feuerwehr-espenau.de\/index.php\/wp-json\/wp\/v2\/einsatz"}],"about":[{"href":"https:\/\/feuerwehr-espenau.de\/index.php\/wp-json\/wp\/v2\/types\/einsatz"}],"author":[{"embeddable":true,"href":"https:\/\/feuerwehr-espenau.de\/index.php\/wp-json\/wp\/v2\/users\/2"}],"version-history":[{"count":2,"href":"https:\/\/feuerwehr-espenau.de\/index.php\/wp-json\/wp\/v2\/einsatz\/3295\/revisions"}],"predecessor-version":[{"id":3297,"href":"https:\/\/feuerwehr-espenau.de\/index.php\/wp-json\/wp\/v2\/einsatz\/3295\/revisions\/3297"}],"wp:attachment":[{"href":"https:\/\/feuerwehr-espenau.de\/index.php\/wp-json\/wp\/v2\/media?parent=3295"}],"wp:term":[{"taxonomy":"category","embeddable":true,"href":"https:\/\/feuerwehr-espenau.de\/index.php\/wp-json\/wp\/v2\/categories?post=3295"},{"taxonomy":"einsatzart","embeddable":true,"href":"https:\/\/feuerwehr-espenau.de\/index.php\/wp-json\/wp\/v2\/einsatzart?post=3295"},{"taxonomy":"fahrzeug","embeddable":true,"href":"https:\/\/feuerwehr-espenau.de\/index.php\/wp-json\/wp\/v2\/fahrzeug?post=3295"},{"taxonomy":"exteinsatzmittel","embeddable":true,"href":"https:\/\/feuerwehr-espenau.de\/index.php\/wp-json\/wp\/v2\/exteinsatzmittel?post=3295"},{"taxonomy":"alarmierungsart","embeddable":true,"href":"https:\/\/feuerwehr-espenau.de\/index.php\/wp-json\/wp\/v2\/alarmierungsart?post=3295"},{"taxonomy":"evw_unit","embeddable":true,"href":"https:\/\/feuerwehr-espenau.de\/index.php\/wp-json\/wp\/v2\/evw_unit?post=3295"}],"curies":[{"name":"wp","href":"https:\/\/api.w.org\/{rel}","templated":true}]}}

<p>
        <strong>Datum:</strong> 29.03.2025<br />
        <strong>Einsatznummer:</strong> 14-2025<br />
	<strong>Alarmzeit:</strong> 15:23 Uhr<br />
	<strong>Alarmierungsart:</strong> Alamos, Pager<br />
	<strong>Art: </strong><span style="color: #1e73be">Technische Hilfeleistung</span><br />
	<strong>Einsatzort:</strong> Calden</p>
<p>	<strong>Fahrzeuge:</strong> <a href="https://feuerwehr-espenau.de/index.php/ueber-uns/fahrzeuge/staffelloeschfahrzeug/" title="Mehr Informationen zu Staffellöschfahrzeug 20/25">Staffellöschfahrzeug 20/25</a></p>
<p>	<strong>Weitere Kräfte:</strong> <a href="http://www.feuerwehr-calden.de" title="Mehr Informationen zu Feuerwehr Calden" target="_blank">Feuerwehr Calden</a>
</p>
<hr>
<h2>Einsatzbericht:</h2>
<p>Am Samstag, den 29. März, gegen 15:23 Uhr wurden wir mit der Feuerwehr Calden zu einem Verkehrsunfall alarmiert. An der Einsatzstelle angekommen, mussten wir jedoch nicht weiter tätig werden und konnten zeitnah wieder einrücken.</p>
<p>Seit dem 17.03. werden wir zusätzlich ab bestimmten Stichwörtern zur Unterstützung der Feuerwehr Calden, aufgrund der vielen Baustellen in der Ortslage, bis diese abgeschlossen sind, zusammen in den Ortsteil Calden alarmiert.<br /></p>
