{"id":3378,"date":"2025-08-10T06:58:00","date_gmt":"2025-08-10T04:58:00","guid":{"rendered":"https:\/\/feuerwehr-espenau.de\/?post_type=einsatz&#038;p=3378"},"modified":"2025-08-11T07:57:39","modified_gmt":"2025-08-11T05:57:39","slug":"frwm-ausgeloester-heimrauchwarnmelder","status":"publish","type":"einsatz","link":"https:\/\/feuerwehr-espenau.de\/index.php\/einsatzberichte\/frwm-ausgeloester-heimrauchwarnmelder\/","title":{"rendered":"FRWM \/ ausgel\u00f6ster Heimrauchwarnmelder"},"content":{"rendered":"<p>\n        <strong>Datum:<\/strong> 10.08.2025<br \/>\n        <strong>Einsatznummer:<\/strong> 27-2025<br \/>\n\t<strong>Alarmzeit:<\/strong> 6:58 Uhr<br \/>\n\t<strong>Alarmierungsart:<\/strong> Alamos, Pager<br \/>\n\t<strong>Art: <\/strong><span style=\"color: #db5432\">Brandeinsatz<\/span><br \/>\n\t<strong>Einsatzort:<\/strong> Espenau-Hohenkirchen<\/p>\n<p>\t<strong>Fahrzeuge:<\/strong> <a href=\"https:\/\/feuerwehr-espenau.de\/index.php\/ueber-uns\/fahrzeuge\/staffelloeschfahrzeug\/\" title=\"Mehr Informationen zu Staffell\u00f6schfahrzeug 20\/25\">Staffell\u00f6schfahrzeug 20\/25<\/a><\/p>\n<p>\t<strong>Weitere Kr\u00e4fte:<\/strong> &#8211;\n<\/p>\n<hr>\n<h2>Einsatzbericht:<\/h2>\n<p>Aufgrund eines ausgel\u00f6sten Rauchmelders wurden wir am 10. August, gegen 07:00 Uhr alarmiert. Durch ein gekipptes Fenster war das akustische Signal wahrnehmbar.<br \/>\nBei unserem Eintreffen gabs schnell Entwarnung &#8211; die Bewohner waren zu Hause, kein Feuer.<br \/>\nEin technischer Defekt am Rauchmelder war vermutlich der Grund f\u00fcr sein Ausl\u00f6sen.<br \/>\nP\u00fcnktlich zum Fr\u00fchst\u00fcck r\u00fcckten wir wieder ein.<br \/><\/p>\n","protected":false},"author":2,"featured_media":0,"template":"","meta":{"einsatz_weight":1,"footnotes":""},"categories":[],"einsatzart":[3],"fahrzeug":[23],"exteinsatzmittel":[61],"alarmierungsart":[77,38],"evw_unit":[],"class_list":["post-3378","einsatz","type-einsatz","status-publish","hentry","einsatzart-brandeinsatz","fahrzeug-stlf","exteinsatzmittel-61","alarmierungsart-alamos","alarmierungsart-pager"],"_links":{"self":[{"href":"https:\/\/feuerwehr-espenau.de\/index.php\/wp-json\/wp\/v2\/einsatz\/3378","targetHints":{"allow":["GET"]}}],"collection":[{"href":"https:\/\/feuerwehr-espenau.de\/index.php\/wp-json\/wp\/v2\/einsatz"}],"about":[{"href":"https:\/\/feuerwehr-espenau.de\/index.php\/wp-json\/wp\/v2\/types\/einsatz"}],"author":[{"embeddable":true,"href":"https:\/\/feuerwehr-espenau.de\/index.php\/wp-json\/wp\/v2\/users\/2"}],"version-history":[{"count":1,"href":"https:\/\/feuerwehr-espenau.de\/index.php\/wp-json\/wp\/v2\/einsatz\/3378\/revisions"}],"predecessor-version":[{"id":3379,"href":"https:\/\/feuerwehr-espenau.de\/index.php\/wp-json\/wp\/v2\/einsatz\/3378\/revisions\/3379"}],"wp:attachment":[{"href":"https:\/\/feuerwehr-espenau.de\/index.php\/wp-json\/wp\/v2\/media?parent=3378"}],"wp:term":[{"taxonomy":"category","embeddable":true,"href":"https:\/\/feuerwehr-espenau.de\/index.php\/wp-json\/wp\/v2\/categories?post=3378"},{"taxonomy":"einsatzart","embeddable":true,"href":"https:\/\/feuerwehr-espenau.de\/index.php\/wp-json\/wp\/v2\/einsatzart?post=3378"},{"taxonomy":"fahrzeug","embeddable":true,"href":"https:\/\/feuerwehr-espenau.de\/index.php\/wp-json\/wp\/v2\/fahrzeug?post=3378"},{"taxonomy":"exteinsatzmittel","embeddable":true,"href":"https:\/\/feuerwehr-espenau.de\/index.php\/wp-json\/wp\/v2\/exteinsatzmittel?post=3378"},{"taxonomy":"alarmierungsart","embeddable":true,"href":"https:\/\/feuerwehr-espenau.de\/index.php\/wp-json\/wp\/v2\/alarmierungsart?post=3378"},{"taxonomy":"evw_unit","embeddable":true,"href":"https:\/\/feuerwehr-espenau.de\/index.php\/wp-json\/wp\/v2\/evw_unit?post=3378"}],"curies":[{"name":"wp","href":"https:\/\/api.w.org\/{rel}","templated":true}]}}

FRWM / ausgelöster Heimrauchwarnmelder

<p>
        <strong>Datum:</strong> 10.08.2025<br />
        <strong>Einsatznummer:</strong> 27-2025<br />
	<strong>Alarmzeit:</strong> 6:58 Uhr<br />
	<strong>Alarmierungsart:</strong> Alamos, Pager<br />
	<strong>Art: </strong><span style="color: #db5432">Brandeinsatz</span><br />
	<strong>Einsatzort:</strong> Espenau-Hohenkirchen</p>
<p>	<strong>Fahrzeuge:</strong> <a href="https://feuerwehr-espenau.de/index.php/ueber-uns/fahrzeuge/staffelloeschfahrzeug/" title="Mehr Informationen zu Staffellöschfahrzeug 20/25">Staffellöschfahrzeug 20/25</a></p>
<p>	<strong>Weitere Kräfte:</strong> &#8211;
</p>
<hr>
<h2>Einsatzbericht:</h2>
<p>Aufgrund eines ausgelösten Rauchmelders wurden wir am 10. August, gegen 07:00 Uhr alarmiert. Durch ein gekipptes Fenster war das akustische Signal wahrnehmbar.<br />
Bei unserem Eintreffen gabs schnell Entwarnung &#8211; die Bewohner waren zu Hause, kein Feuer.<br />
Ein technischer Defekt am Rauchmelder war vermutlich der Grund für sein Auslösen.<br />
Pünktlich zum Frühstück rückten wir wieder ein.<br /></p>
