{"id":3390,"date":"2025-08-29T20:08:00","date_gmt":"2025-08-29T18:08:00","guid":{"rendered":"https:\/\/feuerwehr-espenau.de\/?post_type=einsatz&#038;p=3390"},"modified":"2025-09-01T11:01:58","modified_gmt":"2025-09-01T09:01:58","slug":"fbmas-brandmeldeanlage-sonderobjekt","status":"publish","type":"einsatz","link":"https:\/\/feuerwehr-espenau.de\/index.php\/einsatzberichte\/fbmas-brandmeldeanlage-sonderobjekt\/","title":{"rendered":"FBMAS \/ Brandmeldeanlage Sonderobjekt"},"content":{"rendered":"<p>\n        <strong>Datum:<\/strong> 29.08.2025<br \/>\n        <strong>Einsatznummer:<\/strong> 29-2025<br \/>\n\t<strong>Alarmzeit:<\/strong> 20:08 Uhr<br \/>\n\t<strong>Alarmierungsart:<\/strong> Alamos, Pager<br \/>\n\t<strong>Art: <\/strong><span style=\"color: #db5432\">Brandeinsatz<\/span><br \/>\n\t<strong>Einsatzort:<\/strong> Espenau-M\u00f6nchehof<\/p>\n<p>\t<strong>Fahrzeuge:<\/strong> <a href=\"https:\/\/feuerwehr-espenau.de\/index.php\/ueber-uns\/fahrzeuge\/staffelloeschfahrzeug\/\" title=\"Mehr Informationen zu Staffell\u00f6schfahrzeug 20\/25\">Staffell\u00f6schfahrzeug 20\/25<\/a><\/p>\n<p>\t<strong>Weitere Kr\u00e4fte:<\/strong> &#8211;\n<\/p>\n<hr>\n<h2>Einsatzbericht:<\/h2>\n<div class=\"x14z9mp xat24cr x1lziwak x1vvkbs xtlvy1s x126k92a\">\n<div dir=\"auto\">Kurz nachdem die Jugendfeuerwehr ihren \u00dcbungsdienst am 29. August, um 20:00 Uhr beendet hatte, erreichte uns eine Alarmierung zu einer ausgel\u00f6sten Brandmeldeanlage.<\/div>\n<div dir=\"auto\">Im \u00f6rtlichen Seniorenheim l\u00f6ste die Anlage, wie sich nach gr\u00fcndlicher Erkundung herausstellte, aufgrund eines Falschalarms aus. Wir setzten die Anlage zur\u00fcck und r\u00fcckten schlie\u00dflich wieder ein.<\/div>\n<\/div>\n<p><\/p>\n","protected":false},"author":8,"featured_media":0,"template":"","meta":{"einsatz_weight":1,"footnotes":""},"categories":[],"einsatzart":[3],"fahrzeug":[23],"exteinsatzmittel":[61],"alarmierungsart":[77,38],"evw_unit":[],"class_list":["post-3390","einsatz","type-einsatz","status-publish","hentry","einsatzart-brandeinsatz","fahrzeug-stlf","exteinsatzmittel-61","alarmierungsart-alamos","alarmierungsart-pager"],"_links":{"self":[{"href":"https:\/\/feuerwehr-espenau.de\/index.php\/wp-json\/wp\/v2\/einsatz\/3390","targetHints":{"allow":["GET"]}}],"collection":[{"href":"https:\/\/feuerwehr-espenau.de\/index.php\/wp-json\/wp\/v2\/einsatz"}],"about":[{"href":"https:\/\/feuerwehr-espenau.de\/index.php\/wp-json\/wp\/v2\/types\/einsatz"}],"author":[{"embeddable":true,"href":"https:\/\/feuerwehr-espenau.de\/index.php\/wp-json\/wp\/v2\/users\/8"}],"version-history":[{"count":3,"href":"https:\/\/feuerwehr-espenau.de\/index.php\/wp-json\/wp\/v2\/einsatz\/3390\/revisions"}],"predecessor-version":[{"id":3397,"href":"https:\/\/feuerwehr-espenau.de\/index.php\/wp-json\/wp\/v2\/einsatz\/3390\/revisions\/3397"}],"wp:attachment":[{"href":"https:\/\/feuerwehr-espenau.de\/index.php\/wp-json\/wp\/v2\/media?parent=3390"}],"wp:term":[{"taxonomy":"category","embeddable":true,"href":"https:\/\/feuerwehr-espenau.de\/index.php\/wp-json\/wp\/v2\/categories?post=3390"},{"taxonomy":"einsatzart","embeddable":true,"href":"https:\/\/feuerwehr-espenau.de\/index.php\/wp-json\/wp\/v2\/einsatzart?post=3390"},{"taxonomy":"fahrzeug","embeddable":true,"href":"https:\/\/feuerwehr-espenau.de\/index.php\/wp-json\/wp\/v2\/fahrzeug?post=3390"},{"taxonomy":"exteinsatzmittel","embeddable":true,"href":"https:\/\/feuerwehr-espenau.de\/index.php\/wp-json\/wp\/v2\/exteinsatzmittel?post=3390"},{"taxonomy":"alarmierungsart","embeddable":true,"href":"https:\/\/feuerwehr-espenau.de\/index.php\/wp-json\/wp\/v2\/alarmierungsart?post=3390"},{"taxonomy":"evw_unit","embeddable":true,"href":"https:\/\/feuerwehr-espenau.de\/index.php\/wp-json\/wp\/v2\/evw_unit?post=3390"}],"curies":[{"name":"wp","href":"https:\/\/api.w.org\/{rel}","templated":true}]}}

<p>
        <strong>Datum:</strong> 29.08.2025<br />
        <strong>Einsatznummer:</strong> 29-2025<br />
	<strong>Alarmzeit:</strong> 20:08 Uhr<br />
	<strong>Alarmierungsart:</strong> Alamos, Pager<br />
	<strong>Art: </strong><span style="color: #db5432">Brandeinsatz</span><br />
	<strong>Einsatzort:</strong> Espenau-Mönchehof</p>
<p>	<strong>Fahrzeuge:</strong> <a href="https://feuerwehr-espenau.de/index.php/ueber-uns/fahrzeuge/staffelloeschfahrzeug/" title="Mehr Informationen zu Staffellöschfahrzeug 20/25">Staffellöschfahrzeug 20/25</a></p>
<p>	<strong>Weitere Kräfte:</strong> &#8211;
</p>
<hr>
<h2>Einsatzbericht:</h2>
<div class="x14z9mp xat24cr x1lziwak x1vvkbs xtlvy1s x126k92a">
<div dir="auto">Kurz nachdem die Jugendfeuerwehr ihren Übungsdienst am 29. August, um 20:00 Uhr beendet hatte, erreichte uns eine Alarmierung zu einer ausgelösten Brandmeldeanlage.</div>
<div dir="auto">Im örtlichen Seniorenheim löste die Anlage, wie sich nach gründlicher Erkundung herausstellte, aufgrund eines Falschalarms aus. Wir setzten die Anlage zurück und rückten schließlich wieder ein.</div>
</div>
<p></p>
