{"id":3495,"date":"2025-11-28T18:13:00","date_gmt":"2025-11-28T17:13:00","guid":{"rendered":"https:\/\/feuerwehr-espenau.de\/?post_type=einsatz&#038;p=3495"},"modified":"2025-12-01T08:57:16","modified_gmt":"2025-12-01T07:57:16","slug":"crash_2c-sonderlage-iuk-gruppe","status":"publish","type":"einsatz","link":"https:\/\/feuerwehr-espenau.de\/index.php\/einsatzberichte\/crash_2c-sonderlage-iuk-gruppe\/","title":{"rendered":"CRASH_2C \/ Sonderlage (IuK-Gruppe)"},"content":{"rendered":"<p>\n        <strong>Datum:<\/strong> 28.11.2025<br \/>\n        <strong>Einsatznummer:<\/strong> 51-2025<br \/>\n\t<strong>Alarmzeit:<\/strong> 18:13 Uhr<br \/>\n\t<strong>Alarmierungsart:<\/strong> Alamos, Pager<br \/>\n\t<strong>Art: <\/strong><span style=\"color: #dd3333\">Einsatzf\u00fchrung \/ Koordination<\/span><br \/>\n\t<strong>Einsatzort:<\/strong> Calden<\/p>\n<p>\t<strong>Fahrzeuge:<\/strong> <a href=\"https:\/\/feuerwehr-espenau.de\/index.php\/ueber-uns\/fahrzeuge\/geraetewagen-information-kommunikation\/\" title=\"Mehr Informationen zu Ger\u00e4tewagen Information und Kommunikation\">Ger\u00e4tewagen Information und Kommunikation<\/a><\/p>\n<p>\t<strong>Weitere Kr\u00e4fte:<\/strong> <a href=\"http:\/\/www.facebook.com\/IuKLKKS\" title=\"Mehr Informationen zu TEL LK Kassel \/ IuK Gruppe\" target=\"_blank\">TEL LK Kassel \/ IuK Gruppe<\/a>\n<\/p>\n<hr>\n<h2>Einsatzbericht:<\/h2>\n<p>Am 28.11.25 wurde die technische Einsatzleitung nach Calden zum Flughafen, mit dem Stichwort CRASH 2C, alarmiert. Dort war ein Luftfahrzeug mit einem PKW kollidiert.<br \/>\nDer ELW2 und GW-IuK fuhren umgehend nach Calden zum Flughafen. Nach der Sondierung der Lage, wurde die Einsatzbereitschaft umgehend hergestellt. Das Reorganisieren der Kommunikationsstruktur und das Alarmieren von weiteren Kr\u00e4ften, waren die Hauptaufgabe.<br \/>\nDiese \u00dcbung war Teil der ICAO-Zertifizierung.<br \/>\nZweck der \u00dcbung ist es, das Zusammenspiel aller Rettungskr\u00e4fte, die Gew\u00e4hrleistung der Anfahrts- und Eingreifzeiten und den reibungslosen Ablauf f\u00fcr den Notfall zu trainieren.<br \/><\/p>\n","protected":false},"author":2,"featured_media":0,"template":"","meta":{"einsatz_weight":1,"footnotes":""},"categories":[],"einsatzart":[72],"fahrzeug":[14],"exteinsatzmittel":[26],"alarmierungsart":[77,38],"evw_unit":[],"class_list":["post-3495","einsatz","type-einsatz","status-publish","hentry","einsatzart-einsatzfuehrung-koordination","fahrzeug-gw-iuk","exteinsatzmittel-tel-lk-kassel-iuk-gruppe","alarmierungsart-alamos","alarmierungsart-pager"],"_links":{"self":[{"href":"https:\/\/feuerwehr-espenau.de\/index.php\/wp-json\/wp\/v2\/einsatz\/3495","targetHints":{"allow":["GET"]}}],"collection":[{"href":"https:\/\/feuerwehr-espenau.de\/index.php\/wp-json\/wp\/v2\/einsatz"}],"about":[{"href":"https:\/\/feuerwehr-espenau.de\/index.php\/wp-json\/wp\/v2\/types\/einsatz"}],"author":[{"embeddable":true,"href":"https:\/\/feuerwehr-espenau.de\/index.php\/wp-json\/wp\/v2\/users\/2"}],"version-history":[{"count":2,"href":"https:\/\/feuerwehr-espenau.de\/index.php\/wp-json\/wp\/v2\/einsatz\/3495\/revisions"}],"predecessor-version":[{"id":3497,"href":"https:\/\/feuerwehr-espenau.de\/index.php\/wp-json\/wp\/v2\/einsatz\/3495\/revisions\/3497"}],"wp:attachment":[{"href":"https:\/\/feuerwehr-espenau.de\/index.php\/wp-json\/wp\/v2\/media?parent=3495"}],"wp:term":[{"taxonomy":"category","embeddable":true,"href":"https:\/\/feuerwehr-espenau.de\/index.php\/wp-json\/wp\/v2\/categories?post=3495"},{"taxonomy":"einsatzart","embeddable":true,"href":"https:\/\/feuerwehr-espenau.de\/index.php\/wp-json\/wp\/v2\/einsatzart?post=3495"},{"taxonomy":"fahrzeug","embeddable":true,"href":"https:\/\/feuerwehr-espenau.de\/index.php\/wp-json\/wp\/v2\/fahrzeug?post=3495"},{"taxonomy":"exteinsatzmittel","embeddable":true,"href":"https:\/\/feuerwehr-espenau.de\/index.php\/wp-json\/wp\/v2\/exteinsatzmittel?post=3495"},{"taxonomy":"alarmierungsart","embeddable":true,"href":"https:\/\/feuerwehr-espenau.de\/index.php\/wp-json\/wp\/v2\/alarmierungsart?post=3495"},{"taxonomy":"evw_unit","embeddable":true,"href":"https:\/\/feuerwehr-espenau.de\/index.php\/wp-json\/wp\/v2\/evw_unit?post=3495"}],"curies":[{"name":"wp","href":"https:\/\/api.w.org\/{rel}","templated":true}]}}

<p>
        <strong>Datum:</strong> 28.11.2025<br />
        <strong>Einsatznummer:</strong> 51-2025<br />
	<strong>Alarmzeit:</strong> 18:13 Uhr<br />
	<strong>Alarmierungsart:</strong> Alamos, Pager<br />
	<strong>Art: </strong><span style="color: #dd3333">Einsatzführung / Koordination</span><br />
	<strong>Einsatzort:</strong> Calden</p>
<p>	<strong>Fahrzeuge:</strong> <a href="https://feuerwehr-espenau.de/index.php/ueber-uns/fahrzeuge/geraetewagen-information-kommunikation/" title="Mehr Informationen zu Gerätewagen Information und Kommunikation">Gerätewagen Information und Kommunikation</a></p>
<p>	<strong>Weitere Kräfte:</strong> <a href="http://www.facebook.com/IuKLKKS" title="Mehr Informationen zu TEL LK Kassel / IuK Gruppe" target="_blank">TEL LK Kassel / IuK Gruppe</a>
</p>
<hr>
<h2>Einsatzbericht:</h2>
<p>Am 28.11.25 wurde die technische Einsatzleitung nach Calden zum Flughafen, mit dem Stichwort CRASH 2C, alarmiert. Dort war ein Luftfahrzeug mit einem PKW kollidiert.<br />
Der ELW2 und GW-IuK fuhren umgehend nach Calden zum Flughafen. Nach der Sondierung der Lage, wurde die Einsatzbereitschaft umgehend hergestellt. Das Reorganisieren der Kommunikationsstruktur und das Alarmieren von weiteren Kräften, waren die Hauptaufgabe.<br />
Diese Übung war Teil der ICAO-Zertifizierung.<br />
Zweck der Übung ist es, das Zusammenspiel aller Rettungskräfte, die Gewährleistung der Anfahrts- und Eingreifzeiten und den reibungslosen Ablauf für den Notfall zu trainieren.<br /></p>
