{"id":776,"date":"2018-01-18T13:35:00","date_gmt":"2018-01-18T12:35:00","guid":{"rendered":"http:\/\/feuerwehr-espenau.eu\/?post_type=einsatz&#038;p=776"},"modified":"2018-04-20T18:30:42","modified_gmt":"2018-04-20T16:30:42","slug":"garagendach-abgedeck","status":"publish","type":"einsatz","link":"https:\/\/feuerwehr-espenau.de\/index.php\/einsatzberichte\/garagendach-abgedeck\/","title":{"rendered":"Garagendach abgedeck"},"content":{"rendered":"<p>\n        <strong>Datum:<\/strong> 18.01.2018<br \/>\n        <strong>Einsatznummer:<\/strong> 06-2018<br \/>\n\t<strong>Alarmzeit:<\/strong> 13:35 Uhr<br \/>\n\t<strong>Alarmierungsart:<\/strong> Telefonisch\/Fax<br \/>\n\t<strong>Art: <\/strong><span style=\"color: #1e73be\">Technische Hilfeleistung<\/span><br \/>\n\t<strong>Einsatzort:<\/strong> Espenau-Hohenkirchen<\/p>\n<p>\t<strong>Fahrzeuge:<\/strong> <a href=\"https:\/\/feuerwehr-espenau.de\/index.php\/ueber-uns\/fahrzeuge\/hilfeleistungsloeschgruppenfahrzeug\/\" title=\"Mehr Informationen zu Hilfeleistungsl\u00f6schgruppenfahrzeug 20\/16\">Hilfeleistungsl\u00f6schgruppenfahrzeug 20\/16<\/a><\/p>\n<p>\t<strong>Weitere Kr\u00e4fte:<\/strong> <a href=\"https:\/\/www.feuerwehr-stadt-vellmar.de\" title=\"Mehr Informationen zu Feuerwehr Vellmar\" target=\"_blank\">Feuerwehr Vellmar<\/a>\n<\/p>\n<hr>\n<h2>Einsatzbericht:<\/h2>\n<p>Am 18.01.18 ab 13:00 Uhr fegte Sturm Friederike auch durch Espenau und sorgte f\u00fcr 5 Eins\u00e4tze f\u00fcr die Feuerwehr. Mehrere B\u00e4ume lagen auf Stra\u00dfen und in einem Fall wurde ein Dach von einer Garage zerst\u00f6rt. Gegen ca. 18 Uhr war der letzte Einsatz abgearbeitet.<br \/><\/p>\n","protected":false},"author":2,"featured_media":0,"template":"","meta":{"einsatz_weight":1,"footnotes":""},"categories":[],"einsatzart":[25],"fahrzeug":[16],"exteinsatzmittel":[11],"alarmierungsart":[27],"evw_unit":[],"class_list":["post-776","einsatz","type-einsatz","status-publish","hentry","einsatzart-technische-hilfeleistung","fahrzeug-hlf","exteinsatzmittel-feuerwehr-vellmar","alarmierungsart-telefonisch-fax"],"_links":{"self":[{"href":"https:\/\/feuerwehr-espenau.de\/index.php\/wp-json\/wp\/v2\/einsatz\/776","targetHints":{"allow":["GET"]}}],"collection":[{"href":"https:\/\/feuerwehr-espenau.de\/index.php\/wp-json\/wp\/v2\/einsatz"}],"about":[{"href":"https:\/\/feuerwehr-espenau.de\/index.php\/wp-json\/wp\/v2\/types\/einsatz"}],"author":[{"embeddable":true,"href":"https:\/\/feuerwehr-espenau.de\/index.php\/wp-json\/wp\/v2\/users\/2"}],"version-history":[{"count":1,"href":"https:\/\/feuerwehr-espenau.de\/index.php\/wp-json\/wp\/v2\/einsatz\/776\/revisions"}],"predecessor-version":[{"id":777,"href":"https:\/\/feuerwehr-espenau.de\/index.php\/wp-json\/wp\/v2\/einsatz\/776\/revisions\/777"}],"wp:attachment":[{"href":"https:\/\/feuerwehr-espenau.de\/index.php\/wp-json\/wp\/v2\/media?parent=776"}],"wp:term":[{"taxonomy":"category","embeddable":true,"href":"https:\/\/feuerwehr-espenau.de\/index.php\/wp-json\/wp\/v2\/categories?post=776"},{"taxonomy":"einsatzart","embeddable":true,"href":"https:\/\/feuerwehr-espenau.de\/index.php\/wp-json\/wp\/v2\/einsatzart?post=776"},{"taxonomy":"fahrzeug","embeddable":true,"href":"https:\/\/feuerwehr-espenau.de\/index.php\/wp-json\/wp\/v2\/fahrzeug?post=776"},{"taxonomy":"exteinsatzmittel","embeddable":true,"href":"https:\/\/feuerwehr-espenau.de\/index.php\/wp-json\/wp\/v2\/exteinsatzmittel?post=776"},{"taxonomy":"alarmierungsart","embeddable":true,"href":"https:\/\/feuerwehr-espenau.de\/index.php\/wp-json\/wp\/v2\/alarmierungsart?post=776"},{"taxonomy":"evw_unit","embeddable":true,"href":"https:\/\/feuerwehr-espenau.de\/index.php\/wp-json\/wp\/v2\/evw_unit?post=776"}],"curies":[{"name":"wp","href":"https:\/\/api.w.org\/{rel}","templated":true}]}}

<p>
        <strong>Datum:</strong> 18.01.2018<br />
        <strong>Einsatznummer:</strong> 06-2018<br />
	<strong>Alarmzeit:</strong> 13:35 Uhr<br />
	<strong>Alarmierungsart:</strong> Telefonisch/Fax<br />
	<strong>Art: </strong><span style="color: #1e73be">Technische Hilfeleistung</span><br />
	<strong>Einsatzort:</strong> Espenau-Hohenkirchen</p>
<p>	<strong>Fahrzeuge:</strong> <a href="https://feuerwehr-espenau.de/index.php/ueber-uns/fahrzeuge/hilfeleistungsloeschgruppenfahrzeug/" title="Mehr Informationen zu Hilfeleistungslöschgruppenfahrzeug 20/16">Hilfeleistungslöschgruppenfahrzeug 20/16</a></p>
<p>	<strong>Weitere Kräfte:</strong> <a href="https://www.feuerwehr-stadt-vellmar.de" title="Mehr Informationen zu Feuerwehr Vellmar" target="_blank">Feuerwehr Vellmar</a>
</p>
<hr>
<h2>Einsatzbericht:</h2>
<p>Am 18.01.18 ab 13:00 Uhr fegte Sturm Friederike auch durch Espenau und sorgte für 5 Einsätze für die Feuerwehr. Mehrere Bäume lagen auf Straßen und in einem Fall wurde ein Dach von einer Garage zerstört. Gegen ca. 18 Uhr war der letzte Einsatz abgearbeitet.<br /></p>
