{"id":794,"date":"2018-04-07T12:15:00","date_gmt":"2018-04-07T10:15:00","guid":{"rendered":"http:\/\/feuerwehr-espenau.eu\/?post_type=einsatz&#038;p=794"},"modified":"2018-04-20T18:44:33","modified_gmt":"2018-04-20T16:44:33","slug":"tueroeffnung-mit-dringlichkeit","status":"publish","type":"einsatz","link":"https:\/\/feuerwehr-espenau.de\/index.php\/einsatzberichte\/tueroeffnung-mit-dringlichkeit\/","title":{"rendered":"T\u00fcr\u00f6ffnung mit Dringlichkeit"},"content":{"rendered":"<p>\n        <strong>Datum:<\/strong> 07.04.2018<br \/>\n        <strong>Einsatznummer:<\/strong> 14-2018<br \/>\n\t<strong>Alarmzeit:<\/strong> 12:15 Uhr<br \/>\n\t<strong>Alarmierungsart:<\/strong> Funkmeldeempf\u00e4nger<br \/>\n\t<strong>Art: <\/strong><span style=\"color: #1e73be\">Technische Hilfeleistung<\/span><br \/>\n\t<strong>Einsatzort:<\/strong> Espenau-Hohenkirchen<\/p>\n<p>\t<strong>Fahrzeuge:<\/strong> <a href=\"https:\/\/feuerwehr-espenau.de\/index.php\/ueber-uns\/fahrzeuge\/hilfeleistungsloeschgruppenfahrzeug\/\" title=\"Mehr Informationen zu Hilfeleistungsl\u00f6schgruppenfahrzeug 20\/16\">Hilfeleistungsl\u00f6schgruppenfahrzeug 20\/16<\/a>, <a href=\"https:\/\/feuerwehr-espenau.de\/index.php\/ueber-uns\/fahrzeuge\/staffelloeschfahrzeug\/\" title=\"Mehr Informationen zu Staffell\u00f6schfahrzeug 20\/25\">Staffell\u00f6schfahrzeug 20\/25<\/a><\/p>\n<p>\t<strong>Weitere Kr\u00e4fte:<\/strong>\n<\/p>\n<hr>\n<h2>Einsatzbericht:<\/h2>\n<p>Am 07.04. gegen 12:15 Uhr wurden wir \u00fcber den Funkmeldeempf\u00e4nger zu einer T\u00fcr\u00f6ffnung in den Ortsteil Hohenkirchen alarmiert. Nach ca. 30 Minuten war der Einsatz f\u00fcr uns beendet.<br \/><\/p>\n","protected":false},"author":2,"featured_media":0,"template":"","meta":{"einsatz_weight":1,"footnotes":""},"categories":[],"einsatzart":[25],"fahrzeug":[16,23],"exteinsatzmittel":[],"alarmierungsart":[13],"evw_unit":[],"class_list":["post-794","einsatz","type-einsatz","status-publish","hentry","einsatzart-technische-hilfeleistung","fahrzeug-hlf","fahrzeug-stlf","alarmierungsart-funkmeldeempfaenger"],"_links":{"self":[{"href":"https:\/\/feuerwehr-espenau.de\/index.php\/wp-json\/wp\/v2\/einsatz\/794","targetHints":{"allow":["GET"]}}],"collection":[{"href":"https:\/\/feuerwehr-espenau.de\/index.php\/wp-json\/wp\/v2\/einsatz"}],"about":[{"href":"https:\/\/feuerwehr-espenau.de\/index.php\/wp-json\/wp\/v2\/types\/einsatz"}],"author":[{"embeddable":true,"href":"https:\/\/feuerwehr-espenau.de\/index.php\/wp-json\/wp\/v2\/users\/2"}],"version-history":[{"count":1,"href":"https:\/\/feuerwehr-espenau.de\/index.php\/wp-json\/wp\/v2\/einsatz\/794\/revisions"}],"predecessor-version":[{"id":795,"href":"https:\/\/feuerwehr-espenau.de\/index.php\/wp-json\/wp\/v2\/einsatz\/794\/revisions\/795"}],"wp:attachment":[{"href":"https:\/\/feuerwehr-espenau.de\/index.php\/wp-json\/wp\/v2\/media?parent=794"}],"wp:term":[{"taxonomy":"category","embeddable":true,"href":"https:\/\/feuerwehr-espenau.de\/index.php\/wp-json\/wp\/v2\/categories?post=794"},{"taxonomy":"einsatzart","embeddable":true,"href":"https:\/\/feuerwehr-espenau.de\/index.php\/wp-json\/wp\/v2\/einsatzart?post=794"},{"taxonomy":"fahrzeug","embeddable":true,"href":"https:\/\/feuerwehr-espenau.de\/index.php\/wp-json\/wp\/v2\/fahrzeug?post=794"},{"taxonomy":"exteinsatzmittel","embeddable":true,"href":"https:\/\/feuerwehr-espenau.de\/index.php\/wp-json\/wp\/v2\/exteinsatzmittel?post=794"},{"taxonomy":"alarmierungsart","embeddable":true,"href":"https:\/\/feuerwehr-espenau.de\/index.php\/wp-json\/wp\/v2\/alarmierungsart?post=794"},{"taxonomy":"evw_unit","embeddable":true,"href":"https:\/\/feuerwehr-espenau.de\/index.php\/wp-json\/wp\/v2\/evw_unit?post=794"}],"curies":[{"name":"wp","href":"https:\/\/api.w.org\/{rel}","templated":true}]}}

Türöffnung mit Dringlichkeit

<p>
        <strong>Datum:</strong> 07.04.2018<br />
        <strong>Einsatznummer:</strong> 14-2018<br />
	<strong>Alarmzeit:</strong> 12:15 Uhr<br />
	<strong>Alarmierungsart:</strong> Funkmeldeempfänger<br />
	<strong>Art: </strong><span style="color: #1e73be">Technische Hilfeleistung</span><br />
	<strong>Einsatzort:</strong> Espenau-Hohenkirchen</p>
<p>	<strong>Fahrzeuge:</strong> <a href="https://feuerwehr-espenau.de/index.php/ueber-uns/fahrzeuge/hilfeleistungsloeschgruppenfahrzeug/" title="Mehr Informationen zu Hilfeleistungslöschgruppenfahrzeug 20/16">Hilfeleistungslöschgruppenfahrzeug 20/16</a>, <a href="https://feuerwehr-espenau.de/index.php/ueber-uns/fahrzeuge/staffelloeschfahrzeug/" title="Mehr Informationen zu Staffellöschfahrzeug 20/25">Staffellöschfahrzeug 20/25</a></p>
<p>	<strong>Weitere Kräfte:</strong>
</p>
<hr>
<h2>Einsatzbericht:</h2>
<p>Am 07.04. gegen 12:15 Uhr wurden wir über den Funkmeldeempfänger zu einer Türöffnung in den Ortsteil Hohenkirchen alarmiert. Nach ca. 30 Minuten war der Einsatz für uns beendet.<br /></p>
